{"id":2174,"date":"2021-11-16T08:20:14","date_gmt":"2021-11-16T07:20:14","guid":{"rendered":"https:\/\/www.parthages.be\/eboutique\/?post_type=product&#038;p=2174"},"modified":"2022-02-18T10:29:00","modified_gmt":"2022-02-18T09:29:00","slug":"une-ecole-pour-tous-2","status":"publish","type":"product","link":"https:\/\/www.parthages.be\/eboutique\/produit\/une-ecole-pour-tous-2\/","title":{"rendered":"Une \u00e9cole pour tous"},"content":{"rendered":"<p>Malgr\u00e9 les progr\u00e8s r\u00e9alis\u00e9s pour favoriser l&rsquo;insertion sociale de ces \u00e9l\u00e8ves et la diminution substantielle des classes dites \u00ab sp\u00e9cialis\u00e9es \u00bb, plusieurs d\u00e9fis subsistent afin d&rsquo;assurer l&rsquo;inclusion du plus grand nombre d&rsquo;\u00e9l\u00e8ves dans les \u00e9coles qu\u00e9b\u00e9coises. En effet, les changements structurels et p\u00e9dagogiques n\u00e9cessaires s&rsquo;annoncent difficiles dans un contexte contradictoire o\u00f9 l&rsquo;on semble pr\u00f4ner l&rsquo;inclusion tout en exigeant la m\u00eame r\u00e9ussite scolaire traditionnelle pour tous les enfants.<\/p>\n<p>Les auteurs s&rsquo;attardent notamment \u00e0 la fa\u00e7on de contourner les obstacles des apprenants et aux ressources pouvant \u00eatre mobilis\u00e9es pour diminuer les exclusions et permettre aux enfants handicap\u00e9s ou en difficult\u00e9 d&rsquo;apprendre et de s&rsquo;\u00e9panouir davantage. (Pr\u00e9sentation de l&rsquo;\u00e9diteur (Pr\u00e9sentation de l&rsquo;\u00e9diteur)<\/p>\n<p>LEONARD R.<\/p>\n<p>CHU Sainte-Justine<\/p>\n<p>2013-170p.-21\u20ac<\/p>\n<p>220gr<\/p>\n<p>ISBN\u00a0: 978-2-89619-634-0<\/p>\n<p>Cote doc\u00a0: 4-50-LEO-E<\/p>\n<span class=\"et_bloom_bottom_trigger\"><\/span>","protected":false},"excerpt":{"rendered":"<p>Malgr\u00e9 les progr\u00e8s r\u00e9alis\u00e9s pour favoriser l&rsquo;insertion sociale de ces \u00e9l\u00e8ves et la diminution substantielle des classes dites \u00ab sp\u00e9cialis\u00e9es \u00bb, plusieurs d\u00e9fis subsistent afin d&rsquo;assurer l&rsquo;inclusion du plus grand nombre d&rsquo;\u00e9l\u00e8ves dans les \u00e9coles qu\u00e9b\u00e9coises.<\/p>\n","protected":false},"featured_media":2175,"comment_status":"closed","ping_status":"closed","template":"","meta":{"_et_pb_use_builder":"","_et_pb_old_content":"","_et_gb_content_width":"","spay_email":""},"class_list":["post-2174","product","type-product","status-publish","has-post-thumbnail","hentry","product_cat-livres","product_cat-livres-jeunesse","product_tag-accompagnement","product_tag-competence-parentale","product_tag-difficulte-scolaire","product_tag-enfant","product_tag-integration","product_tag-personne-handicapee","product_tag-readaptation","product_tag-trouble-de-lapprentissage"],"jetpack_sharing_enabled":true,"jetpack_likes_enabled":true,"_links":{"self":[{"href":"https:\/\/www.parthages.be\/eboutique\/wp-json\/wp\/v2\/product\/2174","targetHints":{"allow":["GET"]}}],"collection":[{"href":"https:\/\/www.parthages.be\/eboutique\/wp-json\/wp\/v2\/product"}],"about":[{"href":"https:\/\/www.parthages.be\/eboutique\/wp-json\/wp\/v2\/types\/product"}],"replies":[{"embeddable":true,"href":"https:\/\/www.parthages.be\/eboutique\/wp-json\/wp\/v2\/comments?post=2174"}],"wp:featuredmedia":[{"embeddable":true,"href":"https:\/\/www.parthages.be\/eboutique\/wp-json\/wp\/v2\/media\/2175"}],"wp:attachment":[{"href":"https:\/\/www.parthages.be\/eboutique\/wp-json\/wp\/v2\/media?parent=2174"}],"curies":[{"name":"wp","href":"https:\/\/api.w.org\/{rel}","templated":true}]}}

Une école pour tous

<p>Malgré les progrès réalisés pour favoriser l&rsquo;insertion sociale de ces élèves et la diminution substantielle des classes dites « spécialisées », plusieurs défis subsistent afin d&rsquo;assurer l&rsquo;inclusion du plus grand nombre d&rsquo;élèves dans les écoles québécoises. En effet, les changements structurels et pédagogiques nécessaires s&rsquo;annoncent difficiles dans un contexte contradictoire où l&rsquo;on semble prôner l&rsquo;inclusion tout en exigeant la même réussite scolaire traditionnelle pour tous les enfants.</p>
<p>Les auteurs s&rsquo;attardent notamment à la façon de contourner les obstacles des apprenants et aux ressources pouvant être mobilisées pour diminuer les exclusions et permettre aux enfants handicapés ou en difficulté d&rsquo;apprendre et de s&rsquo;épanouir davantage. (Présentation de l&rsquo;éditeur (Présentation de l&rsquo;éditeur)</p>
<p>LEONARD R.</p>
<p>CHU Sainte-Justine</p>
<p>2013-170p.-21€</p>
<p>220gr</p>
<p>ISBN : 978-2-89619-634-0</p>
<p>Cote doc : 4-50-LEO-E</p>
<span class="et_bloom_bottom_trigger"></span>

<p>Malgré les progrès réalisés pour favoriser l&rsquo;insertion sociale de ces élèves et la diminution substantielle des classes dites « spécialisées », plusieurs défis subsistent afin d&rsquo;assurer l&rsquo;inclusion du plus grand nombre d&rsquo;élèves dans les écoles québécoises.</p>
