{"id":2186,"date":"2021-11-16T08:30:06","date_gmt":"2021-11-16T07:30:06","guid":{"rendered":"https:\/\/www.parthages.be\/eboutique\/?post_type=product&#038;p=2186"},"modified":"2022-03-23T17:08:13","modified_gmt":"2022-03-23T16:08:13","slug":"aider-les-enfants-en-difficulte-dapprentissage","status":"publish","type":"product","link":"https:\/\/www.parthages.be\/eboutique\/produit\/aider-les-enfants-en-difficulte-dapprentissage\/","title":{"rendered":"Aider les enfants en difficult\u00e9 d&rsquo;apprentissage"},"content":{"rendered":"<p>Cet ouvrage de Jean-Charles Juhel est un outil pratique qui a \u00e9t\u00e9 \u00e9labor\u00e9\u00a0tout particuli\u00e8rement \u00e0 l&rsquo;intention des parents, des intervenants et des p\u00e9dagogues\u00a0qui sont en contact, de pr\u00e8s ou de loin, avec un ou plusieurs enfants en difficult\u00e9 d&rsquo;apprentissage. Il offre la possibilit\u00e9 de mieux conna\u00eetre ces jeunes, de comprendre leurs attitudes et leurs r\u00e9actions et, par le fait m\u00eame, d&rsquo;\u00eatre en mesure d&rsquo;intervenir efficacement aupr\u00e8s d&rsquo;eux. (Pr\u00e9sentation de l\u2019\u00e9diteur)<\/p>\n<p>&nbsp;<\/p>\n<p>JUHEL J.<\/p>\n<p>Chronique Sociale- Presses de l&rsquo;universit\u00e9 de Laval<\/p>\n<p>1998-364p.-20.20\u20ac<\/p>\n<p>590gr<\/p>\n<p>ISBN\u00a0: 2-7637-7725-X<\/p>\n<p>Cote doc\u00a0: 4-50-JUH-A1<\/p>\n<span class=\"et_bloom_bottom_trigger\"><\/span>","protected":false},"excerpt":{"rendered":"<p>Cet ouvrage de Jean-Charles Juhel est un outil pratique qui a \u00e9t\u00e9 \u00e9labor\u00e9\u00a0tout particuli\u00e8rement \u00e0 l&rsquo;intention des parents, des intervenants et des p\u00e9dagogues\u00a0qui sont en contact, de pr\u00e8s ou de loin, avec un ou plusieurs enfants en difficult\u00e9 d&rsquo;apprentissage.<\/p>\n","protected":false},"featured_media":2187,"comment_status":"closed","ping_status":"closed","template":"","meta":{"_et_pb_use_builder":"","_et_pb_old_content":"","_et_gb_content_width":"","spay_email":""},"class_list":["post-2186","product","type-product","status-publish","has-post-thumbnail","hentry","product_cat-livres","product_tag-apprentissage","product_tag-communication","product_tag-deficience-auditive","product_tag-deficience-intellectuelle","product_tag-deficience-visuelle","product_tag-developpement","product_tag-dyslexie","product_tag-ecriture","product_tag-etiologie","product_tag-lecture","product_tag-personne-handicapee","product_tag-trouble-de-lapprentissage"],"jetpack_sharing_enabled":true,"jetpack_likes_enabled":true,"_links":{"self":[{"href":"https:\/\/www.parthages.be\/eboutique\/wp-json\/wp\/v2\/product\/2186","targetHints":{"allow":["GET"]}}],"collection":[{"href":"https:\/\/www.parthages.be\/eboutique\/wp-json\/wp\/v2\/product"}],"about":[{"href":"https:\/\/www.parthages.be\/eboutique\/wp-json\/wp\/v2\/types\/product"}],"replies":[{"embeddable":true,"href":"https:\/\/www.parthages.be\/eboutique\/wp-json\/wp\/v2\/comments?post=2186"}],"wp:featuredmedia":[{"embeddable":true,"href":"https:\/\/www.parthages.be\/eboutique\/wp-json\/wp\/v2\/media\/2187"}],"wp:attachment":[{"href":"https:\/\/www.parthages.be\/eboutique\/wp-json\/wp\/v2\/media?parent=2186"}],"curies":[{"name":"wp","href":"https:\/\/api.w.org\/{rel}","templated":true}]}}

Aider les enfants en difficulté d&rsquo;apprentissage

<p>Cet ouvrage de Jean-Charles Juhel est un outil pratique qui a été élaboré tout particulièrement à l&rsquo;intention des parents, des intervenants et des pédagogues qui sont en contact, de près ou de loin, avec un ou plusieurs enfants en difficulté d&rsquo;apprentissage. Il offre la possibilité de mieux connaître ces jeunes, de comprendre leurs attitudes et leurs réactions et, par le fait même, d&rsquo;être en mesure d&rsquo;intervenir efficacement auprès d&rsquo;eux. (Présentation de l’éditeur)</p>
<p>&nbsp;</p>
<p>JUHEL J.</p>
<p>Chronique Sociale- Presses de l&rsquo;université de Laval</p>
<p>1998-364p.-20.20€</p>
<p>590gr</p>
<p>ISBN : 2-7637-7725-X</p>
<p>Cote doc : 4-50-JUH-A1</p>
<span class="et_bloom_bottom_trigger"></span>

<p>Cet ouvrage de Jean-Charles Juhel est un outil pratique qui a été élaboré tout particulièrement à l&rsquo;intention des parents, des intervenants et des pédagogues qui sont en contact, de près ou de loin, avec un ou plusieurs enfants en difficulté d&rsquo;apprentissage.</p>
