{"id":2196,"date":"2021-11-23T14:34:15","date_gmt":"2021-11-23T13:34:15","guid":{"rendered":"https:\/\/www.parthages.be\/eboutique\/?post_type=product&#038;p=2196"},"modified":"2021-11-23T14:34:40","modified_gmt":"2021-11-23T13:34:40","slug":"art-dramatique-et-deficience-intellectuelle","status":"publish","type":"product","link":"https:\/\/www.parthages.be\/eboutique\/produit\/art-dramatique-et-deficience-intellectuelle\/","title":{"rendered":"Art dramatique et d\u00e9ficience intellectuelle"},"content":{"rendered":"<p>Cette journ\u00e9e-l\u00e0, j&rsquo;avais d\u00e9pos\u00e9 au sol une vingtaine d&rsquo;accessoires d&rsquo;art dramatique\u00a0: chapeaux, perruques, foulards, gants, nez de clown, sac \u00e0 main, etc. La consigne \u00e9tait de choisir un accessoire, de le porter et de cr\u00e9er un nouveau personnage avec un pr\u00e9nom fictif, une nouvelle voix et une nouvelle d\u00e9marche. Chaque personnage devrait se lever et se pr\u00e9senter \u00e0 ses coll\u00e8gues de classe. Soudainement, Alexis se leva et alla vers les accessoires. Il prit une \u00e9charpe rouge garnie de longues franges. Il l&rsquo;enroula autour de son cou, se mit tr\u00e8s droit face \u00e0 moi et d\u00e9clama\u00a0: \u00ab\u00a0Je suis le Roi\u00a0\u00bb. Puis il m&rsquo;a souri. Le groupe a applaudi, surpris d&rsquo;entendre Alexis parler et de le voir participer.<\/p>\n<p>Tel est le propos et le d\u00e9fi du pr\u00e9sent guide\u00a0:\u00a0d\u00e9montrer que l&rsquo;art dramatique agit comme un r\u00e9v\u00e9lateur aupr\u00e8s de la personne ayant une d\u00e9ficience intellectuelle.<strong>\u00a0<\/strong>L&rsquo;auteure sugg\u00e8re une approche originale pour rejoindre et accompagner les personnes ayant une d\u00e9ficience intellectuelle. Elle propose de voir l&rsquo;art dramatique comme une ressource p\u00e9dagogique, un nouveau moyen de d\u00e9velopper tout le potentiel de la personne dans les quatre sph\u00e8res de son d\u00e9veloppement\u00a0: affectif, cognitif, social et psychomoteur. Les intervenants auront ainsi l&rsquo;occasion de travailler avec les forces \u00e9mergentes de la personne ayant une d\u00e9ficience intellectuelle. (Pr\u00e9sentation de l\u2019\u00e9diteur)<\/p>\n<p>DOYON J.- JUHEL J.-C.<\/p>\n<p>Chronique sociale et Presses de l&rsquo;Universit\u00e9 Laval<\/p>\n<p>2008- 125p.-18.10\u20ac<\/p>\n<p>290gr<\/p>\n<p>ISBN: 978-2-7637-8456-4<\/p>\n<p>Cote doc: 4-50-DOY-A<\/p>\n<span class=\"et_bloom_bottom_trigger\"><\/span>","protected":false},"excerpt":{"rendered":"<p>Cette journ\u00e9e-l\u00e0, j&rsquo;avais d\u00e9pos\u00e9 au sol une vingtaine d&rsquo;accessoires d&rsquo;art dramatique\u00a0: chapeaux, perruques, foulards, gants, nez de clown, sac \u00e0 main, etc.<\/p>\n","protected":false},"featured_media":2197,"comment_status":"closed","ping_status":"closed","template":"","meta":{"_et_pb_use_builder":"","_et_pb_old_content":"","_et_gb_content_width":"","spay_email":""},"class_list":["post-2196","product","type-product","status-publish","has-post-thumbnail","hentry","product_cat-livres","product_tag-art","product_tag-autonomie","product_tag-deficience-intellectuelle","product_tag-developpement-cognitif","product_tag-developpement-psychoaffectif","product_tag-developpement-psychomoteur","product_tag-developpement-social","product_tag-outil-pedagogique","product_tag-participation"],"jetpack_sharing_enabled":true,"jetpack_likes_enabled":true,"_links":{"self":[{"href":"https:\/\/www.parthages.be\/eboutique\/wp-json\/wp\/v2\/product\/2196","targetHints":{"allow":["GET"]}}],"collection":[{"href":"https:\/\/www.parthages.be\/eboutique\/wp-json\/wp\/v2\/product"}],"about":[{"href":"https:\/\/www.parthages.be\/eboutique\/wp-json\/wp\/v2\/types\/product"}],"replies":[{"embeddable":true,"href":"https:\/\/www.parthages.be\/eboutique\/wp-json\/wp\/v2\/comments?post=2196"}],"wp:featuredmedia":[{"embeddable":true,"href":"https:\/\/www.parthages.be\/eboutique\/wp-json\/wp\/v2\/media\/2197"}],"wp:attachment":[{"href":"https:\/\/www.parthages.be\/eboutique\/wp-json\/wp\/v2\/media?parent=2196"}],"curies":[{"name":"wp","href":"https:\/\/api.w.org\/{rel}","templated":true}]}}

Art dramatique et déficience intellectuelle

<p>Cette journée-là, j&rsquo;avais déposé au sol une vingtaine d&rsquo;accessoires d&rsquo;art dramatique : chapeaux, perruques, foulards, gants, nez de clown, sac à main, etc. La consigne était de choisir un accessoire, de le porter et de créer un nouveau personnage avec un prénom fictif, une nouvelle voix et une nouvelle démarche. Chaque personnage devrait se lever et se présenter à ses collègues de classe. Soudainement, Alexis se leva et alla vers les accessoires. Il prit une écharpe rouge garnie de longues franges. Il l&rsquo;enroula autour de son cou, se mit très droit face à moi et déclama : « Je suis le Roi ». Puis il m&rsquo;a souri. Le groupe a applaudi, surpris d&rsquo;entendre Alexis parler et de le voir participer.</p>
<p>Tel est le propos et le défi du présent guide : démontrer que l&rsquo;art dramatique agit comme un révélateur auprès de la personne ayant une déficience intellectuelle.<strong> </strong>L&rsquo;auteure suggère une approche originale pour rejoindre et accompagner les personnes ayant une déficience intellectuelle. Elle propose de voir l&rsquo;art dramatique comme une ressource pédagogique, un nouveau moyen de développer tout le potentiel de la personne dans les quatre sphères de son développement : affectif, cognitif, social et psychomoteur. Les intervenants auront ainsi l&rsquo;occasion de travailler avec les forces émergentes de la personne ayant une déficience intellectuelle. (Présentation de l’éditeur)</p>
<p>DOYON J.- JUHEL J.-C.</p>
<p>Chronique sociale et Presses de l&rsquo;Université Laval</p>
<p>2008- 125p.-18.10€</p>
<p>290gr</p>
<p>ISBN: 978-2-7637-8456-4</p>
<p>Cote doc: 4-50-DOY-A</p>
<span class="et_bloom_bottom_trigger"></span>

<p>Cette journée-là, j&rsquo;avais déposé au sol une vingtaine d&rsquo;accessoires d&rsquo;art dramatique : chapeaux, perruques, foulards, gants, nez de clown, sac à main, etc.</p>
