{"id":2207,"date":"2021-11-23T14:45:41","date_gmt":"2021-11-23T13:45:41","guid":{"rendered":"https:\/\/www.parthages.be\/eboutique\/?post_type=product&#038;p=2207"},"modified":"2022-03-15T11:47:36","modified_gmt":"2022-03-15T10:47:36","slug":"le-handicap-en-classe-une-place-pour-le-tutorat-scolaire","status":"publish","type":"product","link":"https:\/\/www.parthages.be\/eboutique\/produit\/le-handicap-en-classe-une-place-pour-le-tutorat-scolaire\/","title":{"rendered":"Le handicap en classe : une place pour le tutorat scolaire ?"},"content":{"rendered":"<p>Le tutorat, une r\u00e9ponse possible \u00e0 apporter dans la prise en charge scolaire d&rsquo;un enfant handicap\u00e9 en classe ordinaire.<\/p>\n<p>La loi du 11 f\u00e9vrier 2005 permet, en France, \u00e0 un enseignant d&rsquo;avoir dans sa classe un ou plusieurs enfants handicap\u00e9s. Parmi toutes les situations d&rsquo;\u00e9changes entre \u00e9l\u00e8ves, les situations d&rsquo;entraide ont leur place \u00e0 l&rsquo;image du tutorat. Cette m\u00e9thode p\u00e9dagogique a alors pr\u00e9cis\u00e9ment pour vocation de contribuer \u00e0 l&rsquo;\u00e9volution et aux apprentissages de ces enfants handicap\u00e9s.<\/p>\n<p>Cet ouvrage vise \u00e0 apporter aux futurs enseignants ou aux enseignants qui accueillent des enfants handicap\u00e9s en int\u00e9gration, des \u00e9l\u00e9ments de r\u00e9flexion et d&rsquo;analyse pour une utilisation du tutorat mixte en classe (\u00e9l\u00e8ves handicap\u00e9s\/\u00e9l\u00e8ves non handicap\u00e9s). Le tutorat se pr\u00e9sente ainsi comme une r\u00e9ponse possible \u00e0 apporter dans la prise en charge scolaire d&rsquo;un enfant handicap\u00e9 en classe ordinaire.<\/p>\n<p>L&rsquo;activit\u00e9 tutorale pour les enfants handicap\u00e9s int\u00e9gr\u00e9s est abord\u00e9e dans cet ouvrage \u00e0 partir d&rsquo;une approche tr\u00e8s concr\u00e8te de situations mises en \u0153uvre en classe. Les apports et les limites sont pr\u00e9sent\u00e9s afin que le tutorat puisse devenir, au-del\u00e0 d&rsquo;un r\u00e9el outil p\u00e9dagogique au service des enseignants, une base de r\u00e9flexion relative aux \u00e9changes entre enfants handicap\u00e9s et enfants dits \u00ab\u00a0ordinaires\u00a0\u00bb. Des \u00e9changes qui peuvent s&rsquo;av\u00e9rer b\u00e9n\u00e9fiques pour chacun, c&rsquo;est ce que fait plut\u00f4t appara\u00eetre l&rsquo;examen des s\u00e9quences tutorales \u00e9tudi\u00e9es. (Pr\u00e9sentation de l&rsquo;\u00e9diteur)<\/p>\n<p>DAMBIEL-BIREPINTE E.- BAUDRIT A.<\/p>\n<p>De Boeck<\/p>\n<p>2008-132p-37\u20ac<\/p>\n<p>230gr<\/p>\n<p>ISBN\u00a0: 978-2-8041-5910-8<\/p>\n<p>Cote doc\u00a0:\u00a04-50-DAM-H<\/p>\n<span class=\"et_bloom_bottom_trigger\"><\/span>","protected":false},"excerpt":{"rendered":"<p>Le tutorat, une r\u00e9ponse possible \u00e0 apporter dans la prise en charge scolaire d&rsquo;un enfant handicap\u00e9 en classe ordinaire.<\/p>\n","protected":false},"featured_media":2208,"comment_status":"closed","ping_status":"closed","template":"","meta":{"_et_pb_use_builder":"","_et_pb_old_content":"","_et_gb_content_width":"","spay_email":""},"class_list":["post-2207","product","type-product","status-publish","has-post-thumbnail","hentry","product_cat-livres","product_cat-livres-jeunesse","product_tag-accueil-de-lenfant","product_tag-aide","product_tag-ecole","product_tag-enseignement-integre","product_tag-france","product_tag-integration","product_tag-legislation","product_tag-methode-pedagogique","product_tag-soutien-pedagogique","product_tag-surdite"],"jetpack_sharing_enabled":true,"jetpack_likes_enabled":true,"_links":{"self":[{"href":"https:\/\/www.parthages.be\/eboutique\/wp-json\/wp\/v2\/product\/2207","targetHints":{"allow":["GET"]}}],"collection":[{"href":"https:\/\/www.parthages.be\/eboutique\/wp-json\/wp\/v2\/product"}],"about":[{"href":"https:\/\/www.parthages.be\/eboutique\/wp-json\/wp\/v2\/types\/product"}],"replies":[{"embeddable":true,"href":"https:\/\/www.parthages.be\/eboutique\/wp-json\/wp\/v2\/comments?post=2207"}],"wp:featuredmedia":[{"embeddable":true,"href":"https:\/\/www.parthages.be\/eboutique\/wp-json\/wp\/v2\/media\/2208"}],"wp:attachment":[{"href":"https:\/\/www.parthages.be\/eboutique\/wp-json\/wp\/v2\/media?parent=2207"}],"curies":[{"name":"wp","href":"https:\/\/api.w.org\/{rel}","templated":true}]}}

<p>Le tutorat, une réponse possible à apporter dans la prise en charge scolaire d&rsquo;un enfant handicapé en classe ordinaire.</p>
<p>La loi du 11 février 2005 permet, en France, à un enseignant d&rsquo;avoir dans sa classe un ou plusieurs enfants handicapés. Parmi toutes les situations d&rsquo;échanges entre élèves, les situations d&rsquo;entraide ont leur place à l&rsquo;image du tutorat. Cette méthode pédagogique a alors précisément pour vocation de contribuer à l&rsquo;évolution et aux apprentissages de ces enfants handicapés.</p>
<p>Cet ouvrage vise à apporter aux futurs enseignants ou aux enseignants qui accueillent des enfants handicapés en intégration, des éléments de réflexion et d&rsquo;analyse pour une utilisation du tutorat mixte en classe (élèves handicapés/élèves non handicapés). Le tutorat se présente ainsi comme une réponse possible à apporter dans la prise en charge scolaire d&rsquo;un enfant handicapé en classe ordinaire.</p>
<p>L&rsquo;activité tutorale pour les enfants handicapés intégrés est abordée dans cet ouvrage à partir d&rsquo;une approche très concrète de situations mises en œuvre en classe. Les apports et les limites sont présentés afin que le tutorat puisse devenir, au-delà d&rsquo;un réel outil pédagogique au service des enseignants, une base de réflexion relative aux échanges entre enfants handicapés et enfants dits « ordinaires ». Des échanges qui peuvent s&rsquo;avérer bénéfiques pour chacun, c&rsquo;est ce que fait plutôt apparaître l&rsquo;examen des séquences tutorales étudiées. (Présentation de l&rsquo;éditeur)</p>
<p>DAMBIEL-BIREPINTE E.- BAUDRIT A.</p>
<p>De Boeck</p>
<p>2008-132p-37€</p>
<p>230gr</p>
<p>ISBN : 978-2-8041-5910-8</p>
<p>Cote doc : 4-50-DAM-H</p>
<span class="et_bloom_bottom_trigger"></span>

<p>Le tutorat, une réponse possible à apporter dans la prise en charge scolaire d&rsquo;un enfant handicapé en classe ordinaire.</p>
