{"id":2213,"date":"2021-11-23T14:48:17","date_gmt":"2021-11-23T13:48:17","guid":{"rendered":"https:\/\/www.parthages.be\/eboutique\/?post_type=product&#038;p=2213"},"modified":"2021-11-23T14:48:18","modified_gmt":"2021-11-23T13:48:18","slug":"je-suis-normal-tu-es-normale-qui-est-normal","status":"publish","type":"product","link":"https:\/\/www.parthages.be\/eboutique\/produit\/je-suis-normal-tu-es-normale-qui-est-normal\/","title":{"rendered":"Je suis normal  tu es normale qui est normal ?"},"content":{"rendered":"<p>Le manuel d&rsquo;enseignement \u00a0\u00bb Je suis normal, tu es normale, qui est normal ? \u00a0\u00bb offre la possibilit\u00e9 tant aux enseignant-e-s qu&rsquo;aux \u00e9l\u00e8ves de partir \u00e0 la rencontre des personnes en situation de handicap mental. Par ses nombreux exercices interactifs et de communication \u00e0 faire en classe, il donne aux apprenants la possibilit\u00e9 de mener une r\u00e9flexion sur leur propre personnalit\u00e9, de prendre conscience de leur valeur, mais aussi d&rsquo;entrer en contact avec des personnes mentalement handicap\u00e9es afin de r\u00e9fl\u00e9chir \u00e0 la notion de respect de l&rsquo;autre et \u00e0 la diff\u00e9rence. Cet ouvrage scolaire invite les enseignant-e-s et les \u00e9l\u00e8ves \u00e0 \u00e9largir leur vision du monde et d\u00e9couvrir la diversit\u00e9 humaine. (Pr\u00e9sentation de l\u2019\u00e9diteur)<\/p>\n<p>BURGI A.- FRANZ S.- KUNZLER A.- WERMELINGER R.<\/p>\n<p>Editions Medicine &amp; Hygiene<\/p>\n<p>2006- 101p.-20\u20ac<\/p>\n<p>335gr<\/p>\n<p>ISBN: 2-88049-225-4<\/p>\n<p>Cote doc: 4-50-BUR-J<\/p>\n<span class=\"et_bloom_bottom_trigger\"><\/span>","protected":false},"excerpt":{"rendered":"<p>Le manuel d&rsquo;enseignement \u00a0\u00bb Je suis normal, tu es normale, qui est normal ? \u00a0\u00bb offre la possibilit\u00e9 tant aux enseignant-e-s qu&rsquo;aux \u00e9l\u00e8ves de partir \u00e0 la rencontre des personnes en situation de handicap mental.<\/p>\n","protected":false},"featured_media":2214,"comment_status":"closed","ping_status":"closed","template":"","meta":{"_et_pb_use_builder":"","_et_pb_old_content":"","_et_gb_content_width":"","spay_email":""},"class_list":["post-2213","product","type-product","status-publish","has-post-thumbnail","hentry","product_cat-livres","product_tag-communication","product_tag-deficience-intellectuelle","product_tag-droit-a-la-difference","product_tag-enseignant","product_tag-handicap","product_tag-outil","product_tag-pedagogie","product_tag-perception","product_tag-regard","product_tag-scolarite","product_tag-sensibilisation"],"jetpack_sharing_enabled":true,"jetpack_likes_enabled":true,"_links":{"self":[{"href":"https:\/\/www.parthages.be\/eboutique\/wp-json\/wp\/v2\/product\/2213","targetHints":{"allow":["GET"]}}],"collection":[{"href":"https:\/\/www.parthages.be\/eboutique\/wp-json\/wp\/v2\/product"}],"about":[{"href":"https:\/\/www.parthages.be\/eboutique\/wp-json\/wp\/v2\/types\/product"}],"replies":[{"embeddable":true,"href":"https:\/\/www.parthages.be\/eboutique\/wp-json\/wp\/v2\/comments?post=2213"}],"wp:featuredmedia":[{"embeddable":true,"href":"https:\/\/www.parthages.be\/eboutique\/wp-json\/wp\/v2\/media\/2214"}],"wp:attachment":[{"href":"https:\/\/www.parthages.be\/eboutique\/wp-json\/wp\/v2\/media?parent=2213"}],"curies":[{"name":"wp","href":"https:\/\/api.w.org\/{rel}","templated":true}]}}

<p>Le manuel d&rsquo;enseignement  » Je suis normal, tu es normale, qui est normal ?  » offre la possibilité tant aux enseignant-e-s qu&rsquo;aux élèves de partir à la rencontre des personnes en situation de handicap mental. Par ses nombreux exercices interactifs et de communication à faire en classe, il donne aux apprenants la possibilité de mener une réflexion sur leur propre personnalité, de prendre conscience de leur valeur, mais aussi d&rsquo;entrer en contact avec des personnes mentalement handicapées afin de réfléchir à la notion de respect de l&rsquo;autre et à la différence. Cet ouvrage scolaire invite les enseignant-e-s et les élèves à élargir leur vision du monde et découvrir la diversité humaine. (Présentation de l’éditeur)</p>
<p>BURGI A.- FRANZ S.- KUNZLER A.- WERMELINGER R.</p>
<p>Editions Medicine &amp; Hygiene</p>
<p>2006- 101p.-20€</p>
<p>335gr</p>
<p>ISBN: 2-88049-225-4</p>
<p>Cote doc: 4-50-BUR-J</p>
<span class="et_bloom_bottom_trigger"></span>

<p>Le manuel d&rsquo;enseignement  » Je suis normal, tu es normale, qui est normal ?  » offre la possibilité tant aux enseignant-e-s qu&rsquo;aux élèves de partir à la rencontre des personnes en situation de handicap mental.</p>
