{"id":2228,"date":"2021-11-30T09:24:56","date_gmt":"2021-11-30T08:24:56","guid":{"rendered":"https:\/\/www.parthages.be\/eboutique\/?post_type=product&#038;p=2228"},"modified":"2021-11-30T09:24:56","modified_gmt":"2021-11-30T08:24:56","slug":"main-et-handicap-ladaptation-des-postes-de-travail-des-personnes-handicapees-moteur","status":"publish","type":"product","link":"https:\/\/www.parthages.be\/eboutique\/produit\/main-et-handicap-ladaptation-des-postes-de-travail-des-personnes-handicapees-moteur\/","title":{"rendered":"Main et handicap : l&rsquo;adaptation des postes de travail des personnes handicap\u00e9es moteur"},"content":{"rendered":"<p>Main et handicap\u00a0: ce th\u00e8me est envisag\u00e9 de fa\u00e7on globale. Au-del\u00e0 des difficult\u00e9s de pr\u00e9hension provoqu\u00e9es par des diff\u00e9rentes pathologies, sont abord\u00e9s des probl\u00e8mes li\u00e9s \u00e0 des situations sp\u00e9cifiques (main du musicien, main d\u2019aveugle\u2026), de m\u00eame que les solutions modernes apport\u00e9es par les orth\u00e8ses et les robots.<\/p>\n<p>L\u2019adaptation des postes de travail des personnes handicap\u00e9es moteur est un enjeu fondamental pour leur r\u00e9insertion. Ce sujet a de multiples aspects\u00a0: am\u00e9nagement des postes de travail en milieu ordinaire ou prot\u00e9g\u00e9, r\u00f4le des pouvoirs publics et de diff\u00e9rents acteurs m\u00e9dicaux, param\u00e9dicaux et sociaux, v\u00e9cu des personnes handicap\u00e9es par rapport \u00e0 leurs conditions de travail, impact sur l\u2019entreprise de l\u2019embauche des personnes handicap\u00e9es.<\/p>\n<p>(Pr\u00e9sentation de l\u2019\u00e9diteur)<\/p>\n<p>TUBIANA R.- ANDRE J.M.<\/p>\n<p>Arnette<\/p>\n<p>1994-268p.<\/p>\n<p>ISBN\u00a0: 2-7184-0716-6<\/p>\n<p>Cote doc\u00a0: 4-40-IG-A<\/p>\n<p><strong><em>Uniquement \u00e0 la location<\/em><\/strong><\/p>\n<span class=\"et_bloom_bottom_trigger\"><\/span>","protected":false},"excerpt":{"rendered":"<p>Main et handicap\u00a0: ce th\u00e8me est envisag\u00e9 de fa\u00e7on globale. Au-del\u00e0 des difficult\u00e9s de pr\u00e9hension provoqu\u00e9es par des diff\u00e9rentes pathologies, sont abord\u00e9s des probl\u00e8mes li\u00e9s \u00e0 des situations sp\u00e9cifiques (main du musicien, main d\u2019aveugle\u2026), de m\u00eame que les solutions modernes apport\u00e9es par les orth\u00e8ses et les robots.<\/p>\n","protected":false},"featured_media":2229,"comment_status":"closed","ping_status":"closed","template":"","meta":{"_et_pb_use_builder":"","_et_pb_old_content":"","_et_gb_content_width":"","spay_email":""},"class_list":["post-2228","product","type-product","status-publish","has-post-thumbnail","hentry","product_cat-livres","product_tag-adaptation","product_tag-congres","product_tag-deficience-physique","product_tag-entretien","product_tag-ergonomie","product_tag-europe","product_tag-france","product_tag-personne-handicapee","product_tag-poste-de-travail","product_tag-travail"],"jetpack_sharing_enabled":true,"jetpack_likes_enabled":true,"_links":{"self":[{"href":"https:\/\/www.parthages.be\/eboutique\/wp-json\/wp\/v2\/product\/2228","targetHints":{"allow":["GET"]}}],"collection":[{"href":"https:\/\/www.parthages.be\/eboutique\/wp-json\/wp\/v2\/product"}],"about":[{"href":"https:\/\/www.parthages.be\/eboutique\/wp-json\/wp\/v2\/types\/product"}],"replies":[{"embeddable":true,"href":"https:\/\/www.parthages.be\/eboutique\/wp-json\/wp\/v2\/comments?post=2228"}],"wp:featuredmedia":[{"embeddable":true,"href":"https:\/\/www.parthages.be\/eboutique\/wp-json\/wp\/v2\/media\/2229"}],"wp:attachment":[{"href":"https:\/\/www.parthages.be\/eboutique\/wp-json\/wp\/v2\/media?parent=2228"}],"curies":[{"name":"wp","href":"https:\/\/api.w.org\/{rel}","templated":true}]}}

Main et handicap : l&rsquo;adaptation des postes de travail des personnes handicapées moteur

<p>Main et handicap : ce thème est envisagé de façon globale. Au-delà des difficultés de préhension provoquées par des différentes pathologies, sont abordés des problèmes liés à des situations spécifiques (main du musicien, main d’aveugle…), de même que les solutions modernes apportées par les orthèses et les robots.</p>
<p>L’adaptation des postes de travail des personnes handicapées moteur est un enjeu fondamental pour leur réinsertion. Ce sujet a de multiples aspects : aménagement des postes de travail en milieu ordinaire ou protégé, rôle des pouvoirs publics et de différents acteurs médicaux, paramédicaux et sociaux, vécu des personnes handicapées par rapport à leurs conditions de travail, impact sur l’entreprise de l’embauche des personnes handicapées.</p>
<p>(Présentation de l’éditeur)</p>
<p>TUBIANA R.- ANDRE J.M.</p>
<p>Arnette</p>
<p>1994-268p.</p>
<p>ISBN : 2-7184-0716-6</p>
<p>Cote doc : 4-40-IG-A</p>
<p><strong><em>Uniquement à la location</em></strong></p>
<span class="et_bloom_bottom_trigger"></span>

<p>Main et handicap : ce thème est envisagé de façon globale. Au-delà des difficultés de préhension provoquées par des différentes pathologies, sont abordés des problèmes liés à des situations spécifiques (main du musicien, main d’aveugle…), de même que les solutions modernes apportées par les orthèses et les robots.</p>
