{"id":2232,"date":"2021-11-30T09:30:25","date_gmt":"2021-11-30T08:30:25","guid":{"rendered":"https:\/\/www.parthages.be\/eboutique\/?post_type=product&#038;p=2232"},"modified":"2021-11-30T09:30:26","modified_gmt":"2021-11-30T08:30:26","slug":"conduite-automobile-et-handicap","status":"publish","type":"product","link":"https:\/\/www.parthages.be\/eboutique\/produit\/conduite-automobile-et-handicap\/","title":{"rendered":"Conduite automobile et handicap"},"content":{"rendered":"<p>Pour nombre de personnes handicap\u00e9es, la voiture constitue un moyen autonome de d\u00e9placement d\u00e8s lors que celle-ci est adapt\u00e9e au handicap. Outre un apprentissage et une \u00e9valuation psychotechnique, cette conduite est soumise \u00e0 un r\u00e8glement m\u00e9dico-l\u00e9gal et administratif. Ces diff\u00e9rents aspects sont envisag\u00e9s ici dans des cas bien pr\u00e9cis. (Pr\u00e9sentation de l\u2019\u00e9diteur)<\/p>\n<p>ENJALBERT M.- FATTAL C.- THEVENON A.<\/p>\n<p>Masson<\/p>\n<p>2000-204 p.<\/p>\n<p>ISBN\u00a0: 2-294-00073-0<\/p>\n<p>Cote doc\u00a0: 4-40-ENJ-C<\/p>\n<p><strong><em>Uniquement \u00e0 la location<\/em><\/strong><\/p>\n<span class=\"et_bloom_bottom_trigger\"><\/span>","protected":false},"excerpt":{"rendered":"<p>Pour nombre de personnes handicap\u00e9es, la voiture constitue un moyen autonome de d\u00e9placement d\u00e8s lors que celle-ci est adapt\u00e9e au handicap. Outre un apprentissage et une \u00e9valuation psychotechnique, cette conduite est soumise \u00e0 un r\u00e8glement m\u00e9dico-l\u00e9gal et administratif. Ces diff\u00e9rents aspects sont envisag\u00e9s ici dans des cas bien pr\u00e9cis. (Pr\u00e9sentation de l\u2019\u00e9diteur) ENJALBERT M.- FATTAL [&hellip;]<\/p>\n","protected":false},"featured_media":2233,"comment_status":"closed","ping_status":"closed","template":"","meta":{"_et_pb_use_builder":"","_et_pb_old_content":"","_et_gb_content_width":"","spay_email":""},"class_list":["post-2232","product","type-product","status-publish","has-post-thumbnail","hentry","product_cat-livres","product_tag-accident","product_tag-aide-technique","product_tag-aspect-juridique","product_tag-conduite-automobile","product_tag-evaluation","product_tag-france","product_tag-handicap","product_tag-maladie","product_tag-personne-agee","product_tag-personne-handicapee","product_tag-sport","product_tag-vehicule-adapte"],"jetpack_sharing_enabled":true,"jetpack_likes_enabled":true,"_links":{"self":[{"href":"https:\/\/www.parthages.be\/eboutique\/wp-json\/wp\/v2\/product\/2232","targetHints":{"allow":["GET"]}}],"collection":[{"href":"https:\/\/www.parthages.be\/eboutique\/wp-json\/wp\/v2\/product"}],"about":[{"href":"https:\/\/www.parthages.be\/eboutique\/wp-json\/wp\/v2\/types\/product"}],"replies":[{"embeddable":true,"href":"https:\/\/www.parthages.be\/eboutique\/wp-json\/wp\/v2\/comments?post=2232"}],"wp:featuredmedia":[{"embeddable":true,"href":"https:\/\/www.parthages.be\/eboutique\/wp-json\/wp\/v2\/media\/2233"}],"wp:attachment":[{"href":"https:\/\/www.parthages.be\/eboutique\/wp-json\/wp\/v2\/media?parent=2232"}],"curies":[{"name":"wp","href":"https:\/\/api.w.org\/{rel}","templated":true}]}}