{"id":224,"date":"2012-10-01T13:24:38","date_gmt":"2012-10-01T11:24:38","guid":{"rendered":"https:\/\/www.parthages.be\/wordpress\/produit\/l-invention-de-l-accessibilite\/"},"modified":"2021-11-30T09:23:31","modified_gmt":"2021-11-30T08:23:31","slug":"l-invention-de-l-accessibilite","status":"publish","type":"product","link":"https:\/\/www.parthages.be\/eboutique\/produit\/l-invention-de-l-accessibilite\/","title":{"rendered":"L&rsquo;invention de l&rsquo;accessibilit\u00e9"},"content":{"rendered":"<p>Au cours des derni\u00e8res d\u00e9cennies, la notion d\u2019accessibilit\u00e9, c\u2019est-\u00e0-dire la possibilit\u00e9 d\u2019acc\u00e9der \u00e0 un lieu et d\u2019utiliser les services qui s\u2019y trouvent, a \u00e9volu\u00e9. Alors qu\u2019historiquement, les actions visaient \u00e0 offrir un transport \u00e0 chacun, en passant par des solutions diff\u00e9rentes (transports scolaires, lignes r\u00e9guli\u00e8res, minibus), l\u2019accessibilit\u00e9 est aujourd\u2019hui la possibilit\u00e9 pour tous, valides ou non, de b\u00e9n\u00e9ficier du m\u00eame service. On ne parle d\u2019ailleurs plus actuellement de mesures pour permettre aux personnes handicap\u00e9es de se d\u00e9placer mais de politiques d\u2019accessibilit\u00e9 au cadre de vie. Cette \u00e9volution est le fruit du travail de nombreux acteurs qui ont permis que les pouvoirs publics s\u2019emparent de la probl\u00e9matique de l\u2019accessibilit\u00e9.<\/p>\n<p>L\u2019enjeu de l\u2019ouvrage est de d\u00e9passer les conventions sociales qui d\u00e9finissent l\u2019accessibilit\u00e9 pour comprendre \u00e0 la fois les circonstances dans lesquelles elle a vu le jour, et le processus qui a conduit au consensus social actuel. Au-del\u00e0 de sa vision utilitaire, l\u2019accessibilit\u00e9 peut \u00e9galement \u00eatre entendue comme le r\u00e9v\u00e9lateur d\u2019une conception du traitement de l\u2019alt\u00e9rit\u00e9 dans notre soci\u00e9t\u00e9.<\/p>\n<p>Cet ouvrage est pr\u00e9fac\u00e9 par Michel Chauvi\u00e8re (directeur de recherche au CNRS CERSA, universit\u00e9 Paris 2).<\/p>\n<p>(Pr\u00e9sentation de l\u2019\u00e9diteur)<\/p>\n<p>LARROUY M.<\/p>\n<p>PUG<\/p>\n<p>2011-267p.- 22\u20ac<\/p>\n<p>360gr<\/p>\n<p>ISBN\u00a0: 978-2-7061-1652-0<\/p>\n<p>Cote doc\u00a0: 4-40-LAR-I<\/p>\n<span class=\"et_bloom_bottom_trigger\"><\/span>","protected":false},"excerpt":{"rendered":"<p>Au cours des derni\u00e8res d\u00e9cennies, la notion d\u2019accessibilit\u00e9, c\u2019est-\u00e0-dire la possibilit\u00e9 d\u2019acc\u00e9der \u00e0 un lieu et d\u2019utiliser les services qui s\u2019y trouvent, a \u00e9volu\u00e9.<\/p>\n","protected":false},"featured_media":2227,"comment_status":"open","ping_status":"closed","template":"","meta":{"_et_pb_use_builder":"","_et_pb_old_content":"","_et_gb_content_width":"","spay_email":""},"class_list":["post-224","product","type-product","status-publish","has-post-thumbnail","hentry","product_cat-livres","product_tag-accessibilite","product_tag-france","product_tag-historique","product_tag-innovation-technologique","product_tag-pouvoirs-publics","product_tag-service","product_tag-transport"],"jetpack_sharing_enabled":true,"jetpack_likes_enabled":true,"_links":{"self":[{"href":"https:\/\/www.parthages.be\/eboutique\/wp-json\/wp\/v2\/product\/224","targetHints":{"allow":["GET"]}}],"collection":[{"href":"https:\/\/www.parthages.be\/eboutique\/wp-json\/wp\/v2\/product"}],"about":[{"href":"https:\/\/www.parthages.be\/eboutique\/wp-json\/wp\/v2\/types\/product"}],"replies":[{"embeddable":true,"href":"https:\/\/www.parthages.be\/eboutique\/wp-json\/wp\/v2\/comments?post=224"}],"wp:featuredmedia":[{"embeddable":true,"href":"https:\/\/www.parthages.be\/eboutique\/wp-json\/wp\/v2\/media\/2227"}],"wp:attachment":[{"href":"https:\/\/www.parthages.be\/eboutique\/wp-json\/wp\/v2\/media?parent=224"}],"curies":[{"name":"wp","href":"https:\/\/api.w.org\/{rel}","templated":true}]}}