{"id":2248,"date":"2022-01-18T10:35:09","date_gmt":"2022-01-18T09:35:09","guid":{"rendered":"https:\/\/www.parthages.be\/eboutique\/?post_type=product&#038;p=2248"},"modified":"2022-03-23T17:04:16","modified_gmt":"2022-03-23T16:04:16","slug":"la-personne-handicapee-face-a-lenseignement-daujourdhui","status":"publish","type":"product","link":"https:\/\/www.parthages.be\/eboutique\/produit\/la-personne-handicapee-face-a-lenseignement-daujourdhui\/","title":{"rendered":"La personne handicap\u00e9e face \u00e0 l&rsquo;enseignement d&rsquo;aujourd\u2019hui"},"content":{"rendered":"<p>La personne handicap\u00e9e face \u00e0 l&rsquo;enseignement d&rsquo;aujourd&rsquo;hui. Marie Ar\u00e9na<\/p>\n<p>Un beau voyage \u00e0 Lisbonne Patrick Beaufort<\/p>\n<p>La personne handicap\u00e9e face \u00e0 l&rsquo;enseignement d&rsquo;aujourd&rsquo;hui de Jean pierre Coenen Pr\u00e9sident de la ligue des Droits de l&rsquo;enfant.<\/p>\n<p>L&rsquo;int\u00e9gration scolaire d&rsquo;enfants d\u00e9ficients en milieu non sp\u00e9cialis\u00e9: les enjeux J.J. Detraux Le enjeux pour l&rsquo;enfant handicap\u00e9, enjeux au niveau des autres \u00e9l\u00e8ves, enjeux pour les parents, enjeux au niveau des autres parents, enjeux au niveau des professionnels, de l&rsquo;enseignant qui accueille l&rsquo;enfant d\u00e9ficient, enjeux au niveau des autres enseignants\/autres personnels dans l&rsquo;\u00e9cole, enjeux au niveau de la soci\u00e9t\u00e9.<\/p>\n<p>L&rsquo;inclusion ou comment devenir riches de nos diff\u00e9rences! Guislain Magerotte<\/p>\n<p>L&rsquo;\u00e9valuation du processus d&rsquo;intervention en int\u00e9gration scolaire Guislain Magerotte<\/p>\n<p>Comment faciliter la participation des enfants en situation de handicap Guislain Magerotte<\/p>\n<p>L&rsquo;enseignement sp\u00e9cialis\u00e9 de type 8 aujourd&rsquo;hui Philippe Tremblay<\/p>\n<p>Le type 8 de l&rsquo;enseignement sp\u00e9cialis\u00e9 est destin\u00e9 aux \u00e9l\u00e8ves pr\u00e9sentant des troubles instrumentaux\/d&rsquo;apprentissage<\/p>\n<p>&nbsp;<\/p>\n<p>Actes<\/p>\n<p>A.S.P.H<\/p>\n<p>ASSOCIATION SOCIALISTE DE LA PERSONNE HANDICAPEE<\/p>\n<p>2007 -68p.<\/p>\n<p>Cote doc: 4-50-ASP-P<\/p>\n<p>&nbsp;<\/p>\n<p><strong><em>Uniquement \u00e0 la location<\/em><\/strong><\/p>\n<span class=\"et_bloom_bottom_trigger\"><\/span>","protected":false},"excerpt":{"rendered":"<p>L&rsquo;enseignement un droit pour tous. Gis\u00e8le Marli\u00e8re<\/p>\n","protected":false},"featured_media":2249,"comment_status":"closed","ping_status":"closed","template":"","meta":{"_et_pb_use_builder":"","_et_pb_old_content":"","_et_gb_content_width":"","spay_email":""},"class_list":["post-2248","product","type-product","status-publish","has-post-thumbnail","hentry","product_cat-livres","product_tag-accompagnement","product_tag-cecite","product_tag-droit","product_tag-enfant-handicape","product_tag-enjeux","product_tag-enseignement-integre","product_tag-enseignement-specialise","product_tag-enseignement-superieur","product_tag-evaluation","product_tag-integration","product_tag-integration-scolaire","product_tag-participation","product_tag-statistique","product_tag-surdite"],"jetpack_sharing_enabled":true,"jetpack_likes_enabled":true,"_links":{"self":[{"href":"https:\/\/www.parthages.be\/eboutique\/wp-json\/wp\/v2\/product\/2248","targetHints":{"allow":["GET"]}}],"collection":[{"href":"https:\/\/www.parthages.be\/eboutique\/wp-json\/wp\/v2\/product"}],"about":[{"href":"https:\/\/www.parthages.be\/eboutique\/wp-json\/wp\/v2\/types\/product"}],"replies":[{"embeddable":true,"href":"https:\/\/www.parthages.be\/eboutique\/wp-json\/wp\/v2\/comments?post=2248"}],"wp:featuredmedia":[{"embeddable":true,"href":"https:\/\/www.parthages.be\/eboutique\/wp-json\/wp\/v2\/media\/2249"}],"wp:attachment":[{"href":"https:\/\/www.parthages.be\/eboutique\/wp-json\/wp\/v2\/media?parent=2248"}],"curies":[{"name":"wp","href":"https:\/\/api.w.org\/{rel}","templated":true}]}}

La personne handicapée face à l&rsquo;enseignement d&rsquo;aujourd’hui

<p>La personne handicapée face à l&rsquo;enseignement d&rsquo;aujourd&rsquo;hui. Marie Aréna</p>
<p>Un beau voyage à Lisbonne Patrick Beaufort</p>
<p>La personne handicapée face à l&rsquo;enseignement d&rsquo;aujourd&rsquo;hui de Jean pierre Coenen Président de la ligue des Droits de l&rsquo;enfant.</p>
<p>L&rsquo;intégration scolaire d&rsquo;enfants déficients en milieu non spécialisé: les enjeux J.J. Detraux Le enjeux pour l&rsquo;enfant handicapé, enjeux au niveau des autres élèves, enjeux pour les parents, enjeux au niveau des autres parents, enjeux au niveau des professionnels, de l&rsquo;enseignant qui accueille l&rsquo;enfant déficient, enjeux au niveau des autres enseignants/autres personnels dans l&rsquo;école, enjeux au niveau de la société.</p>
<p>L&rsquo;inclusion ou comment devenir riches de nos différences! Guislain Magerotte</p>
<p>L&rsquo;évaluation du processus d&rsquo;intervention en intégration scolaire Guislain Magerotte</p>
<p>Comment faciliter la participation des enfants en situation de handicap Guislain Magerotte</p>
<p>L&rsquo;enseignement spécialisé de type 8 aujourd&rsquo;hui Philippe Tremblay</p>
<p>Le type 8 de l&rsquo;enseignement spécialisé est destiné aux élèves présentant des troubles instrumentaux/d&rsquo;apprentissage</p>
<p>&nbsp;</p>
<p>Actes</p>
<p>A.S.P.H</p>
<p>ASSOCIATION SOCIALISTE DE LA PERSONNE HANDICAPEE</p>
<p>2007 -68p.</p>
<p>Cote doc: 4-50-ASP-P</p>
<p>&nbsp;</p>
<p><strong><em>Uniquement à la location</em></strong></p>
<span class="et_bloom_bottom_trigger"></span>

<p>L&rsquo;enseignement un droit pour tous. Gisèle Marlière</p>
