{"id":2250,"date":"2022-01-18T10:44:18","date_gmt":"2022-01-18T09:44:18","guid":{"rendered":"https:\/\/www.parthages.be\/eboutique\/?post_type=product&#038;p=2250"},"modified":"2022-01-18T10:44:18","modified_gmt":"2022-01-18T09:44:18","slug":"les-handicapes-au-travail-analyse-sociologique-dun-dispositif-dinsertion-professionnelle","status":"publish","type":"product","link":"https:\/\/www.parthages.be\/eboutique\/produit\/les-handicapes-au-travail-analyse-sociologique-dun-dispositif-dinsertion-professionnelle\/","title":{"rendered":"Les handicap\u00e9s au travail : analyse sociologique d&rsquo;un dispositif d&rsquo;insertion professionnelle"},"content":{"rendered":"<p>Analyse sociologique rigoureuse de l&rsquo;ensemble du secteur. Le discours de la n\u00e9cessaire inclusion des handicap\u00e9s recouvre en fait les pratiques fonctionnelles de l&rsquo;exclusion. Apr\u00e8s avoir rappel\u00e9 le contenu de la loi d&rsquo;orientation de 1975, il \u00e9claire le fonctionnement de la Cotorep et celui de l&rsquo;insertion professionnelle. Cette ouvrage rend compr\u00e9hensible le paradoxe suivant: aux personnes qui poss\u00e8dent une \u00ab\u00a0employabilit\u00e9 naturelle limit\u00e9e\u00a0\u00bb, la soci\u00e9t\u00e9 demande de participer \u00e0 l&rsquo;effort productif par l&rsquo;interm\u00e9diaire de dispositifs sp\u00e9cifiques d&rsquo;insertion dont les modalit\u00e9s de fonctionnement les contraignent \u00e0 pratiquer la s\u00e9gr\u00e9gation. Le discours de la n\u00e9cessaire inclusion des handicap\u00e9s recouvre en fait les pratiques fonctionnelles de l&rsquo;exclusion. Passionnant de bout en bout, cet ouvrage s&rsquo;adresse \u00e0 tous les professionnels et responsables \u0153uvrant dans le domaine de la reconnaissance, de la gestion et de la prise en charge des personnes handicap\u00e9es. (Pr\u00e9sentation de l&rsquo;\u00e9diteur)<\/p>\n<p>&nbsp;<\/p>\n<p>BLANC A.<\/p>\n<p>Edition DUNOD<\/p>\n<p>1999 -308p. -600g -6\u20ac<\/p>\n<p>Cote doc: 4-60-BLA-H<\/p>\n<span class=\"et_bloom_bottom_trigger\"><\/span>","protected":false},"excerpt":{"rendered":"<p>Analyse sociologique rigoureuse de l&rsquo;ensemble du secteur<\/p>\n","protected":false},"featured_media":2251,"comment_status":"closed","ping_status":"closed","template":"","meta":{"_et_pb_use_builder":"","_et_pb_old_content":"","_et_gb_content_width":"","spay_email":""},"class_list":["post-2250","product","type-product","status-publish","has-post-thumbnail","hentry","product_cat-livres"],"jetpack_sharing_enabled":true,"jetpack_likes_enabled":true,"_links":{"self":[{"href":"https:\/\/www.parthages.be\/eboutique\/wp-json\/wp\/v2\/product\/2250","targetHints":{"allow":["GET"]}}],"collection":[{"href":"https:\/\/www.parthages.be\/eboutique\/wp-json\/wp\/v2\/product"}],"about":[{"href":"https:\/\/www.parthages.be\/eboutique\/wp-json\/wp\/v2\/types\/product"}],"replies":[{"embeddable":true,"href":"https:\/\/www.parthages.be\/eboutique\/wp-json\/wp\/v2\/comments?post=2250"}],"wp:featuredmedia":[{"embeddable":true,"href":"https:\/\/www.parthages.be\/eboutique\/wp-json\/wp\/v2\/media\/2251"}],"wp:attachment":[{"href":"https:\/\/www.parthages.be\/eboutique\/wp-json\/wp\/v2\/media?parent=2250"}],"curies":[{"name":"wp","href":"https:\/\/api.w.org\/{rel}","templated":true}]}}