{"id":2256,"date":"2022-01-18T10:52:26","date_gmt":"2022-01-18T09:52:26","guid":{"rendered":"https:\/\/www.parthages.be\/eboutique\/?post_type=product&#038;p=2256"},"modified":"2022-01-18T10:52:27","modified_gmt":"2022-01-18T09:52:27","slug":"transport-des-personnes-a-mobilite-reduite-linformation-et-la-communication","status":"publish","type":"product","link":"https:\/\/www.parthages.be\/eboutique\/produit\/transport-des-personnes-a-mobilite-reduite-linformation-et-la-communication\/","title":{"rendered":"Transport des personnes \u00e0 mobilit\u00e9 r\u00e9duite &#8211; l&rsquo;information et la communication"},"content":{"rendered":"<p>Depuis quelques ann\u00e9es, l&rsquo;acc\u00e8s physique \u00e0 de nombreux \u00e9quipements de transport est devenu plus facile pour les personnes \u00e0 mobilit\u00e9 r\u00e9duite. Ces progr\u00e8s ne sont toutefois pas suffisants et il est \u00e9galement essentiel de fournir des informations pertinentes sur les services offerts \u00e0 tous les usagers, y compris aux handicap\u00e9s. Cette publication, qui rend compte d&rsquo;un s\u00e9minaire international sur le sujet, d\u00e9crit certains des moyens utilis\u00e9s pour diffuser une information de meilleure qualit\u00e9 aux personnes \u00e0 mobilit\u00e9 r\u00e9duite. On y trouvera en outre des recommandations en vue de nouvelles am\u00e9liorations.<\/p>\n<p><strong>\u00a0<\/strong><\/p>\n<p>CONFERENCE EUROPEENNE DES MINISTRES DES TRANSPORTS<\/p>\n<p>1991 -165p.<\/p>\n<p>Cote doc: 4-40-CEM-T<\/p>\n<p>&nbsp;<\/p>\n<p><strong><em>Uniquement \u00e0 la location<\/em><\/strong><\/p>\n<span class=\"et_bloom_bottom_trigger\"><\/span>","protected":false},"excerpt":{"rendered":"<p>Depuis quelques ann\u00e9es, l&rsquo;acc\u00e8s physique \u00e0 de nombreux \u00e9quipements de transport est devenu plus facile pour les personnes \u00e0 mobilit\u00e9 r\u00e9duite.<\/p>\n","protected":false},"featured_media":2257,"comment_status":"closed","ping_status":"closed","template":"","meta":{"_et_pb_use_builder":"","_et_pb_old_content":"","_et_gb_content_width":"","spay_email":""},"class_list":["post-2256","product","type-product","status-publish","has-post-thumbnail","hentry","product_cat-livres","product_tag-acces-a-linformation","product_tag-allemagne","product_tag-canada","product_tag-communication","product_tag-finlande","product_tag-france","product_tag-information","product_tag-irlande","product_tag-norvege","product_tag-participation","product_tag-personne-a-mobilite-reduite","product_tag-personne-handicapee","product_tag-royaume-uni","product_tag-suede","product_tag-suisse","product_tag-transport","product_tag-vie-en-societe"],"jetpack_sharing_enabled":true,"jetpack_likes_enabled":true,"_links":{"self":[{"href":"https:\/\/www.parthages.be\/eboutique\/wp-json\/wp\/v2\/product\/2256","targetHints":{"allow":["GET"]}}],"collection":[{"href":"https:\/\/www.parthages.be\/eboutique\/wp-json\/wp\/v2\/product"}],"about":[{"href":"https:\/\/www.parthages.be\/eboutique\/wp-json\/wp\/v2\/types\/product"}],"replies":[{"embeddable":true,"href":"https:\/\/www.parthages.be\/eboutique\/wp-json\/wp\/v2\/comments?post=2256"}],"wp:featuredmedia":[{"embeddable":true,"href":"https:\/\/www.parthages.be\/eboutique\/wp-json\/wp\/v2\/media\/2257"}],"wp:attachment":[{"href":"https:\/\/www.parthages.be\/eboutique\/wp-json\/wp\/v2\/media?parent=2256"}],"curies":[{"name":"wp","href":"https:\/\/api.w.org\/{rel}","templated":true}]}}

Transport des personnes à mobilité réduite &#8211; l&rsquo;information et la communication

<p>Depuis quelques années, l&rsquo;accès physique à de nombreux équipements de transport est devenu plus facile pour les personnes à mobilité réduite. Ces progrès ne sont toutefois pas suffisants et il est également essentiel de fournir des informations pertinentes sur les services offerts à tous les usagers, y compris aux handicapés. Cette publication, qui rend compte d&rsquo;un séminaire international sur le sujet, décrit certains des moyens utilisés pour diffuser une information de meilleure qualité aux personnes à mobilité réduite. On y trouvera en outre des recommandations en vue de nouvelles améliorations.</p>
<p><strong> </strong></p>
<p>CONFERENCE EUROPEENNE DES MINISTRES DES TRANSPORTS</p>
<p>1991 -165p.</p>
<p>Cote doc: 4-40-CEM-T</p>
<p>&nbsp;</p>
<p><strong><em>Uniquement à la location</em></strong></p>
<span class="et_bloom_bottom_trigger"></span>

<p>Depuis quelques années, l&rsquo;accès physique à de nombreux équipements de transport est devenu plus facile pour les personnes à mobilité réduite.</p>
