{"id":2258,"date":"2022-01-18T10:53:48","date_gmt":"2022-01-18T09:53:48","guid":{"rendered":"https:\/\/www.parthages.be\/eboutique\/?post_type=product&#038;p=2258"},"modified":"2022-01-18T10:53:49","modified_gmt":"2022-01-18T09:53:49","slug":"ameliorer-lacces-aux-transports-publics-principes-directeurs-pour-le-personnel-des-entreprises-de-transport","status":"publish","type":"product","link":"https:\/\/www.parthages.be\/eboutique\/produit\/ameliorer-lacces-aux-transports-publics-principes-directeurs-pour-le-personnel-des-entreprises-de-transport\/","title":{"rendered":"Am\u00e9liorer l&rsquo;acc\u00e8s aux transports publics : principes directeurs pour le personnel des entreprises de transport"},"content":{"rendered":"<p>Des transports accessibles et con\u00e7us en pensant \u00e0 l&rsquo;usager permettront \u00e0 la personne handicap\u00e9e ou \u00e0 la personne \u00e2g\u00e9e d&rsquo;utiliser sans obstacle le syst\u00e8me de transport et de prendre part \u00e0 la vie de la collectivit\u00e9 sur un pied d&rsquo;\u00e9galit\u00e9 sans perdre son autonomie.<\/p>\n<p>Malgr\u00e9 les progr\u00e8s li\u00e9s aux avanc\u00e9es de la technologie, l&rsquo;attitude et le savoir-faire du conducteur, du capitaine, du pilote, etc. peuvent \u00eatre d\u00e9terminants, c&rsquo;est-\u00e0-dire faire la diff\u00e9rence entre un voyage o\u00f9 l&rsquo;on se sent bien et en s\u00e9curit\u00e9 et un trajet qui se d\u00e9roule dans l&rsquo;inqui\u00e9tude, le d\u00e9plaisir ou la confusion.<\/p>\n<p>Ces principes directeurs appellent les personnels des services de transport \u00e0 prendre conscience de ces obstacles et en supprimer certains.<\/p>\n<p>Ces recommandations apportent des solutions pratiques et permettent aux entreprises de transport de voyageurs d&rsquo;am\u00e9liorer leurs prestations client\u00e8le, ce qui constitue un facteur essentiel de leur r\u00e9ussite.<\/p>\n<p>&nbsp;<\/p>\n<p>CdRoom<\/p>\n<p>CONFERENCE EUROPEENNE DES MINISTRES DES TRANSPORTS<\/p>\n<p>2006 -27p.<\/p>\n<p>Cote doc: 4-40-CEM-A<\/p>\n<p>&nbsp;<\/p>\n<p><strong><em>Uniquement \u00e0 la location<\/em><\/strong><\/p>\n<span class=\"et_bloom_bottom_trigger\"><\/span>","protected":false},"excerpt":{"rendered":"<p>Des transports accessibles et con\u00e7us en pensant \u00e0 l&rsquo;usager permettront \u00e0 la personne handicap\u00e9e ou \u00e0 la personne \u00e2g\u00e9e d&rsquo;utiliser sans obstacle le syst\u00e8me de transport et de prendre part \u00e0 la vie de la collectivit\u00e9 sur un pied d&rsquo;\u00e9galit\u00e9 sans perdre son autonomie.<\/p>\n","protected":false},"featured_media":2259,"comment_status":"closed","ping_status":"closed","template":"","meta":{"_et_pb_use_builder":"","_et_pb_old_content":"","_et_gb_content_width":"","spay_email":""},"class_list":["post-2258","product","type-product","status-publish","has-post-thumbnail","hentry","product_cat-livres","product_tag-acces","product_tag-employe","product_tag-handicap","product_tag-participation","product_tag-personne-agee","product_tag-recommandation","product_tag-sensibilisation","product_tag-transport","product_tag-vie-sociale"],"jetpack_sharing_enabled":true,"jetpack_likes_enabled":true,"_links":{"self":[{"href":"https:\/\/www.parthages.be\/eboutique\/wp-json\/wp\/v2\/product\/2258","targetHints":{"allow":["GET"]}}],"collection":[{"href":"https:\/\/www.parthages.be\/eboutique\/wp-json\/wp\/v2\/product"}],"about":[{"href":"https:\/\/www.parthages.be\/eboutique\/wp-json\/wp\/v2\/types\/product"}],"replies":[{"embeddable":true,"href":"https:\/\/www.parthages.be\/eboutique\/wp-json\/wp\/v2\/comments?post=2258"}],"wp:featuredmedia":[{"embeddable":true,"href":"https:\/\/www.parthages.be\/eboutique\/wp-json\/wp\/v2\/media\/2259"}],"wp:attachment":[{"href":"https:\/\/www.parthages.be\/eboutique\/wp-json\/wp\/v2\/media?parent=2258"}],"curies":[{"name":"wp","href":"https:\/\/api.w.org\/{rel}","templated":true}]}}

Améliorer l&rsquo;accès aux transports publics : principes directeurs pour le personnel des entreprises de transport

<p>Des transports accessibles et conçus en pensant à l&rsquo;usager permettront à la personne handicapée ou à la personne âgée d&rsquo;utiliser sans obstacle le système de transport et de prendre part à la vie de la collectivité sur un pied d&rsquo;égalité sans perdre son autonomie.</p>
<p>Malgré les progrès liés aux avancées de la technologie, l&rsquo;attitude et le savoir-faire du conducteur, du capitaine, du pilote, etc. peuvent être déterminants, c&rsquo;est-à-dire faire la différence entre un voyage où l&rsquo;on se sent bien et en sécurité et un trajet qui se déroule dans l&rsquo;inquiétude, le déplaisir ou la confusion.</p>
<p>Ces principes directeurs appellent les personnels des services de transport à prendre conscience de ces obstacles et en supprimer certains.</p>
<p>Ces recommandations apportent des solutions pratiques et permettent aux entreprises de transport de voyageurs d&rsquo;améliorer leurs prestations clientèle, ce qui constitue un facteur essentiel de leur réussite.</p>
<p>&nbsp;</p>
<p>CdRoom</p>
<p>CONFERENCE EUROPEENNE DES MINISTRES DES TRANSPORTS</p>
<p>2006 -27p.</p>
<p>Cote doc: 4-40-CEM-A</p>
<p>&nbsp;</p>
<p><strong><em>Uniquement à la location</em></strong></p>
<span class="et_bloom_bottom_trigger"></span>

<p>Des transports accessibles et conçus en pensant à l&rsquo;usager permettront à la personne handicapée ou à la personne âgée d&rsquo;utiliser sans obstacle le système de transport et de prendre part à la vie de la collectivité sur un pied d&rsquo;égalité sans perdre son autonomie.</p>
