{"id":2260,"date":"2022-01-18T10:54:59","date_gmt":"2022-01-18T09:54:59","guid":{"rendered":"https:\/\/www.parthages.be\/eboutique\/?post_type=product&#038;p=2260"},"modified":"2022-01-18T10:55:00","modified_gmt":"2022-01-18T09:55:00","slug":"ameliorer-lacces-aux-transports-pour-tous-guide-des-bonnes-pratiques","status":"publish","type":"product","link":"https:\/\/www.parthages.be\/eboutique\/produit\/ameliorer-lacces-aux-transports-pour-tous-guide-des-bonnes-pratiques\/","title":{"rendered":"Am\u00e9liorer l&rsquo;acc\u00e8s aux transports pour tous : guide des bonnes pratiques"},"content":{"rendered":"<p>Rendre les v\u00e9hicules de transport et les infrastructures plus accessibles pour tous continue d&rsquo;\u00eatre un objectif important et un d\u00e9fi majeur pour les autorit\u00e9s de transport, les op\u00e9rateurs et les prestataires de services \u00e0 travers le monde.<\/p>\n<p>On a longtemps consid\u00e9r\u00e9 que la question de l&rsquo;accessibilit\u00e9 des transports ne concernait que les individus souffrant de difficult\u00e9s de mobilit\u00e9 particuli\u00e8res. Mais on s&rsquo;accorde d\u00e9sormais \u00e0 reconna\u00eetre qu&rsquo;elle fait partie int\u00e9grante d&rsquo;un syst\u00e8me de transport durable de qualit\u00e9 et que tous les usagers en b\u00e9n\u00e9ficient.<\/p>\n<p>L&rsquo;accessibilit\u00e9 des syst\u00e8mes de transport s&rsquo;est beaucoup am\u00e9lior\u00e9e ces derni\u00e8res ann\u00e9es. L&rsquo;un des facteurs-cl\u00e9s de ce progr\u00e8s r\u00e9side dans l&rsquo;\u00e9change d&rsquo;exp\u00e9riences &#8211; concluantes ou moins concluantes &#8211; qui s&rsquo;av\u00e8re indispensable parmi les pays qui se sont engag\u00e9s sur la voie d&rsquo;une meilleure accessibilit\u00e9.<\/p>\n<p>&nbsp;<\/p>\n<p>CONFERENCE EUROPEENNE DES MINISTRES DES TRANSPORTS<\/p>\n<p>2006 -174p.<\/p>\n<p>Cote doc: 4-40-CEM-A\/1<\/p>\n<p>&nbsp;<\/p>\n<p><strong><em>Uniquement \u00e0 la location<\/em><\/strong><\/p>\n<span class=\"et_bloom_bottom_trigger\"><\/span>","protected":false},"excerpt":{"rendered":"<p>Rendre les v\u00e9hicules de transport et les infrastructures plus accessibles pour tous continue d&rsquo;\u00eatre un objectif important et un d\u00e9fi majeur pour les autorit\u00e9s de transport, les op\u00e9rateurs et les prestataires de services \u00e0 travers le monde.<\/p>\n","protected":false},"featured_media":2261,"comment_status":"closed","ping_status":"closed","template":"","meta":{"_et_pb_use_builder":"","_et_pb_old_content":"","_et_gb_content_width":"","spay_email":""},"class_list":["post-2260","product","type-product","status-publish","has-post-thumbnail","hentry","product_cat-livres","product_tag-acces","product_tag-accessibilite","product_tag-personne-handicapee","product_tag-sensibilisation","product_tag-transport","product_tag-union-europeenne","product_tag-urbanisme"],"jetpack_sharing_enabled":true,"jetpack_likes_enabled":true,"_links":{"self":[{"href":"https:\/\/www.parthages.be\/eboutique\/wp-json\/wp\/v2\/product\/2260","targetHints":{"allow":["GET"]}}],"collection":[{"href":"https:\/\/www.parthages.be\/eboutique\/wp-json\/wp\/v2\/product"}],"about":[{"href":"https:\/\/www.parthages.be\/eboutique\/wp-json\/wp\/v2\/types\/product"}],"replies":[{"embeddable":true,"href":"https:\/\/www.parthages.be\/eboutique\/wp-json\/wp\/v2\/comments?post=2260"}],"wp:featuredmedia":[{"embeddable":true,"href":"https:\/\/www.parthages.be\/eboutique\/wp-json\/wp\/v2\/media\/2261"}],"wp:attachment":[{"href":"https:\/\/www.parthages.be\/eboutique\/wp-json\/wp\/v2\/media?parent=2260"}],"curies":[{"name":"wp","href":"https:\/\/api.w.org\/{rel}","templated":true}]}}

Améliorer l&rsquo;accès aux transports pour tous : guide des bonnes pratiques

<p>Rendre les véhicules de transport et les infrastructures plus accessibles pour tous continue d&rsquo;être un objectif important et un défi majeur pour les autorités de transport, les opérateurs et les prestataires de services à travers le monde.</p>
<p>On a longtemps considéré que la question de l&rsquo;accessibilité des transports ne concernait que les individus souffrant de difficultés de mobilité particulières. Mais on s&rsquo;accorde désormais à reconnaître qu&rsquo;elle fait partie intégrante d&rsquo;un système de transport durable de qualité et que tous les usagers en bénéficient.</p>
<p>L&rsquo;accessibilité des systèmes de transport s&rsquo;est beaucoup améliorée ces dernières années. L&rsquo;un des facteurs-clés de ce progrès réside dans l&rsquo;échange d&rsquo;expériences &#8211; concluantes ou moins concluantes &#8211; qui s&rsquo;avère indispensable parmi les pays qui se sont engagés sur la voie d&rsquo;une meilleure accessibilité.</p>
<p>&nbsp;</p>
<p>CONFERENCE EUROPEENNE DES MINISTRES DES TRANSPORTS</p>
<p>2006 -174p.</p>
<p>Cote doc: 4-40-CEM-A/1</p>
<p>&nbsp;</p>
<p><strong><em>Uniquement à la location</em></strong></p>
<span class="et_bloom_bottom_trigger"></span>

<p>Rendre les véhicules de transport et les infrastructures plus accessibles pour tous continue d&rsquo;être un objectif important et un défi majeur pour les autorités de transport, les opérateurs et les prestataires de services à travers le monde.</p>
