{"id":2268,"date":"2022-01-18T11:03:02","date_gmt":"2022-01-18T10:03:02","guid":{"rendered":"https:\/\/www.parthages.be\/eboutique\/?post_type=product&#038;p=2268"},"modified":"2022-01-18T11:03:03","modified_gmt":"2022-01-18T10:03:03","slug":"qualite-de-vie-pour-les-personnes-presentant-un-handicap-perspectives-internationales","status":"publish","type":"product","link":"https:\/\/www.parthages.be\/eboutique\/produit\/qualite-de-vie-pour-les-personnes-presentant-un-handicap-perspectives-internationales\/","title":{"rendered":"Qualit\u00e9 de vie pour les personnes pr\u00e9sentant un handicap: perspectives internationales"},"content":{"rendered":"<p>La qualit\u00e9 de vie renvoie habituellement aux exp\u00e9riences subjectives v\u00e9cues par une personne mais aussi aux conditions de vie objectives dans lesquelles cette derni\u00e8re \u00e9volue. Originaires d&rsquo;une dizaine de pays, les auteurs pr\u00e9sentent un large \u00e9ventail de perspectives sur la qualit\u00e9 de vie des personnes souffrant d&rsquo;un handicap, notamment li\u00e9 \u00e0 un retard mental. Le concept de qualit\u00e9 est pr\u00e9sent\u00e9 dans des domaines aussi divers que le logement, le milieu de travail, l&rsquo;\u00e9cole, les loisirs, et pour les personnes d&rsquo;\u00e2ge diff\u00e9rent (enfants, adultes, personnes \u00e2g\u00e9es). Les approches sont \u00e0 la fois th\u00e9oriques avec une pr\u00e9sentation de mod\u00e8les et des r\u00e9sultats, et aussi pratiques: formation du personnel, intervention pr\u00e9coce&#8230; (Pr\u00e9sentation de l&rsquo;\u00e9diteur).<\/p>\n<p>&nbsp;<\/p>\n<p>MAGEROTTE G., GOODE D.A., LEBLANC R.<\/p>\n<p>Edition De Boeck Universit\u00e9<\/p>\n<p>2000 -463p. -738g -54,50\u20ac<\/p>\n<p>Cote doc: 4-30-GOO-Q<\/p>\n<span class=\"et_bloom_bottom_trigger\"><\/span>","protected":false},"excerpt":{"rendered":"<p>La qualit\u00e9 de vie renvoie habituellement aux exp\u00e9riences subjectives v\u00e9cues par une personne mais aussi aux conditions de vie objectives dans lesquelles cette derni\u00e8re \u00e9volue.<\/p>\n","protected":false},"featured_media":2269,"comment_status":"closed","ping_status":"closed","template":"","meta":{"_et_pb_use_builder":"","_et_pb_old_content":"","_et_gb_content_width":"","spay_email":""},"class_list":["post-2268","product","type-product","status-publish","has-post-thumbnail","hentry","product_cat-livres","product_tag-aspect-international","product_tag-deficience-intellectuelle","product_tag-evaluation","product_tag-formation-du-personnel","product_tag-logement","product_tag-loisir","product_tag-methodologie","product_tag-milieu-de-travail","product_tag-personne-handicapee","product_tag-qualite-de-vie","product_tag-recherche"],"jetpack_sharing_enabled":true,"jetpack_likes_enabled":true,"_links":{"self":[{"href":"https:\/\/www.parthages.be\/eboutique\/wp-json\/wp\/v2\/product\/2268","targetHints":{"allow":["GET"]}}],"collection":[{"href":"https:\/\/www.parthages.be\/eboutique\/wp-json\/wp\/v2\/product"}],"about":[{"href":"https:\/\/www.parthages.be\/eboutique\/wp-json\/wp\/v2\/types\/product"}],"replies":[{"embeddable":true,"href":"https:\/\/www.parthages.be\/eboutique\/wp-json\/wp\/v2\/comments?post=2268"}],"wp:featuredmedia":[{"embeddable":true,"href":"https:\/\/www.parthages.be\/eboutique\/wp-json\/wp\/v2\/media\/2269"}],"wp:attachment":[{"href":"https:\/\/www.parthages.be\/eboutique\/wp-json\/wp\/v2\/media?parent=2268"}],"curies":[{"name":"wp","href":"https:\/\/api.w.org\/{rel}","templated":true}]}}

Qualité de vie pour les personnes présentant un handicap: perspectives internationales

<p>La qualité de vie renvoie habituellement aux expériences subjectives vécues par une personne mais aussi aux conditions de vie objectives dans lesquelles cette dernière évolue. Originaires d&rsquo;une dizaine de pays, les auteurs présentent un large éventail de perspectives sur la qualité de vie des personnes souffrant d&rsquo;un handicap, notamment lié à un retard mental. Le concept de qualité est présenté dans des domaines aussi divers que le logement, le milieu de travail, l&rsquo;école, les loisirs, et pour les personnes d&rsquo;âge différent (enfants, adultes, personnes âgées). Les approches sont à la fois théoriques avec une présentation de modèles et des résultats, et aussi pratiques: formation du personnel, intervention précoce&#8230; (Présentation de l&rsquo;éditeur).</p>
<p>&nbsp;</p>
<p>MAGEROTTE G., GOODE D.A., LEBLANC R.</p>
<p>Edition De Boeck Université</p>
<p>2000 -463p. -738g -54,50€</p>
<p>Cote doc: 4-30-GOO-Q</p>
<span class="et_bloom_bottom_trigger"></span>

<p>La qualité de vie renvoie habituellement aux expériences subjectives vécues par une personne mais aussi aux conditions de vie objectives dans lesquelles cette dernière évolue.</p>
