{"id":2285,"date":"2022-01-18T11:37:51","date_gmt":"2022-01-18T10:37:51","guid":{"rendered":"https:\/\/www.parthages.be\/eboutique\/?post_type=product&#038;p=2285"},"modified":"2022-01-18T11:37:52","modified_gmt":"2022-01-18T10:37:52","slug":"vie-affective-relationnelle-et-sexuelle-des-personnes-deficientes-mentales","status":"publish","type":"product","link":"https:\/\/www.parthages.be\/eboutique\/produit\/vie-affective-relationnelle-et-sexuelle-des-personnes-deficientes-mentales\/","title":{"rendered":"Vie affective relationnelle et sexuelle des personnes d\u00e9ficientes mentales"},"content":{"rendered":"<p><strong>Accompagnements interventions et programmes \u00e9ducatifs<\/strong><\/p>\n<p>Le th\u00e8me de la vie affective, relationnelle et sexuelle n\u00e9cessite la mise en \u0153uvre de recherches pluridisciplinaires et implique des travaux communs entre chercheurs, praticiens b\u00e9n\u00e9ficiaires directs et indirects. C\u2019est dans cet esprit qu\u2019un congr\u00e8s a \u00e9t\u00e9 organis\u00e9 \u00e0 Namur, \u00e0 l\u2019occasion de la sortie du programme \u00abDes femmes et des hommes\u00bb, outil d\u2019\u00e9ducation sp\u00e9cialis\u00e9e dans le champ de la vie affective, relationnelle et sexuelle des personnes d\u00e9ficientes mentales.<\/p>\n<p>L\u2019ouvrage reprend des contributions issues de diff\u00e9rentes disciplines : psychologie, sociologie, anthropologie, m\u00e9decine, p\u00e9dagogie, sexologie, philosophie, etc.<\/p>\n<p>&nbsp;<\/p>\n<p>Ont \u00e9galement contribu\u00e9 \u00e0 l\u2019ouvrage des concepteurs de programmes \u00e9ducatifs, des enseignants, des \u00e9ducateurs et des th\u00e9rapeutes, intervenant dans le champ de la vie affective, relationnelle et sexuelle des personnes d\u00e9ficientes mentales.<\/p>\n<p>Diff\u00e9rentes th\u00e9matiques sont abord\u00e9es, telles :<\/p>\n<p>\u2013 la conception de programmes \u00e9ducatifs pour la promotion de la sant\u00e9 affective et sexuelle;<\/p>\n<p>\u2013 la pr\u00e9sentation d\u2019interventions dans le cadre institutionnel;<\/p>\n<p>\u2013 la cr\u00e9ation et l\u2019accompagnement de groupes de parole;<\/p>\n<p>\u2013 la qualit\u00e9 de vie, les droits, les devoirs et les responsabilit\u00e9s des personnes dans une perspective \u00e9thique;<\/p>\n<p>\u2013 l\u2019\u00e9quilibre affectif, relationnel et sexuel dans une approche d\u00e9veloppementale;<\/p>\n<p>\u2013 l\u2019accompagnement \u00e0 la parentalit\u00e9;<\/p>\n<p>\u2013 la probl\u00e9matique des MST\u2026 (Pr\u00e9sentation de l\u2019\u00e9diteur)<\/p>\n<p>&nbsp;<\/p>\n<p>MERCIER M.- BAZIER G.- GASCON H.<\/p>\n<p>Presses universitaires de Namur<\/p>\n<p>2007-416p<\/p>\n<p>ISBN\u00a0: 978-2-87037-524-2<\/p>\n<p>Cote doc\u00a0:\u00a04-20-MER-V<\/p>\n<p><strong><em>Uniquement \u00e0 la location<\/em><\/strong><\/p>\n<span class=\"et_bloom_bottom_trigger\"><\/span>","protected":false},"excerpt":{"rendered":"<p>Le th\u00e8me de la vie affective, relationnelle et sexuelle n\u00e9cessite la mise en \u0153uvre de recherches pluridisciplinaires et implique des travaux communs entre chercheurs, praticiens b\u00e9n\u00e9ficiaires directs et indirects.<\/p>\n","protected":false},"featured_media":2286,"comment_status":"closed","ping_status":"closed","template":"","meta":{"_et_pb_use_builder":"","_et_pb_old_content":"","_et_gb_content_width":"","spay_email":""},"class_list":["post-2285","product","type-product","status-publish","has-post-thumbnail","hentry","product_cat-livres","product_tag-droit","product_tag-ethique","product_tag-mst","product_tag-outil-pedagogique","product_tag-parentalite","product_tag-programme-deducation-du-patient","product_tag-qualite-de-vie","product_tag-sexualite","product_tag-vie-affective"],"jetpack_sharing_enabled":true,"jetpack_likes_enabled":true,"_links":{"self":[{"href":"https:\/\/www.parthages.be\/eboutique\/wp-json\/wp\/v2\/product\/2285","targetHints":{"allow":["GET"]}}],"collection":[{"href":"https:\/\/www.parthages.be\/eboutique\/wp-json\/wp\/v2\/product"}],"about":[{"href":"https:\/\/www.parthages.be\/eboutique\/wp-json\/wp\/v2\/types\/product"}],"replies":[{"embeddable":true,"href":"https:\/\/www.parthages.be\/eboutique\/wp-json\/wp\/v2\/comments?post=2285"}],"wp:featuredmedia":[{"embeddable":true,"href":"https:\/\/www.parthages.be\/eboutique\/wp-json\/wp\/v2\/media\/2286"}],"wp:attachment":[{"href":"https:\/\/www.parthages.be\/eboutique\/wp-json\/wp\/v2\/media?parent=2285"}],"curies":[{"name":"wp","href":"https:\/\/api.w.org\/{rel}","templated":true}]}}