{"id":2297,"date":"2022-01-18T15:11:31","date_gmt":"2022-01-18T14:11:31","guid":{"rendered":"https:\/\/www.parthages.be\/eboutique\/?post_type=product&#038;p=2297"},"modified":"2022-01-18T15:11:31","modified_gmt":"2022-01-18T14:11:31","slug":"une-affaire-de-coeur","status":"publish","type":"product","link":"https:\/\/www.parthages.be\/eboutique\/produit\/une-affaire-de-coeur\/","title":{"rendered":"Une affaire de c\u0153ur"},"content":{"rendered":"<p><strong><em>Dossier<\/em><\/strong><\/p>\n<p>La sexualit\u00e9 est un th\u00e8me li\u00e9 \u00e0 de multiples sentiments et valeurs qui est consid\u00e9r\u00e9 comme tabou et c&rsquo;est pourquoi il est d&rsquo;acc\u00e8s particuli\u00e8rement difficile et important pour les personnes handicap\u00e9es et non handicap\u00e9es.<\/p>\n<p>Quels sont les besoins sexuels des personnes handicap\u00e9es mentales? Quels sont ceux qui leur sont reconnus? Ces besoins ce diff\u00e9rencient-ils de ceux de personnes non handicap\u00e9s? Quel est le d\u00e9sir de fonder une famille et d&rsquo;avoir des enfants? De la discussion autour des moyens de contraception, de la st\u00e9rilisation des violences sexuelles et des abus.<\/p>\n<p>Le dossier contient les aspects juridiques, \u00e9voque les possibilit\u00e9s de soutien et indique les structures d&rsquo;aide professionnelle, les concepts en mati\u00e8re de p\u00e9dagogie curative et les centres de conseils et de contacts.<\/p>\n<p>Une affaire de coeur donne aux proches et aux autres personnes int\u00e9ress\u00e9es un aper\u00e7u de l&rsquo;\u00e9tat actuel de la discussion et des possibilit\u00e9s de s&rsquo;orienter.<\/p>\n<p>Insi\u00e8me<\/p>\n<p>1998-210p<\/p>\n<p>ISBN\u00a0: 978-2-211-0787-64<\/p>\n<p>Cote doc\u00a0: 4-20-INS-A<\/p>\n<p><strong><em>Uniquement \u00e0 la location<\/em><\/strong><\/p>\n<span class=\"et_bloom_bottom_trigger\"><\/span>","protected":false},"excerpt":{"rendered":"<p>La sexualit\u00e9 est un th\u00e8me li\u00e9 \u00e0 de multiples sentiments et valeurs qui est consid\u00e9r\u00e9 comme tabou et c&rsquo;est pourquoi il est d&rsquo;acc\u00e8s particuli\u00e8rement difficile et important pour les personnes handicap\u00e9es et non handicap\u00e9es.<\/p>\n","protected":false},"featured_media":2298,"comment_status":"closed","ping_status":"closed","template":"","meta":{"_et_pb_use_builder":"","_et_pb_old_content":"","_et_gb_content_width":"","spay_email":""},"class_list":["post-2297","product","type-product","status-publish","has-post-thumbnail","hentry","product_cat-livres","product_tag-abus","product_tag-accompagnement","product_tag-aspect-juridique","product_tag-contraception","product_tag-deficience-intellectuelle","product_tag-education-affective-et-sexuelle","product_tag-parentalite","product_tag-sexualite","product_tag-sterilisation","product_tag-violence-sexuelle"],"jetpack_sharing_enabled":true,"jetpack_likes_enabled":true,"_links":{"self":[{"href":"https:\/\/www.parthages.be\/eboutique\/wp-json\/wp\/v2\/product\/2297","targetHints":{"allow":["GET"]}}],"collection":[{"href":"https:\/\/www.parthages.be\/eboutique\/wp-json\/wp\/v2\/product"}],"about":[{"href":"https:\/\/www.parthages.be\/eboutique\/wp-json\/wp\/v2\/types\/product"}],"replies":[{"embeddable":true,"href":"https:\/\/www.parthages.be\/eboutique\/wp-json\/wp\/v2\/comments?post=2297"}],"wp:featuredmedia":[{"embeddable":true,"href":"https:\/\/www.parthages.be\/eboutique\/wp-json\/wp\/v2\/media\/2298"}],"wp:attachment":[{"href":"https:\/\/www.parthages.be\/eboutique\/wp-json\/wp\/v2\/media?parent=2297"}],"curies":[{"name":"wp","href":"https:\/\/api.w.org\/{rel}","templated":true}]}}