{"id":2304,"date":"2022-01-18T15:16:44","date_gmt":"2022-01-18T14:16:44","guid":{"rendered":"https:\/\/www.parthages.be\/eboutique\/?post_type=product&#038;p=2304"},"modified":"2024-09-16T11:22:03","modified_gmt":"2024-09-16T09:22:03","slug":"lapprentissage-de-la-sexualite-pour-les-personnes-avec-autisme-et-deficience-intellectuelle","status":"publish","type":"product","link":"https:\/\/www.parthages.be\/eboutique\/produit\/lapprentissage-de-la-sexualite-pour-les-personnes-avec-autisme-et-deficience-intellectuelle\/","title":{"rendered":"L&rsquo;apprentissage de la sexualit\u00e9 pour les personnes avec autisme et d\u00e9ficience intellectuelle"},"content":{"rendered":"<p><strong>C<\/strong>et ouvrage a la modeste ambition de traiter un sujet \u00e9pineux \u00e0 bien des \u00e9gards : la conduite masturbatoire manifest\u00e9e par une personne vuln\u00e9rable, qui n&rsquo;atteindra jamais la majorit\u00e9 sexuelle (loi fran\u00e7aise) du fait de son handicap mental qu&rsquo;est l&rsquo;autisme avec d\u00e9ficience intellectuelle (classification OMS, CIM 10).<\/p>\n<p>Psychologue sp\u00e9cialis\u00e9 dans le domaine des troubles du spectre autistique (TSA), je suis r\u00e9guli\u00e8rement t\u00e9moin de ces parents et de ces professionnels du monde m\u00e9dico-social qui cherchent \u00e0 mettre du sens \u00e0 la conduite sexuelle de la personne avec autisme, souvent complexe \u00e0 interpr\u00e9ter d&rsquo;autant plus si la d\u00e9ficience intellectuelle l\u00e9g\u00e8re \u00e0 profonde accompagne l&rsquo;autisme. (&#8230;)<\/p>\n<p>Plus qu&rsquo;une simple revue de questions traitant et de l&rsquo;autisme, et de la sexualit\u00e9, ce manuel cherche \u00e0 illustrer des propos th\u00e9oriques via des exp\u00e9riences cliniques v\u00e9cues aupr\u00e8s de cette population et \u00e0 lister les outils, propres \u00e0 l&rsquo;\u00e9ducation sexuelle, compatibles avec les recommandations internationales scientifiques qui traitent de l&rsquo;autisme. (Pr\u00e9sentation de l&rsquo;\u00e9diteur)<\/p>\n<p>ELOUARD P.<\/p>\n<p>Editions AFD<\/p>\n<p>2010-117p.<\/p>\n<p>171gr<\/p>\n<p>ISBN\u00a0: 978-2-917150-11-5<\/p>\n<p>Cote doc\u00a0: 4-20-ELO-A<\/p>\n<p>Uniquement \u00e0 la location<\/p>\n<span class=\"et_bloom_bottom_trigger\"><\/span>","protected":false},"excerpt":{"rendered":"<p><strong>C<\/strong>et ouvrage a la modeste ambition de traiter un sujet \u00e9pineux \u00e0 bien des \u00e9gards : la conduite masturbatoire manifest\u00e9e par une personne vuln\u00e9rable, qui n&rsquo;atteindra jamais la majorit\u00e9 sexuelle (loi fran\u00e7aise) du fait de son handicap mental qu&rsquo;est l&rsquo;autisme avec d\u00e9ficience intellectuelle (classification OMS, CIM 10).<\/p>\n","protected":false},"featured_media":2305,"comment_status":"closed","ping_status":"closed","template":"","meta":{"_et_pb_use_builder":"","_et_pb_old_content":"","_et_gb_content_width":"","spay_email":""},"class_list":["post-2304","product","type-product","status-publish","has-post-thumbnail","hentry","product_cat-livres","product_tag-apprentissage","product_tag-autisme","product_tag-deficience-intellectuelle","product_tag-education-affective-et-sexuelle","product_tag-outil-pedagogique","product_tag-qualite-de-vie","product_tag-sexualite","product_tag-temoignage"],"jetpack_sharing_enabled":true,"jetpack_likes_enabled":true,"_links":{"self":[{"href":"https:\/\/www.parthages.be\/eboutique\/wp-json\/wp\/v2\/product\/2304","targetHints":{"allow":["GET"]}}],"collection":[{"href":"https:\/\/www.parthages.be\/eboutique\/wp-json\/wp\/v2\/product"}],"about":[{"href":"https:\/\/www.parthages.be\/eboutique\/wp-json\/wp\/v2\/types\/product"}],"replies":[{"embeddable":true,"href":"https:\/\/www.parthages.be\/eboutique\/wp-json\/wp\/v2\/comments?post=2304"}],"wp:featuredmedia":[{"embeddable":true,"href":"https:\/\/www.parthages.be\/eboutique\/wp-json\/wp\/v2\/media\/2305"}],"wp:attachment":[{"href":"https:\/\/www.parthages.be\/eboutique\/wp-json\/wp\/v2\/media?parent=2304"}],"curies":[{"name":"wp","href":"https:\/\/api.w.org\/{rel}","templated":true}]}}