{"id":2306,"date":"2022-01-18T15:17:45","date_gmt":"2022-01-18T14:17:45","guid":{"rendered":"https:\/\/www.parthages.be\/eboutique\/?post_type=product&#038;p=2306"},"modified":"2022-01-18T15:17:46","modified_gmt":"2022-01-18T14:17:46","slug":"sexualite-et-sida-en-milieu-specialise-du-tabou-aux-strategies-educatives","status":"publish","type":"product","link":"https:\/\/www.parthages.be\/eboutique\/produit\/sexualite-et-sida-en-milieu-specialise-du-tabou-aux-strategies-educatives\/","title":{"rendered":"Sexualit\u00e9 et sida en milieu sp\u00e9cialis\u00e9 : du tabou aux strat\u00e9gies \u00e9ducatives"},"content":{"rendered":"<p>Comment le secteur du handicap mental en France &#8211; qui se caract\u00e9rise par une extraordinaire h\u00e9t\u00e9rog\u00e9n\u00e9it\u00e9, tant par la population concern\u00e9e que dans la diversit\u00e9 des structures &#8211; a-t-il r\u00e9agi devant l&rsquo;\u00e9mergence de l&rsquo;\u00e9pid\u00e9mie du VIH\/sida ? A-t-il pu se croire \u00e9pargn\u00e9 en raison de la vigilance de l&rsquo;encadrement ou de l&rsquo;\u00e9tanch\u00e9it\u00e9 des institutions par rapport au monde ext\u00e9rieur ? Dans quelle mesure le d\u00e9ni de la sexualit\u00e9 des personnes accueillies dans ces structures et la n\u00e9gation de l&rsquo;existence de pratiques sexuelles potentiellement \u00e0 risque de transmission du virus ont-ils constitu\u00e9 un frein pour une \u00e9ducation \u00e0 une vie sexuelle responsable ? Dans les situations concr\u00e8tes, la d\u00e9ficience intellectuelle s&rsquo;est-elle av\u00e9r\u00e9e compatible avec l&rsquo;autonomie n\u00e9cessaire \u00e0 la pr\u00e9vention du sida ? Les \u00e9tablissements qui se sont engag\u00e9s dans des actions de pr\u00e9vention ont-ils r\u00e9ussi \u00e0 alerter les usagers sur les risques, \u00e0 contrer les fausses croyances, \u00e0 modifier les comportements ? Enfin, quels sont les principaux facteurs de vuln\u00e9rabilit\u00e9 aux risques de contamination et aux abus sexuels ?<\/p>\n<p>Ce sont ces questions que l&rsquo;ouvrage actuel s&rsquo;efforce d&rsquo;explorer en pr\u00e9sentant les r\u00e9sultats de plusieurs ann\u00e9es de recherche au plus pr\u00e8s des usagers et des professionnels des \u00e9tablissements sp\u00e9cialis\u00e9s. Les constats, tant\u00f4t amers, tant\u00f4t porteurs d&rsquo;espoir, ont de quoi surprendre. (Pr\u00e9sentation de l&rsquo;\u00e9diteur)<\/p>\n<p>DIEDERICH N.- GRAECEN T.<\/p>\n<p>Editions Er\u00e8s<\/p>\n<p>2002-256p.-23.50\u20ac<\/p>\n<p>415gr<\/p>\n<p>ISBN\u00a0: 2-7492-01072-5<\/p>\n<p>Cote doc\u00a0: 4-20-DIE-S<\/p>\n<span class=\"et_bloom_bottom_trigger\"><\/span>","protected":false},"excerpt":{"rendered":"<p>Comment le secteur du handicap mental en France &#8211; qui se caract\u00e9rise par une extraordinaire h\u00e9t\u00e9rog\u00e9n\u00e9it\u00e9, tant par la population concern\u00e9e que dans la diversit\u00e9 des structures &#8211; a-t-il r\u00e9agi devant l&rsquo;\u00e9mergence de l&rsquo;\u00e9pid\u00e9mie du VIH\/sida ?<\/p>\n","protected":false},"featured_media":2307,"comment_status":"closed","ping_status":"closed","template":"","meta":{"_et_pb_use_builder":"","_et_pb_old_content":"","_et_gb_content_width":"","spay_email":""},"class_list":["post-2306","product","type-product","status-publish","has-post-thumbnail","hentry","product_cat-livres","product_tag-abus-sexuel","product_tag-education","product_tag-education-affective-et-sexuelle","product_tag-institution","product_tag-personne-handicapee","product_tag-prevention","product_tag-sexualite","product_tag-sida","product_tag-strategie","product_tag-strategie-educative"],"jetpack_sharing_enabled":true,"jetpack_likes_enabled":true,"_links":{"self":[{"href":"https:\/\/www.parthages.be\/eboutique\/wp-json\/wp\/v2\/product\/2306","targetHints":{"allow":["GET"]}}],"collection":[{"href":"https:\/\/www.parthages.be\/eboutique\/wp-json\/wp\/v2\/product"}],"about":[{"href":"https:\/\/www.parthages.be\/eboutique\/wp-json\/wp\/v2\/types\/product"}],"replies":[{"embeddable":true,"href":"https:\/\/www.parthages.be\/eboutique\/wp-json\/wp\/v2\/comments?post=2306"}],"wp:featuredmedia":[{"embeddable":true,"href":"https:\/\/www.parthages.be\/eboutique\/wp-json\/wp\/v2\/media\/2307"}],"wp:attachment":[{"href":"https:\/\/www.parthages.be\/eboutique\/wp-json\/wp\/v2\/media?parent=2306"}],"curies":[{"name":"wp","href":"https:\/\/api.w.org\/{rel}","templated":true}]}}

Sexualité et sida en milieu spécialisé : du tabou aux stratégies éducatives

<p>Comment le secteur du handicap mental en France &#8211; qui se caractérise par une extraordinaire hétérogénéité, tant par la population concernée que dans la diversité des structures &#8211; a-t-il réagi devant l&rsquo;émergence de l&rsquo;épidémie du VIH/sida ? A-t-il pu se croire épargné en raison de la vigilance de l&rsquo;encadrement ou de l&rsquo;étanchéité des institutions par rapport au monde extérieur ? Dans quelle mesure le déni de la sexualité des personnes accueillies dans ces structures et la négation de l&rsquo;existence de pratiques sexuelles potentiellement à risque de transmission du virus ont-ils constitué un frein pour une éducation à une vie sexuelle responsable ? Dans les situations concrètes, la déficience intellectuelle s&rsquo;est-elle avérée compatible avec l&rsquo;autonomie nécessaire à la prévention du sida ? Les établissements qui se sont engagés dans des actions de prévention ont-ils réussi à alerter les usagers sur les risques, à contrer les fausses croyances, à modifier les comportements ? Enfin, quels sont les principaux facteurs de vulnérabilité aux risques de contamination et aux abus sexuels ?</p>
<p>Ce sont ces questions que l&rsquo;ouvrage actuel s&rsquo;efforce d&rsquo;explorer en présentant les résultats de plusieurs années de recherche au plus près des usagers et des professionnels des établissements spécialisés. Les constats, tantôt amers, tantôt porteurs d&rsquo;espoir, ont de quoi surprendre. (Présentation de l&rsquo;éditeur)</p>
<p>DIEDERICH N.- GRAECEN T.</p>
<p>Editions Erès</p>
<p>2002-256p.-23.50€</p>
<p>415gr</p>
<p>ISBN : 2-7492-01072-5</p>
<p>Cote doc : 4-20-DIE-S</p>
<span class="et_bloom_bottom_trigger"></span>

<p>Comment le secteur du handicap mental en France &#8211; qui se caractérise par une extraordinaire hétérogénéité, tant par la population concernée que dans la diversité des structures &#8211; a-t-il réagi devant l&rsquo;émergence de l&rsquo;épidémie du VIH/sida ?</p>
