{"id":2331,"date":"2022-02-22T07:55:56","date_gmt":"2022-02-22T06:55:56","guid":{"rendered":"https:\/\/www.parthages.be\/eboutique\/?post_type=product&#038;p=2331"},"modified":"2022-02-22T07:55:57","modified_gmt":"2022-02-22T06:55:57","slug":"la-sexualite-et-les-handicaps-ii","status":"publish","type":"product","link":"https:\/\/www.parthages.be\/eboutique\/produit\/la-sexualite-et-les-handicaps-ii\/","title":{"rendered":"La sexualit\u00e9 et les handicaps II"},"content":{"rendered":"<p><strong>Le handicap mental : adultes &#8211; textes g\u00e9n\u00e9raux &#8211; contraception &#8211; st\u00e9rilisation \u2013 \u00e9thique (Sp\u00e9cifique \u00e0 ces sujets)<\/strong><\/p>\n<p><strong><em>Dossier<\/em><\/strong><\/p>\n<p>Ce dossier est constitu\u00e9 de textes issus de la presse sp\u00e9cialis\u00e9e et de la\u00a0 grande presse \u00a0en Suisse et \u00e0 l&rsquo;\u00e9tranger. Il aborde le th\u00e8me de la sexualit\u00e9 chez la personne handicap\u00e9e mentale (textes g\u00e9n\u00e9raux, contraception et st\u00e9rilisation, \u00e9thique).<\/p>\n<p>AGTHE-DISERENS C. &#8211; VATRE F.<\/p>\n<p>Edition SZH\/SPC<\/p>\n<p>2000-116p.<\/p>\n<p>Cote doc: 4-20-AGT-S2<\/p>\n<p><strong><em>Uniquement \u00e0 la location<\/em><\/strong><\/p>\n<span class=\"et_bloom_bottom_trigger\"><\/span>","protected":false},"excerpt":{"rendered":"<p><strong>Le handicap mental : adultes &#8211; textes g\u00e9n\u00e9raux &#8211; contraception &#8211; st\u00e9rilisation \u2013 \u00e9thique (Sp\u00e9cifique \u00e0 ces sujets)<\/strong><\/p>\n","protected":false},"featured_media":2332,"comment_status":"closed","ping_status":"closed","template":"","meta":{"_et_pb_use_builder":"","_et_pb_old_content":"","_et_gb_content_width":"","spay_email":""},"class_list":["post-2331","product","type-product","status-publish","has-post-thumbnail","hentry","product_cat-livres","product_tag-contraception","product_tag-deficience-intellectuelle","product_tag-education-affective-et-sexuelle","product_tag-ethique","product_tag-personne-handicapee","product_tag-sexualite","product_tag-sterilisation","product_tag-vie-affective"],"jetpack_sharing_enabled":true,"jetpack_likes_enabled":true,"_links":{"self":[{"href":"https:\/\/www.parthages.be\/eboutique\/wp-json\/wp\/v2\/product\/2331","targetHints":{"allow":["GET"]}}],"collection":[{"href":"https:\/\/www.parthages.be\/eboutique\/wp-json\/wp\/v2\/product"}],"about":[{"href":"https:\/\/www.parthages.be\/eboutique\/wp-json\/wp\/v2\/types\/product"}],"replies":[{"embeddable":true,"href":"https:\/\/www.parthages.be\/eboutique\/wp-json\/wp\/v2\/comments?post=2331"}],"wp:featuredmedia":[{"embeddable":true,"href":"https:\/\/www.parthages.be\/eboutique\/wp-json\/wp\/v2\/media\/2332"}],"wp:attachment":[{"href":"https:\/\/www.parthages.be\/eboutique\/wp-json\/wp\/v2\/media?parent=2331"}],"curies":[{"name":"wp","href":"https:\/\/api.w.org\/{rel}","templated":true}]}}

La sexualité et les handicaps II

<p><strong>Le handicap mental : adultes &#8211; textes généraux &#8211; contraception &#8211; stérilisation – éthique (Spécifique à ces sujets)</strong></p>
<p><strong><em>Dossier</em></strong></p>
<p>Ce dossier est constitué de textes issus de la presse spécialisée et de la  grande presse  en Suisse et à l&rsquo;étranger. Il aborde le thème de la sexualité chez la personne handicapée mentale (textes généraux, contraception et stérilisation, éthique).</p>
<p>AGTHE-DISERENS C. &#8211; VATRE F.</p>
<p>Edition SZH/SPC</p>
<p>2000-116p.</p>
<p>Cote doc: 4-20-AGT-S2</p>
<p><strong><em>Uniquement à la location</em></strong></p>
<span class="et_bloom_bottom_trigger"></span>

<p><strong>Le handicap mental : adultes &#8211; textes généraux &#8211; contraception &#8211; stérilisation – éthique (Spécifique à ces sujets)</strong></p>
