{"id":2335,"date":"2022-02-22T07:58:47","date_gmt":"2022-02-22T06:58:47","guid":{"rendered":"https:\/\/www.parthages.be\/eboutique\/?post_type=product&#038;p=2335"},"modified":"2022-02-22T07:58:47","modified_gmt":"2022-02-22T06:58:47","slug":"la-sexualite-et-les-handicaps-iv","status":"publish","type":"product","link":"https:\/\/www.parthages.be\/eboutique\/produit\/la-sexualite-et-les-handicaps-iv\/","title":{"rendered":"La sexualit\u00e9 et les handicaps IV"},"content":{"rendered":"<p><strong>Le handicap mental &#8211; enfants et adolescents &#8211; maltraitance et handicap<\/strong><\/p>\n<p><strong><em>Dossier<\/em><\/strong><\/p>\n<p>Ce dossier est constitu\u00e9 de textes issus de la presse sp\u00e9cialis\u00e9e et de la\u00a0 grande presse\u00a0 en Suisse et \u00e0 l&rsquo;\u00e9tranger. Il aborde le th\u00e8me de la sexualit\u00e9 chez la personne handicap\u00e9e mentale et sensorielle (enfants et adolescents, maltraitance et handicap)<\/p>\n<p>AGTHE-DISERENS C. &#8211; VATRE F.<\/p>\n<p>Edition SZH\/SPC<\/p>\n<p>2000-79p.<\/p>\n<p>Cote doc: 4-20-AGT-S4<\/p>\n<p><strong><em>Uniquement \u00e0 la location<\/em><\/strong><\/p>\n<span class=\"et_bloom_bottom_trigger\"><\/span>","protected":false},"excerpt":{"rendered":"<p><strong>Le handicap mental &#8211; enfants et adolescents &#8211; maltraitance et handicap<\/strong><\/p>\n","protected":false},"featured_media":2336,"comment_status":"closed","ping_status":"closed","template":"","meta":{"_et_pb_use_builder":"","_et_pb_old_content":"","_et_gb_content_width":"","spay_email":""},"class_list":["post-2335","product","type-product","status-publish","has-post-thumbnail","hentry","product_cat-livres","product_tag-abus","product_tag-abus-sexuel","product_tag-adolescent","product_tag-autisme","product_tag-deficience-intellectuelle","product_tag-deficience-visuelle","product_tag-education-affective-et-sexuelle","product_tag-enfant","product_tag-famille","product_tag-loisir","product_tag-maltraitance","product_tag-milieu-institutionnel","product_tag-personne-handicapee","product_tag-sexualite","product_tag-sida","product_tag-suisse","product_tag-vie-affective","product_tag-vie-en-societe"],"jetpack_sharing_enabled":true,"jetpack_likes_enabled":true,"_links":{"self":[{"href":"https:\/\/www.parthages.be\/eboutique\/wp-json\/wp\/v2\/product\/2335","targetHints":{"allow":["GET"]}}],"collection":[{"href":"https:\/\/www.parthages.be\/eboutique\/wp-json\/wp\/v2\/product"}],"about":[{"href":"https:\/\/www.parthages.be\/eboutique\/wp-json\/wp\/v2\/types\/product"}],"replies":[{"embeddable":true,"href":"https:\/\/www.parthages.be\/eboutique\/wp-json\/wp\/v2\/comments?post=2335"}],"wp:featuredmedia":[{"embeddable":true,"href":"https:\/\/www.parthages.be\/eboutique\/wp-json\/wp\/v2\/media\/2336"}],"wp:attachment":[{"href":"https:\/\/www.parthages.be\/eboutique\/wp-json\/wp\/v2\/media?parent=2335"}],"curies":[{"name":"wp","href":"https:\/\/api.w.org\/{rel}","templated":true}]}}

La sexualité et les handicaps IV

<p><strong>Le handicap mental &#8211; enfants et adolescents &#8211; maltraitance et handicap</strong></p>
<p><strong><em>Dossier</em></strong></p>
<p>Ce dossier est constitué de textes issus de la presse spécialisée et de la  grande presse  en Suisse et à l&rsquo;étranger. Il aborde le thème de la sexualité chez la personne handicapée mentale et sensorielle (enfants et adolescents, maltraitance et handicap)</p>
<p>AGTHE-DISERENS C. &#8211; VATRE F.</p>
<p>Edition SZH/SPC</p>
<p>2000-79p.</p>
<p>Cote doc: 4-20-AGT-S4</p>
<p><strong><em>Uniquement à la location</em></strong></p>
<span class="et_bloom_bottom_trigger"></span>
