{"id":2340,"date":"2022-02-22T08:05:00","date_gmt":"2022-02-22T07:05:00","guid":{"rendered":"https:\/\/www.parthages.be\/eboutique\/?post_type=product&#038;p=2340"},"modified":"2022-02-22T08:05:01","modified_gmt":"2022-02-22T07:05:01","slug":"accompagnement-erotique-et-handicaps-au-desir-des-corps-reponses-sensuelles-et-sexuelles-avec-coeur","status":"publish","type":"product","link":"https:\/\/www.parthages.be\/eboutique\/produit\/accompagnement-erotique-et-handicaps-au-desir-des-corps-reponses-sensuelles-et-sexuelles-avec-coeur\/","title":{"rendered":"Accompagnement \u00e9rotique et handicaps: au d\u00e9sir des corps: r\u00e9ponses sensuelles et sexuelles avec c\u0153ur"},"content":{"rendered":"<p>Toute id\u00e9e nouvelle, surtout si elle est accompagn\u00e9e de pratiques sociales in\u00e9dites, suscite \u00e0 la fois de l&rsquo;int\u00e9r\u00eat et de la m\u00e9fiance. L&rsquo;accompagnement \u00e9rotique des personnes vivant avec un handicap ne fait manifestement pas exception. Toutefois, il y a vingt ans, on n&rsquo;osait pas y penser. Tapies dans la tranquille certitude qu&rsquo;il est normal d&rsquo;exclure une partie de leur population des pratiques sexuelles, nos soci\u00e9t\u00e9s d\u00e9finissaient plus ou moins clairement qui y avait droit ou pas, tout en instaurant des situations paradoxales dans le quotidien. Aujourd&rsquo;hui, on en parle de plus en plus. La r\u00e9flexion s&rsquo;intensifie et des initiatives pratiques voient le jour, telles que celles reconnues et mises en place dans certains pays : Allemagne, Hollande, Danemark, Suisse allemande&#8230; La r\u00e9volution sexuelle et l&rsquo;\u00e9volution radicale du regard port\u00e9 sur le handicap contribuent au changement. L&rsquo;accompagnement \u00e9rotique s&rsquo;inscrit pleinement dans le processus d&rsquo;int\u00e9gration actuel, dans une dynamique de citoyennet\u00e9 partag\u00e9e et promotrice d&rsquo;un agir \u00e9mancipatoire. Appuy\u00e9 sur des exp\u00e9riences transdisciplinaires, cet ouvrage analyse les questionnements \u00e9thiques, propose des r\u00e9ponses respectueuses adapt\u00e9es aux personnes en situation de handicap. Il s&rsquo;adresse aussi aux partenaires institutionnels et familiaux. (CSPC). (Pr\u00e9sentation de l&rsquo;\u00e9diteur)<\/p>\n<p>AGTHE-DISERENS C. \u2013 VATRE F.<\/p>\n<p>Chronique sociale<\/p>\n<p>2006-157p<\/p>\n<p>ISBN\u00a0: 978-85008-647-9<\/p>\n<p>Cote doc\u00a0:\u00a04-20-AGT-A<\/p>\n<p><strong><em>Uniquement \u00e0 la location<\/em><\/strong><\/p>\n<span class=\"et_bloom_bottom_trigger\"><\/span>","protected":false},"excerpt":{"rendered":"<p>Toute id\u00e9e nouvelle, surtout si elle est accompagn\u00e9e de pratiques sociales in\u00e9dites, suscite \u00e0 la fois de l&rsquo;int\u00e9r\u00eat et de la m\u00e9fiance. L&rsquo;accompagnement \u00e9rotique des personnes vivant avec un handicap ne fait manifestement pas exception.<\/p>\n","protected":false},"featured_media":2341,"comment_status":"closed","ping_status":"closed","template":"","meta":{"_et_pb_use_builder":"","_et_pb_old_content":"","_et_gb_content_width":"","spay_email":""},"class_list":["post-2340","product","type-product","status-publish","has-post-thumbnail","hentry","product_cat-livres","product_tag-accompagnement","product_tag-deficience-intellectuelle","product_tag-deficience-physique","product_tag-education-affective-et-sexuelle","product_tag-ethique","product_tag-experience-professionnelle","product_tag-historique","product_tag-pedagogie","product_tag-sexualite"],"jetpack_sharing_enabled":true,"jetpack_likes_enabled":true,"_links":{"self":[{"href":"https:\/\/www.parthages.be\/eboutique\/wp-json\/wp\/v2\/product\/2340","targetHints":{"allow":["GET"]}}],"collection":[{"href":"https:\/\/www.parthages.be\/eboutique\/wp-json\/wp\/v2\/product"}],"about":[{"href":"https:\/\/www.parthages.be\/eboutique\/wp-json\/wp\/v2\/types\/product"}],"replies":[{"embeddable":true,"href":"https:\/\/www.parthages.be\/eboutique\/wp-json\/wp\/v2\/comments?post=2340"}],"wp:featuredmedia":[{"embeddable":true,"href":"https:\/\/www.parthages.be\/eboutique\/wp-json\/wp\/v2\/media\/2341"}],"wp:attachment":[{"href":"https:\/\/www.parthages.be\/eboutique\/wp-json\/wp\/v2\/media?parent=2340"}],"curies":[{"name":"wp","href":"https:\/\/api.w.org\/{rel}","templated":true}]}}