{"id":2354,"date":"2022-02-22T08:40:58","date_gmt":"2022-02-22T07:40:58","guid":{"rendered":"https:\/\/www.parthages.be\/eboutique\/?post_type=product&#038;p=2354"},"modified":"2022-03-15T11:47:33","modified_gmt":"2022-03-15T10:47:33","slug":"tombee-du-nid","status":"publish","type":"product","link":"https:\/\/www.parthages.be\/eboutique\/produit\/tombee-du-nid\/","title":{"rendered":"Tomb\u00e9e du nid"},"content":{"rendered":"<p>Le grand jour arrive. Le 31 mai 2013, la voiture est bien pleine, c\u2019est toi, \u00e0 pr\u00e9sent, qui a pris place dans le maxi-cosy.<\/p>\n<p>C\u2019est l\u2019excitation g\u00e9n\u00e9rale \u00e0 la maison. Ton lit est pr\u00eat depuis d\u00e9but janvier. Nous avions choisi avec les enfants tes doudous, ta turbulette etc. Tout le monde veut dormir avec toi.<\/p>\n<p>La premi\u00e8re nuit est magique. Impossible pour moi de fermer l\u2019\u0153il, je reste assise sur une petite chaise coll\u00e9e \u00e0 ton lit. Je tiens ta main si petite. Tu dors paisiblement comme si tu \u00e9tais install\u00e9e dans ton \u00ab nid \u00bb depuis toujours. Je ne me lasse pas de te regarder t\u00e9ter ton tout petit index, la paume de la main vers le ciel. Je te regarde comme un tr\u00e9sor&#8230; Un tr\u00e9sor enfin trouv\u00e9.<\/p>\n<p>Tout avait commenc\u00e9 le 26 mai 2011, quand je suis partie chez le m\u00e9decin avec tous les enfants. Ce n\u2019\u00e9tait que le d\u00e9but d\u2019un si long chemin vers toi\u2026 (Pr\u00e9sentation de l&rsquo;\u00e9diteur)<\/p>\n<p>NO\u00cbL C.<\/p>\n<p>TerraMare Editions<\/p>\n<p>2015-144p.<\/p>\n<p>ISBN: 978-2-91-86-77-40-6<\/p>\n<p>Cote doc: 4-10-NOE-T<\/p>\n<p><strong><em>Uniquement \u00e0 la location<\/em><\/strong><\/p>\n<span class=\"et_bloom_bottom_trigger\"><\/span>","protected":false},"excerpt":{"rendered":"<p>Le grand jour arrive. Le 31 mai 2013, la voiture est bien pleine, c\u2019est toi, \u00e0 pr\u00e9sent, qui a pris place dans le maxi-cosy.<\/p>\n","protected":false},"featured_media":2355,"comment_status":"closed","ping_status":"closed","template":"","meta":{"_et_pb_use_builder":"","_et_pb_old_content":"","_et_gb_content_width":"","spay_email":""},"class_list":["post-2354","product","type-product","status-publish","has-post-thumbnail","hentry","product_cat-livres","product_cat-livres-jeunesse","product_tag-adoption","product_tag-relation-familiale","product_tag-temoignage","product_tag-trisomie-21"],"jetpack_sharing_enabled":true,"jetpack_likes_enabled":true,"_links":{"self":[{"href":"https:\/\/www.parthages.be\/eboutique\/wp-json\/wp\/v2\/product\/2354","targetHints":{"allow":["GET"]}}],"collection":[{"href":"https:\/\/www.parthages.be\/eboutique\/wp-json\/wp\/v2\/product"}],"about":[{"href":"https:\/\/www.parthages.be\/eboutique\/wp-json\/wp\/v2\/types\/product"}],"replies":[{"embeddable":true,"href":"https:\/\/www.parthages.be\/eboutique\/wp-json\/wp\/v2\/comments?post=2354"}],"wp:featuredmedia":[{"embeddable":true,"href":"https:\/\/www.parthages.be\/eboutique\/wp-json\/wp\/v2\/media\/2355"}],"wp:attachment":[{"href":"https:\/\/www.parthages.be\/eboutique\/wp-json\/wp\/v2\/media?parent=2354"}],"curies":[{"name":"wp","href":"https:\/\/api.w.org\/{rel}","templated":true}]}}