{"id":2362,"date":"2022-02-22T09:26:58","date_gmt":"2022-02-22T08:26:58","guid":{"rendered":"https:\/\/www.parthages.be\/eboutique\/?post_type=product&#038;p=2362"},"modified":"2022-03-15T11:48:21","modified_gmt":"2022-03-15T10:48:21","slug":"handicap-et-parentalite-la-surdite-le-handicap-mental-et-le-pangolin","status":"publish","type":"product","link":"https:\/\/www.parthages.be\/eboutique\/produit\/handicap-et-parentalite-la-surdite-le-handicap-mental-et-le-pangolin\/","title":{"rendered":"Handicap et parentalit\u00e9: la surdit\u00e9 le handicap mental et le pangolin"},"content":{"rendered":"<p>Cet ouvrage est constitu\u00e9 de 4 parties :<\/p>\n<p>La premi\u00e8re partie pr\u00e9sente la th\u00e9matique de la s\u00e9paration trait\u00e9e dans les sciences humaines. L&rsquo;analyse des recherches sur les situations de handicap montre que le \u00a0\u00bb handicap \u00ab\u00a0est appr\u00e9hend\u00e9 comme une figure de l&rsquo;alt\u00e9rit\u00e9 et peut \u00eatre associ\u00e9 au rejet ou \u00e0 la discrimination (s\u00e9paration de soi et de l&rsquo;autre).<\/p>\n<p>La deuxi\u00e8me partie\u00a0 explique la repr\u00e9sentation de la parentalit\u00e9 \u00ab\u00a0Parents Entendant\/Enfant Sourd\u00a0\u00bb. Les r\u00e9sultats de cette \u00e9tude montre que cette parentalit\u00e9 est repr\u00e9sent\u00e9e comme une menace et rev\u00eat la figure du mal dans son sens anthropologique.<\/p>\n<p>La troisi\u00e8me partie propose une analyse de la repr\u00e9sentation du handicap chez des parents d&rsquo;enfants handicap\u00e9s mentaux et polyhandicap\u00e9s \u00e0 partir d&rsquo;entretiens recueillis aupr\u00e8s des parents par la m\u00e9thode d&rsquo;enqu\u00eate.<\/p>\n<p>La quatri\u00e8me partie pr\u00e9sente l&rsquo;\u00e9tude de la repr\u00e9sentation du handicap et des personnes handicap\u00e9es \u00e0 partir d&rsquo;une enqu\u00eate aupr\u00e8s d&rsquo;un public de \u00a0\u00bb parents d&rsquo;enfants handicap\u00e9s, d&rsquo;un groupe d&rsquo;\u00e9ducateurs travaillant aupr\u00e8s d&rsquo;enfants et d&rsquo;adolescents handicap\u00e9s et d&rsquo;un groupe tout venant non concern\u00e9 par le probl\u00e8me du handicap \u00a0\u00bb Menace, bienfait telle est la repr\u00e9sentation du handicap Repr\u00e9sentation du handicap tant\u00f4t comme une menace tant\u00f4t comme un bienfait.<\/p>\n<p>Et enfin la cinqui\u00e8me partie pr\u00e9sente l&rsquo;implication de l&rsquo;auteur en tant que chercheuse, dans son objet de recherche qui est le \u00a0\u00bb handicap \u00ab\u00a0(Pr\u00e9sentation de l&rsquo;\u00e9diteur)<\/p>\n<p>LAVIGNE C.<\/p>\n<p>Ctnerhi<\/p>\n<p>2004-356p<\/p>\n<p>ISBN\u00a0: 2-87710-170-3<\/p>\n<p>Cote Doc\u00a0: 4-10-LAV-H<\/p>\n<p><strong><em>Uniquement \u00e0 la location<\/em><\/strong><\/p>\n<span class=\"et_bloom_bottom_trigger\"><\/span>","protected":false},"excerpt":{"rendered":"<p>La premi\u00e8re partie pr\u00e9sente la th\u00e9matique de la s\u00e9paration trait\u00e9e dans les sciences humaines.<\/p>\n","protected":false},"featured_media":2363,"comment_status":"closed","ping_status":"closed","template":"","meta":{"_et_pb_use_builder":"","_et_pb_old_content":"","_et_gb_content_width":"","spay_email":""},"class_list":["post-2362","product","type-product","status-publish","has-post-thumbnail","hentry","product_cat-livres","product_tag-absenteisme","product_tag-adolescent","product_tag-anthropologie","product_tag-deficience-intellectuelle","product_tag-employeur","product_tag-france","product_tag-parentalite","product_tag-personne-handicapee","product_tag-relation-parent-enfant","product_tag-representation-du-handicap","product_tag-surdite"],"jetpack_sharing_enabled":true,"jetpack_likes_enabled":true,"_links":{"self":[{"href":"https:\/\/www.parthages.be\/eboutique\/wp-json\/wp\/v2\/product\/2362","targetHints":{"allow":["GET"]}}],"collection":[{"href":"https:\/\/www.parthages.be\/eboutique\/wp-json\/wp\/v2\/product"}],"about":[{"href":"https:\/\/www.parthages.be\/eboutique\/wp-json\/wp\/v2\/types\/product"}],"replies":[{"embeddable":true,"href":"https:\/\/www.parthages.be\/eboutique\/wp-json\/wp\/v2\/comments?post=2362"}],"wp:featuredmedia":[{"embeddable":true,"href":"https:\/\/www.parthages.be\/eboutique\/wp-json\/wp\/v2\/media\/2363"}],"wp:attachment":[{"href":"https:\/\/www.parthages.be\/eboutique\/wp-json\/wp\/v2\/media?parent=2362"}],"curies":[{"name":"wp","href":"https:\/\/api.w.org\/{rel}","templated":true}]}}

Handicap et parentalité: la surdité le handicap mental et le pangolin

<p>Cet ouvrage est constitué de 4 parties :</p>
<p>La première partie présente la thématique de la séparation traitée dans les sciences humaines. L&rsquo;analyse des recherches sur les situations de handicap montre que le  » handicap « est appréhendé comme une figure de l&rsquo;altérité et peut être associé au rejet ou à la discrimination (séparation de soi et de l&rsquo;autre).</p>
<p>La deuxième partie  explique la représentation de la parentalité « Parents Entendant/Enfant Sourd ». Les résultats de cette étude montre que cette parentalité est représentée comme une menace et revêt la figure du mal dans son sens anthropologique.</p>
<p>La troisième partie propose une analyse de la représentation du handicap chez des parents d&rsquo;enfants handicapés mentaux et polyhandicapés à partir d&rsquo;entretiens recueillis auprès des parents par la méthode d&rsquo;enquête.</p>
<p>La quatrième partie présente l&rsquo;étude de la représentation du handicap et des personnes handicapées à partir d&rsquo;une enquête auprès d&rsquo;un public de  » parents d&rsquo;enfants handicapés, d&rsquo;un groupe d&rsquo;éducateurs travaillant auprès d&rsquo;enfants et d&rsquo;adolescents handicapés et d&rsquo;un groupe tout venant non concerné par le problème du handicap  » Menace, bienfait telle est la représentation du handicap Représentation du handicap tantôt comme une menace tantôt comme un bienfait.</p>
<p>Et enfin la cinquième partie présente l&rsquo;implication de l&rsquo;auteur en tant que chercheuse, dans son objet de recherche qui est le  » handicap « (Présentation de l&rsquo;éditeur)</p>
<p>LAVIGNE C.</p>
<p>Ctnerhi</p>
<p>2004-356p</p>
<p>ISBN : 2-87710-170-3</p>
<p>Cote Doc : 4-10-LAV-H</p>
<p><strong><em>Uniquement à la location</em></strong></p>
<span class="et_bloom_bottom_trigger"></span>

<p>La première partie présente la thématique de la séparation traitée dans les sciences humaines.</p>
