{"id":2389,"date":"2022-03-01T13:24:05","date_gmt":"2022-03-01T12:24:05","guid":{"rendered":"https:\/\/www.parthages.be\/eboutique\/?post_type=product&#038;p=2389"},"modified":"2022-04-15T08:37:46","modified_gmt":"2022-04-15T06:37:46","slug":"lire-ecrire-chanter","status":"publish","type":"product","link":"https:\/\/www.parthages.be\/eboutique\/produit\/lire-ecrire-chanter\/","title":{"rendered":"Lire, \u00e9crire, chanter"},"content":{"rendered":"<p><strong><em>Guide p\u00e9dagogique<\/em><\/strong><\/p>\n<p>La bo\u00eete \u00e0 outils de la \u00ab Bo\u00eete \u00e0 Lettres \u00bb a \u00e9t\u00e9 \u00e9labor\u00e9e \u00e0 partir des travaux d&rsquo;Augustin Grosselin, de Th\u00e9a Bugnet, de Justine Ward, de H\u00e9l\u00e8ne Lubienska de Lenval, de Roger Vittoz, et actualis\u00e9e \u00e0 la lumi\u00e8re des d\u00e9couvertes r\u00e9centes des neurosciences. Dix ans d&rsquo;intenses recherches ont \u00e9t\u00e9 n\u00e9cessaires \u00e0 l&rsquo;auteure pour trouver avec une inlassable patience les sources de cette m\u00e9thode compl\u00e8te d&rsquo;apprentissage de la lecture ET de l&rsquo;\u00e9criture. En effet, il ne suffisait pas de se dire \u00ab \u00e7a marche toujours \u00bb, il \u00e9tait n\u00e9cessaire de comprendre pourquoi, et de mettre en \u00e9vidence quelle coh\u00e9rence interne particuli\u00e8rement pertinente pr\u00e9sidait \u00e0 ladite d\u00e9marche : l&rsquo;utilisation combin\u00e9e des canaux oral, visuel et kinesth\u00e9sique. De lecture agr\u00e9able et \u00e9maill\u00e9 de propositions concr\u00e8tes, cet ouvrage, conforme aux derni\u00e8res instructions de l&rsquo;\u00c9ducation nationale, s&rsquo;adresse tant aux parents qu&rsquo;aux enseignants. (Pr\u00e9sentation de l\u2019\u00e9diteur)<\/p>\n<p>NICAISE\u00a0 F.<\/p>\n<p>Chronique sociale<\/p>\n<p>2021- 191p.- 16.50\u20ac<\/p>\n<p>332gr<\/p>\n<p>ISBN: 978-2-36717-758-8<\/p>\n<p>Cote doc: 10-10-NIC-L\/1<\/p>\n<span class=\"et_bloom_bottom_trigger\"><\/span>","protected":false},"excerpt":{"rendered":"<p>La bo\u00eete \u00e0 outils de la \u00ab Bo\u00eete \u00e0 Lettres \u00bb a \u00e9t\u00e9 \u00e9labor\u00e9e \u00e0 partir des travaux d&rsquo;Augustin Grosselin, de Th\u00e9a Bugnet, de Justine Ward, de H\u00e9l\u00e8ne Lubienska de Lenval, de Roger Vittoz, et actualis\u00e9e \u00e0 la lumi\u00e8re des d\u00e9couvertes r\u00e9centes des neurosciences.<\/p>\n","protected":false},"featured_media":2390,"comment_status":"closed","ping_status":"closed","template":"","meta":{"_et_pb_use_builder":"","_et_pb_old_content":"","_et_gb_content_width":"","spay_email":""},"class_list":["post-2389","product","type-product","status-publish","has-post-thumbnail","hentry","product_cat-livres","product_tag-apprentissage-scolaire","product_tag-developpement-de-lenfant","product_tag-ecriture","product_tag-enfant","product_tag-lecture","product_tag-methode-pedagogique","product_tag-motricite","product_tag-probleme"],"jetpack_sharing_enabled":true,"jetpack_likes_enabled":true,"_links":{"self":[{"href":"https:\/\/www.parthages.be\/eboutique\/wp-json\/wp\/v2\/product\/2389","targetHints":{"allow":["GET"]}}],"collection":[{"href":"https:\/\/www.parthages.be\/eboutique\/wp-json\/wp\/v2\/product"}],"about":[{"href":"https:\/\/www.parthages.be\/eboutique\/wp-json\/wp\/v2\/types\/product"}],"replies":[{"embeddable":true,"href":"https:\/\/www.parthages.be\/eboutique\/wp-json\/wp\/v2\/comments?post=2389"}],"wp:featuredmedia":[{"embeddable":true,"href":"https:\/\/www.parthages.be\/eboutique\/wp-json\/wp\/v2\/media\/2390"}],"wp:attachment":[{"href":"https:\/\/www.parthages.be\/eboutique\/wp-json\/wp\/v2\/media?parent=2389"}],"curies":[{"name":"wp","href":"https:\/\/api.w.org\/{rel}","templated":true}]}}