{"id":2397,"date":"2022-03-01T13:28:42","date_gmt":"2022-03-01T12:28:42","guid":{"rendered":"https:\/\/www.parthages.be\/eboutique\/?post_type=product&#038;p=2397"},"modified":"2022-04-15T08:37:15","modified_gmt":"2022-04-15T06:37:15","slug":"inclusion-et-handicap-mental-et-psychique-le-role-des-etablissements-et-services-sociaux-et-medico-sociaux","status":"publish","type":"product","link":"https:\/\/www.parthages.be\/eboutique\/produit\/inclusion-et-handicap-mental-et-psychique-le-role-des-etablissements-et-services-sociaux-et-medico-sociaux\/","title":{"rendered":"Inclusion et handicap mental et psychique. Le r\u00f4le des \u00e9tablissements et services sociaux et m\u00e9dico-sociaux"},"content":{"rendered":"<p>En 2005, la loi \u00a0\u00bb Handicap \u00a0\u00bb a jet\u00e9 les bases du \u00a0\u00bb virage inclusif \u00a0\u00bb pour une meilleure insertion dans la soci\u00e9t\u00e9 fran\u00e7aise des personnes handicap\u00e9es. La volont\u00e9 est r\u00e9elle, dans les \u00e9tablissements et services sociaux et m\u00e9dico-sociaux, d&rsquo;adapter l&rsquo;institution aux personnes soign\u00e9es et accompagn\u00e9es, particuli\u00e8rement pour les 1,4 million de personnes en situation de handicap mental ou psychique. Cet ouvrage pr\u00e9sente un panorama de la politique du handicap en France et un portrait g\u00e9n\u00e9ral des enfants, adolescents, adultes et personnes \u00e2g\u00e9es accompagn\u00e9s.<br \/>\nIl d\u00e9taille l&rsquo;ensemble des dispositifs et pratiques professionnelles en \u00e9tablissement, \u00e0 l&rsquo;\u00e9cole, dans l&rsquo;entreprise, ainsi que les solutions pour favoriser l&rsquo;habitat inclusif. Les professionnels et \u00e9tudiants du social et m\u00e9dico-social, les enseignants de l&rsquo;Education nationale et les familles des personnes en situation de handicap peuvent ainsi faire le point sur les notions cl\u00e9s (inclusion, d\u00e9sinstitutionalisation, choix de vie, empowerment&#8230;) et mieux conna\u00eetre les responsabilit\u00e9s institutionnelles et les solutions trouv\u00e9es au sein des \u00e9tablissements et services pour donner vie \u00e0 une inclusion heureuse et durable. (Pr\u00e9sentation de l\u2019\u00e9diteur)<\/p>\n<p>ZRIBI G.<\/p>\n<p>Ehesp<\/p>\n<p>2021-144p.-23\u20ac<\/p>\n<p>200gr<\/p>\n<p>ISBN: 978-28109-0831-8<\/p>\n<p>Cote doc: 4-90-ZRI-I<\/p>\n<span class=\"et_bloom_bottom_trigger\"><\/span>","protected":false},"excerpt":{"rendered":"<p>En 2005, la loi \u00a0\u00bb Handicap \u00a0\u00bb a jet\u00e9 les bases du \u00a0\u00bb virage inclusif \u00a0\u00bb pour une meilleure insertion dans la soci\u00e9t\u00e9 fran\u00e7aise des personnes handicap\u00e9es.<\/p>\n","protected":false},"featured_media":2398,"comment_status":"closed","ping_status":"closed","template":"","meta":{"_et_pb_use_builder":"","_et_pb_old_content":"","_et_gb_content_width":"","spay_email":""},"class_list":["post-2397","product","type-product","status-publish","has-post-thumbnail","hentry","product_cat-livres","product_tag-desinstitutionalisation","product_tag-droit","product_tag-emploi","product_tag-handicap-mental","product_tag-inclusion","product_tag-logement","product_tag-scolarisation"],"jetpack_sharing_enabled":true,"jetpack_likes_enabled":true,"_links":{"self":[{"href":"https:\/\/www.parthages.be\/eboutique\/wp-json\/wp\/v2\/product\/2397","targetHints":{"allow":["GET"]}}],"collection":[{"href":"https:\/\/www.parthages.be\/eboutique\/wp-json\/wp\/v2\/product"}],"about":[{"href":"https:\/\/www.parthages.be\/eboutique\/wp-json\/wp\/v2\/types\/product"}],"replies":[{"embeddable":true,"href":"https:\/\/www.parthages.be\/eboutique\/wp-json\/wp\/v2\/comments?post=2397"}],"wp:featuredmedia":[{"embeddable":true,"href":"https:\/\/www.parthages.be\/eboutique\/wp-json\/wp\/v2\/media\/2398"}],"wp:attachment":[{"href":"https:\/\/www.parthages.be\/eboutique\/wp-json\/wp\/v2\/media?parent=2397"}],"curies":[{"name":"wp","href":"https:\/\/api.w.org\/{rel}","templated":true}]}}

Inclusion et handicap mental et psychique. Le rôle des établissements et services sociaux et médico-sociaux

<p>En 2005, la loi  » Handicap  » a jeté les bases du  » virage inclusif  » pour une meilleure insertion dans la société française des personnes handicapées. La volonté est réelle, dans les établissements et services sociaux et médico-sociaux, d&rsquo;adapter l&rsquo;institution aux personnes soignées et accompagnées, particulièrement pour les 1,4 million de personnes en situation de handicap mental ou psychique. Cet ouvrage présente un panorama de la politique du handicap en France et un portrait général des enfants, adolescents, adultes et personnes âgées accompagnés.<br />
Il détaille l&rsquo;ensemble des dispositifs et pratiques professionnelles en établissement, à l&rsquo;école, dans l&rsquo;entreprise, ainsi que les solutions pour favoriser l&rsquo;habitat inclusif. Les professionnels et étudiants du social et médico-social, les enseignants de l&rsquo;Education nationale et les familles des personnes en situation de handicap peuvent ainsi faire le point sur les notions clés (inclusion, désinstitutionalisation, choix de vie, empowerment&#8230;) et mieux connaître les responsabilités institutionnelles et les solutions trouvées au sein des établissements et services pour donner vie à une inclusion heureuse et durable. (Présentation de l’éditeur)</p>
<p>ZRIBI G.</p>
<p>Ehesp</p>
<p>2021-144p.-23€</p>
<p>200gr</p>
<p>ISBN: 978-28109-0831-8</p>
<p>Cote doc: 4-90-ZRI-I</p>
<span class="et_bloom_bottom_trigger"></span>

<p>En 2005, la loi  » Handicap  » a jeté les bases du  » virage inclusif  » pour une meilleure insertion dans la société française des personnes handicapées.</p>
