{"id":2407,"date":"2022-03-01T13:45:40","date_gmt":"2022-03-01T12:45:40","guid":{"rendered":"https:\/\/www.parthages.be\/eboutique\/?post_type=product&#038;p=2407"},"modified":"2022-03-01T13:45:41","modified_gmt":"2022-03-01T12:45:41","slug":"la-prise-en-charge-psychomotrice-du-nourrisson-et-du-jeune-enfant","status":"publish","type":"product","link":"https:\/\/www.parthages.be\/eboutique\/produit\/la-prise-en-charge-psychomotrice-du-nourrisson-et-du-jeune-enfant\/","title":{"rendered":"La prise en charge psychomotrice du nourrisson et du jeune enfant"},"content":{"rendered":"<p>L&rsquo;objet est de montrer la diversit\u00e9 et l&rsquo;int\u00e9r\u00eat th\u00e9rapeutique de l&rsquo;approche psychomotrice du jeune enfant pour permettre de se faire une id\u00e9e des nouvelles tendances qui se font jour en ce domaine.<\/p>\n<p>Face \u00e0 l&rsquo;int\u00e9r\u00eat croissant pour la prise en charge psychomotrice du nourrisson et du jeune enfant, un tour d&rsquo;horizon de celle-ci semble n\u00e9cessaire. Tel est l&rsquo;objet de cet ouvrage collectif : montrer la diversit\u00e9 et l&rsquo;int\u00e9r\u00eat th\u00e9rapeutique de l&rsquo;approche psychomotrice du jeune enfant ; permettre de se faire une id\u00e9e des nouvelles tendances qui se font jour en ce domaine.<\/p>\n<p>Les travaux pr\u00e9sent\u00e9s allient des exp\u00e9riences de terrain aux r\u00e9sultats de r\u00e9centes recherches d\u00e9veloppementales, cliniques et exp\u00e9rimentales. Ils s&rsquo;articulent autour de la prise en charge psychomotrice des jeunes enfants porteurs de d\u00e9ficiences sensorielles, motrices ou mentales ainsi que des techniques d&rsquo;\u00e9valuation et de r\u00e9\u00e9ducation adapt\u00e9es \u00e0 chaque type de handicap. En r\u00e9servant son espace \u00e9ditorial \u00e0 des \u00ab\u00a0praticiens-chercheurs\u00a0\u00bb cet ouvrage se veut un outil de r\u00e9flexions mais \u00e9galement d&rsquo;applications pratiques. (Pr\u00e9sentation de l\u2019\u00e9diteur)<\/p>\n<p>RIVIERE J.<\/p>\n<p>De Boeck Solal \u00e9diteur<\/p>\n<p>2012- 158p. &#8211; 32.90\u20ac<\/p>\n<p>266gr<\/p>\n<p>ISBN: 978-29055807-64<\/p>\n<p>Cote doc: 3-20-RIV-P<\/p>\n<span class=\"et_bloom_bottom_trigger\"><\/span>","protected":false},"excerpt":{"rendered":"<p>L&rsquo;objet est de montrer la diversit\u00e9 et l&rsquo;int\u00e9r\u00eat th\u00e9rapeutique de l&rsquo;approche psychomotrice du jeune enfant pour permettre de se faire une id\u00e9e des nouvelles tendances qui se font jour en ce domaine.<\/p>\n","protected":false},"featured_media":2408,"comment_status":"closed","ping_status":"closed","template":"","meta":{"_et_pb_use_builder":"","_et_pb_old_content":"","_et_gb_content_width":"","spay_email":""},"class_list":["post-2407","product","type-product","status-publish","has-post-thumbnail","hentry","product_cat-livres","product_tag-autisme","product_tag-deficience-visuelle","product_tag-developpement-psychomoteur","product_tag-enfant","product_tag-france","product_tag-hospitalisation","product_tag-langage","product_tag-motricite","product_tag-nourrisson","product_tag-nouvelle-technologie","product_tag-personne-handicapee","product_tag-perspective","product_tag-prematurite","product_tag-prise-en-charge","product_tag-soins","product_tag-stimulation","product_tag-surdite","product_tag-trisomie-21"],"jetpack_sharing_enabled":true,"jetpack_likes_enabled":true,"_links":{"self":[{"href":"https:\/\/www.parthages.be\/eboutique\/wp-json\/wp\/v2\/product\/2407","targetHints":{"allow":["GET"]}}],"collection":[{"href":"https:\/\/www.parthages.be\/eboutique\/wp-json\/wp\/v2\/product"}],"about":[{"href":"https:\/\/www.parthages.be\/eboutique\/wp-json\/wp\/v2\/types\/product"}],"replies":[{"embeddable":true,"href":"https:\/\/www.parthages.be\/eboutique\/wp-json\/wp\/v2\/comments?post=2407"}],"wp:featuredmedia":[{"embeddable":true,"href":"https:\/\/www.parthages.be\/eboutique\/wp-json\/wp\/v2\/media\/2408"}],"wp:attachment":[{"href":"https:\/\/www.parthages.be\/eboutique\/wp-json\/wp\/v2\/media?parent=2407"}],"curies":[{"name":"wp","href":"https:\/\/api.w.org\/{rel}","templated":true}]}}

<p>L&rsquo;objet est de montrer la diversité et l&rsquo;intérêt thérapeutique de l&rsquo;approche psychomotrice du jeune enfant pour permettre de se faire une idée des nouvelles tendances qui se font jour en ce domaine.</p>
<p>Face à l&rsquo;intérêt croissant pour la prise en charge psychomotrice du nourrisson et du jeune enfant, un tour d&rsquo;horizon de celle-ci semble nécessaire. Tel est l&rsquo;objet de cet ouvrage collectif : montrer la diversité et l&rsquo;intérêt thérapeutique de l&rsquo;approche psychomotrice du jeune enfant ; permettre de se faire une idée des nouvelles tendances qui se font jour en ce domaine.</p>
<p>Les travaux présentés allient des expériences de terrain aux résultats de récentes recherches développementales, cliniques et expérimentales. Ils s&rsquo;articulent autour de la prise en charge psychomotrice des jeunes enfants porteurs de déficiences sensorielles, motrices ou mentales ainsi que des techniques d&rsquo;évaluation et de rééducation adaptées à chaque type de handicap. En réservant son espace éditorial à des « praticiens-chercheurs » cet ouvrage se veut un outil de réflexions mais également d&rsquo;applications pratiques. (Présentation de l’éditeur)</p>
<p>RIVIERE J.</p>
<p>De Boeck Solal éditeur</p>
<p>2012- 158p. &#8211; 32.90€</p>
<p>266gr</p>
<p>ISBN: 978-29055807-64</p>
<p>Cote doc: 3-20-RIV-P</p>
<span class="et_bloom_bottom_trigger"></span>

<p>L&rsquo;objet est de montrer la diversité et l&rsquo;intérêt thérapeutique de l&rsquo;approche psychomotrice du jeune enfant pour permettre de se faire une idée des nouvelles tendances qui se font jour en ce domaine.</p>
