{"id":246,"date":"2012-10-17T11:08:00","date_gmt":"2012-10-17T09:08:00","guid":{"rendered":"https:\/\/www.parthages.be\/wordpress\/produit\/autiste-pour-nous-l-essentiel-est-invisible\/"},"modified":"2022-06-03T09:58:53","modified_gmt":"2022-06-03T07:58:53","slug":"autiste-pour-nous-l-essentiel-est-invisible","status":"publish","type":"product","link":"https:\/\/www.parthages.be\/eboutique\/produit\/autiste-pour-nous-l-essentiel-est-invisible\/","title":{"rendered":"Autiste ? Pour nous, l&rsquo;essentiel est invisible"},"content":{"rendered":"<p>L\u2019auteur nous plonge d\u2019abord dans l\u2019histoire de son fils : une histoire qui d\u00e9range tant l\u2019insouciance de la petite enfance est mise \u00e0 mal, et semble sournoisement vol\u00e9e par une diff\u00e9rence invisible qui inqui\u00e8te, questionne, isole\u2026 On prend ainsi la mesure du foss\u00e9 qui se creuse insidieusement, et chaque jour davantage, entre le monde social et une famille concern\u00e9e par la condition autistique. Puis elle nous emm\u00e8ne progressivement dans une compr\u00e9hension sociale et int\u00e9rieure du syndrome autistique de haut niveau ou Asperger. L\u2019\u00e9criture d\u2019Elisabeth Emily nous transporte avec talent en des lieux et des pens\u00e9es inexplor\u00e9s. Un t\u00e9moignage clinique unique qui contribuera au progr\u00e8s des approches \u00e9ducatives. (Pr\u00e9sentation de l\u2019\u00e9diteur)<\/p>\n<p>EMILY E.<\/p>\n<p>2012-176p.<\/p>\n<p>262gr<\/p>\n<p>ISBN\u00a0: 978-2-10-058187-0<\/p>\n<p>Cote doc\u00a0: 1-70-EMI-A<\/p>\n<span class=\"et_bloom_bottom_trigger\"><\/span>","protected":false},"excerpt":{"rendered":"<p>L\u2019auteur nous plonge d\u2019abord dans l\u2019histoire de son fils : une histoire qui d\u00e9range tant l\u2019insouciance de la petite enfance est mise \u00e0 mal, et semble sournoisement vol\u00e9e par une diff\u00e9rence invisible qui inqui\u00e8te, questionne, isole\u2026<\/p>\n","protected":false},"featured_media":245,"comment_status":"open","ping_status":"closed","template":"","meta":{"_et_pb_use_builder":"","_et_pb_old_content":"","_et_gb_content_width":"","spay_email":""},"class_list":["post-246","product","type-product","status-publish","has-post-thumbnail","hentry","product_cat-livres","product_tag-accompagnement","product_tag-anxiete","product_tag-autisme","product_tag-education","product_tag-enfant","product_tag-personne-handicapee","product_tag-relation-familiale","product_tag-temoignage"],"jetpack_sharing_enabled":true,"jetpack_likes_enabled":true,"_links":{"self":[{"href":"https:\/\/www.parthages.be\/eboutique\/wp-json\/wp\/v2\/product\/246","targetHints":{"allow":["GET"]}}],"collection":[{"href":"https:\/\/www.parthages.be\/eboutique\/wp-json\/wp\/v2\/product"}],"about":[{"href":"https:\/\/www.parthages.be\/eboutique\/wp-json\/wp\/v2\/types\/product"}],"replies":[{"embeddable":true,"href":"https:\/\/www.parthages.be\/eboutique\/wp-json\/wp\/v2\/comments?post=246"}],"wp:featuredmedia":[{"embeddable":true,"href":"https:\/\/www.parthages.be\/eboutique\/wp-json\/wp\/v2\/media\/245"}],"wp:attachment":[{"href":"https:\/\/www.parthages.be\/eboutique\/wp-json\/wp\/v2\/media?parent=246"}],"curies":[{"name":"wp","href":"https:\/\/api.w.org\/{rel}","templated":true}]}}

<p>L’auteur nous plonge d’abord dans l’histoire de son fils : une histoire qui dérange tant l’insouciance de la petite enfance est mise à mal, et semble sournoisement volée par une différence invisible qui inquiète, questionne, isole… On prend ainsi la mesure du fossé qui se creuse insidieusement, et chaque jour davantage, entre le monde social et une famille concernée par la condition autistique. Puis elle nous emmène progressivement dans une compréhension sociale et intérieure du syndrome autistique de haut niveau ou Asperger. L’écriture d’Elisabeth Emily nous transporte avec talent en des lieux et des pensées inexplorés. Un témoignage clinique unique qui contribuera au progrès des approches éducatives. (Présentation de l’éditeur)</p>
<p>EMILY E.</p>
<p>2012-176p.</p>
<p>262gr</p>
<p>ISBN : 978-2-10-058187-0</p>
<p>Cote doc : 1-70-EMI-A</p>
<span class="et_bloom_bottom_trigger"></span>

<p>L’auteur nous plonge d’abord dans l’histoire de son fils : une histoire qui dérange tant l’insouciance de la petite enfance est mise à mal, et semble sournoisement volée par une différence invisible qui inquiète, questionne, isole…</p>
