{"id":2464,"date":"2022-03-18T17:58:14","date_gmt":"2022-03-18T16:58:14","guid":{"rendered":"https:\/\/www.parthages.be\/eboutique\/?post_type=product&#038;p=2464"},"modified":"2022-03-18T17:58:52","modified_gmt":"2022-03-18T16:58:52","slug":"snoezelen-un-autre-monde","status":"publish","type":"product","link":"https:\/\/www.parthages.be\/eboutique\/produit\/snoezelen-un-autre-monde\/","title":{"rendered":"Snoezelen: un autre monde"},"content":{"rendered":"<p>Ce livre est \u00e0 la fois l&rsquo;\u00e9nonciation d&rsquo;une philosophie d&rsquo;approche de la personne handicap\u00e9e, la description d&rsquo;appareils et la r\u00e9flexion de deux personnes qui tentent, \u00e0 partir de leur propre exp\u00e9rience, de faire d\u00e9couvrir autrement le polyhandicap\u00e9. (Pr\u00e9sentation de l\u2019\u00e9diteur)<\/p>\n<p>HULSEGGE J.- VERHEUL A.<\/p>\n<p>Erasme<\/p>\n<p>1989- 179p.<\/p>\n<p>ISBN: 2-87127-166-6<\/p>\n<p>Cote doc: 3-10-HUL-S<\/p>\n<p><strong><em>Uniquement \u00e0 la location<\/em><\/strong><\/p>\n<span class=\"et_bloom_bottom_trigger\"><\/span>","protected":false},"excerpt":{"rendered":"<p>Ce livre est \u00e0 la fois l&rsquo;\u00e9nonciation d&rsquo;une philosophie<\/p>\n","protected":false},"featured_media":2465,"comment_status":"closed","ping_status":"closed","template":"","meta":{"_et_pb_use_builder":"","_et_pb_old_content":"","_et_gb_content_width":"","spay_email":""},"class_list":["post-2464","product","type-product","status-publish","has-post-thumbnail","hentry","product_cat-livres","product_tag-deficience-intellectuelle","product_tag-deficience-multiple","product_tag-environnement","product_tag-intervention","product_tag-personne-handicapee","product_tag-philosophie","product_tag-therapeutique"],"jetpack_sharing_enabled":true,"jetpack_likes_enabled":true,"_links":{"self":[{"href":"https:\/\/www.parthages.be\/eboutique\/wp-json\/wp\/v2\/product\/2464","targetHints":{"allow":["GET"]}}],"collection":[{"href":"https:\/\/www.parthages.be\/eboutique\/wp-json\/wp\/v2\/product"}],"about":[{"href":"https:\/\/www.parthages.be\/eboutique\/wp-json\/wp\/v2\/types\/product"}],"replies":[{"embeddable":true,"href":"https:\/\/www.parthages.be\/eboutique\/wp-json\/wp\/v2\/comments?post=2464"}],"wp:featuredmedia":[{"embeddable":true,"href":"https:\/\/www.parthages.be\/eboutique\/wp-json\/wp\/v2\/media\/2465"}],"wp:attachment":[{"href":"https:\/\/www.parthages.be\/eboutique\/wp-json\/wp\/v2\/media?parent=2464"}],"curies":[{"name":"wp","href":"https:\/\/api.w.org\/{rel}","templated":true}]}}