{"id":2469,"date":"2022-03-18T18:27:21","date_gmt":"2022-03-18T17:27:21","guid":{"rendered":"https:\/\/www.parthages.be\/eboutique\/?post_type=product&#038;p=2469"},"modified":"2022-03-18T18:27:22","modified_gmt":"2022-03-18T17:27:22","slug":"c-p-a-communication-profonde-accompagnee","status":"publish","type":"product","link":"https:\/\/www.parthages.be\/eboutique\/produit\/c-p-a-communication-profonde-accompagnee\/","title":{"rendered":"C.P.A. Communication profonde accompagn\u00e9e"},"content":{"rendered":"<p><strong>Un chemin vers l\u2019Etre<\/strong><\/p>\n<p>L&rsquo;accompagnement en communication profonde ouvre un espace \u00e0 l&rsquo;expression des \u00e9motions. La Communication Profonde Accompagn\u00e9e (CPA) permet, par un accompagnement du geste au-dessus d&rsquo;un clavier d&rsquo;ordinateur, l&rsquo;expression d&rsquo;une part de nous-m\u00eame \u00e0 laquelle nous n&rsquo;avons habituellement pas acc\u00e8s.<\/p>\n<p>La CPA s&rsquo;adresse autant aux personnes priv\u00e9es de parole qu&rsquo;aux personnes capables de communication verbale.<\/p>\n<p>La vision du handicap est boulevers\u00e9e par cet accompagnement. Les textes tap\u00e9s montrent que, quel que soit le handicap qui emp\u00eache quelqu&rsquo;un de communiquer par la parole, une conscience intacte se d\u00e9ploie \u00e0 un autre niveau de r\u00e9alit\u00e9 que son syst\u00e8me cognitif et sensoriel. Le soutien de la main ouvre l&rsquo;acc\u00e8s \u00e0 cette part indemne de l&rsquo;individu.<\/p>\n<p>Il y a en chacun un merveilleux potentiel d&rsquo;amour qui se manifeste d\u00e8s que s&rsquo;ouvre un espace propice \u00e0 son expression. La CPA ouvre un tel espace.<\/p>\n<p>En effet, \u00e0 travers la Communication Profonde Accompagn\u00e9e, et au-del\u00e0 des souffrances travers\u00e9es, le mot parle de l&rsquo;\u00eatre, l&rsquo;\u00eatre dans son appartenance \u00e0 une lign\u00e9e, \u00e0 un contexte culturel et, plus profond\u00e9ment encore, dans son appartenance \u00e0 l&rsquo;univers, au cosmos, au Tout.<\/p>\n<p>(Pr\u00e9sentation de l\u2019\u00e9diteur)<\/p>\n<p>GARCIN-FRADET M.<\/p>\n<p>Editions Quintessence<\/p>\n<p>2006 -128p.<\/p>\n<p>ISBN\u00a0: 2-913281-55-9<\/p>\n<p>Cote doc: 3-10-GAR-C<\/p>\n<p><strong><em>Uniquement \u00e0 la location<\/em><\/strong><\/p>\n<span class=\"et_bloom_bottom_trigger\"><\/span>","protected":false},"excerpt":{"rendered":"<p>Un chemin vers l\u2019Etre L&rsquo;accompagnement en communication profonde ouvre un espace \u00e0 l&rsquo;expression des \u00e9motions. La Communication Profonde Accompagn\u00e9e (CPA) permet, par un accompagnement du geste au-dessus d&rsquo;un clavier d&rsquo;ordinateur, l&rsquo;expression d&rsquo;une part de nous-m\u00eame \u00e0 laquelle nous n&rsquo;avons habituellement pas acc\u00e8s. La CPA s&rsquo;adresse autant aux personnes priv\u00e9es de parole qu&rsquo;aux personnes capables de [&hellip;]<\/p>\n","protected":false},"featured_media":2470,"comment_status":"closed","ping_status":"closed","template":"","meta":{"_et_pb_use_builder":"","_et_pb_old_content":"","_et_gb_content_width":"","spay_email":""},"class_list":["post-2469","product","type-product","status-publish","has-post-thumbnail","hentry","product_cat-livres","product_tag-accompagnement","product_tag-communication","product_tag-communication-gestuelle","product_tag-langage-non-verbal","product_tag-langage-verbal","product_tag-personne-handicapee"],"jetpack_sharing_enabled":true,"jetpack_likes_enabled":true,"_links":{"self":[{"href":"https:\/\/www.parthages.be\/eboutique\/wp-json\/wp\/v2\/product\/2469","targetHints":{"allow":["GET"]}}],"collection":[{"href":"https:\/\/www.parthages.be\/eboutique\/wp-json\/wp\/v2\/product"}],"about":[{"href":"https:\/\/www.parthages.be\/eboutique\/wp-json\/wp\/v2\/types\/product"}],"replies":[{"embeddable":true,"href":"https:\/\/www.parthages.be\/eboutique\/wp-json\/wp\/v2\/comments?post=2469"}],"wp:featuredmedia":[{"embeddable":true,"href":"https:\/\/www.parthages.be\/eboutique\/wp-json\/wp\/v2\/media\/2470"}],"wp:attachment":[{"href":"https:\/\/www.parthages.be\/eboutique\/wp-json\/wp\/v2\/media?parent=2469"}],"curies":[{"name":"wp","href":"https:\/\/api.w.org\/{rel}","templated":true}]}}

C.P.A. Communication profonde accompagnée

<p><strong>Un chemin vers l’Etre</strong></p>
<p>L&rsquo;accompagnement en communication profonde ouvre un espace à l&rsquo;expression des émotions. La Communication Profonde Accompagnée (CPA) permet, par un accompagnement du geste au-dessus d&rsquo;un clavier d&rsquo;ordinateur, l&rsquo;expression d&rsquo;une part de nous-même à laquelle nous n&rsquo;avons habituellement pas accès.</p>
<p>La CPA s&rsquo;adresse autant aux personnes privées de parole qu&rsquo;aux personnes capables de communication verbale.</p>
<p>La vision du handicap est bouleversée par cet accompagnement. Les textes tapés montrent que, quel que soit le handicap qui empêche quelqu&rsquo;un de communiquer par la parole, une conscience intacte se déploie à un autre niveau de réalité que son système cognitif et sensoriel. Le soutien de la main ouvre l&rsquo;accès à cette part indemne de l&rsquo;individu.</p>
<p>Il y a en chacun un merveilleux potentiel d&rsquo;amour qui se manifeste dès que s&rsquo;ouvre un espace propice à son expression. La CPA ouvre un tel espace.</p>
<p>En effet, à travers la Communication Profonde Accompagnée, et au-delà des souffrances traversées, le mot parle de l&rsquo;être, l&rsquo;être dans son appartenance à une lignée, à un contexte culturel et, plus profondément encore, dans son appartenance à l&rsquo;univers, au cosmos, au Tout.</p>
<p>(Présentation de l’éditeur)</p>
<p>GARCIN-FRADET M.</p>
<p>Editions Quintessence</p>
<p>2006 -128p.</p>
<p>ISBN : 2-913281-55-9</p>
<p>Cote doc: 3-10-GAR-C</p>
<p><strong><em>Uniquement à la location</em></strong></p>
<span class="et_bloom_bottom_trigger"></span>

<p>Un chemin vers l’Etre L&rsquo;accompagnement en communication profonde ouvre un espace à l&rsquo;expression des émotions. La Communication Profonde Accompagnée (CPA) permet, par un accompagnement du geste au-dessus d&rsquo;un clavier d&rsquo;ordinateur, l&rsquo;expression d&rsquo;une part de nous-même à laquelle nous n&rsquo;avons habituellement pas accès. La CPA s&rsquo;adresse autant aux personnes privées de parole qu&rsquo;aux personnes capables de [&hellip;]</p>
