{"id":2477,"date":"2022-03-25T10:59:00","date_gmt":"2022-03-25T09:59:00","guid":{"rendered":"https:\/\/www.parthages.be\/eboutique\/?post_type=product&#038;p=2477"},"modified":"2022-03-25T10:59:01","modified_gmt":"2022-03-25T09:59:01","slug":"musique-et-handicap","status":"publish","type":"product","link":"https:\/\/www.parthages.be\/eboutique\/produit\/musique-et-handicap\/","title":{"rendered":"Musique et Handicap"},"content":{"rendered":"<p><strong>Tout ce que vous devez savoir pour favoriser et d\u00e9velopper les activit\u00e9s musicales des personnes en situation de handicap<\/strong><\/p>\n<p>En musicoth\u00e9rapie, les travaux portant sur l&rsquo;\u00e9tude des processus musicaux, des bases biologiques et physiologiques, des effets psychologiques et du v\u00e9cu corporel de la musique, permettent de pr\u00e9ciser ses indications, ses contre indications et ses limites.<\/p>\n<p>La musicoth\u00e9rapie est une forme de psychoth\u00e9rapie qui repose sur la relation tripolaire th\u00e9rapeute \/ patient \/ musique. Son champ d&rsquo;application d\u00e9borde le domaine de la psychiatrie pour s&rsquo;\u00e9tendre \u00e0 toute la pathologie. Tous les \u00e2ges sont concern\u00e9s. Toutes les musiques, profanes ou sacr\u00e9es savantes ou populaires, anciennes ou contemporaines, de toutes les cultures pr\u00e9sentent un int\u00e9r\u00eat. Les m\u00e9thodes d&rsquo;application sont multiples : d&rsquo;\u00e9coute et d&rsquo;improvisation, individuelles et groupales\u2026 (Pr\u00e9sentation de l\u2019\u00e9diteur)<\/p>\n<p>&nbsp;<\/p>\n<p>CARRE A.<\/p>\n<p>Editions Fuzeau<\/p>\n<p>2006-261p.<\/p>\n<p>ISBN\u00a0: 2-84-169-158-6<\/p>\n<p>Cote doc\u00a0: 3-10-CAR-M<\/p>\n<p><strong><em>Uniquement \u00e0 la location<\/em><\/strong><\/p>\n<span class=\"et_bloom_bottom_trigger\"><\/span>","protected":false},"excerpt":{"rendered":"<p>Tout ce que vous devez savoir pour favoriser et d\u00e9velopper les activit\u00e9s musicales des personnes en situation de handicap<\/p>\n","protected":false},"featured_media":2478,"comment_status":"closed","ping_status":"closed","template":"","meta":{"_et_pb_use_builder":"","_et_pb_old_content":"","_et_gb_content_width":"","spay_email":""},"class_list":["post-2477","product","type-product","status-publish","has-post-thumbnail","hentry","product_cat-livres","product_tag-adulte","product_tag-enfant","product_tag-musicotherapie","product_tag-outil-pedagogique","product_tag-perception","product_tag-personne-handicapee","product_tag-surdite"],"jetpack_sharing_enabled":true,"jetpack_likes_enabled":true,"_links":{"self":[{"href":"https:\/\/www.parthages.be\/eboutique\/wp-json\/wp\/v2\/product\/2477","targetHints":{"allow":["GET"]}}],"collection":[{"href":"https:\/\/www.parthages.be\/eboutique\/wp-json\/wp\/v2\/product"}],"about":[{"href":"https:\/\/www.parthages.be\/eboutique\/wp-json\/wp\/v2\/types\/product"}],"replies":[{"embeddable":true,"href":"https:\/\/www.parthages.be\/eboutique\/wp-json\/wp\/v2\/comments?post=2477"}],"wp:featuredmedia":[{"embeddable":true,"href":"https:\/\/www.parthages.be\/eboutique\/wp-json\/wp\/v2\/media\/2478"}],"wp:attachment":[{"href":"https:\/\/www.parthages.be\/eboutique\/wp-json\/wp\/v2\/media?parent=2477"}],"curies":[{"name":"wp","href":"https:\/\/api.w.org\/{rel}","templated":true}]}}