{"id":2482,"date":"2022-04-05T14:24:26","date_gmt":"2022-04-05T12:24:26","guid":{"rendered":"https:\/\/www.parthages.be\/eboutique\/?post_type=product&#038;p=2482"},"modified":"2022-04-05T14:24:26","modified_gmt":"2022-04-05T12:24:26","slug":"renaitre-apres-laccident-la-reeducation-psychotherapique-des-traumatises-craniens","status":"publish","type":"product","link":"https:\/\/www.parthages.be\/eboutique\/produit\/renaitre-apres-laccident-la-reeducation-psychotherapique-des-traumatises-craniens\/","title":{"rendered":"Rena\u00eetre apr\u00e8s l&rsquo;accident &#8211; la r\u00e9\u00e9ducation psychoth\u00e9rapique des traumatis\u00e9s cr\u00e2niens"},"content":{"rendered":"<p>Pratique et informatif, cet ouvrage met avant tout l&rsquo;accent sur l&rsquo;ensemble des aspects psychologiques dans la prise en charge et la r\u00e9\u00e9ducation des traumatis\u00e9s cr\u00e2niens. Il d\u00e9crit, commente et explicite les diff\u00e9rentes phases du coma \u00e0 l&rsquo;\u00e9veil, jusqu&rsquo;\u00e0 la r\u00e9\u00e9ducation fonctionnelle et la r\u00e9insertion. (Pr\u00e9sentation de l\u2019\u00e9diteur)<\/p>\n<p>BOYER-LABROUCHE A.<\/p>\n<p>Dunod<\/p>\n<p>1996-160p.<\/p>\n<p>ISBN: 2-10-002908-8<\/p>\n<p>Cote doc: 3-10-BOY-R<\/p>\n<p><strong><em>Uniquement \u00e0 la location<\/em><\/strong><\/p>\n<span class=\"et_bloom_bottom_trigger\"><\/span>","protected":false},"excerpt":{"rendered":"<p>Pratique et informatif, cet ouvrage met avant tout l&rsquo;accent sur l&rsquo;ensemble des aspects psychologiques dans la prise en charge et la r\u00e9\u00e9ducation des traumatis\u00e9s cr\u00e2niens.<\/p>\n","protected":false},"featured_media":2483,"comment_status":"closed","ping_status":"closed","template":"","meta":{"_et_pb_use_builder":"","_et_pb_old_content":"","_et_gb_content_width":"","spay_email":""},"class_list":["post-2482","product","type-product","status-publish","has-post-thumbnail","hentry","product_cat-livres","product_tag-accident","product_tag-coma","product_tag-neurologie","product_tag-personne-handicapee","product_tag-psychopathologie","product_tag-psychotherapie","product_tag-reeducation","product_tag-reinsertion","product_tag-sequelle","product_tag-traumatisme"],"jetpack_sharing_enabled":true,"jetpack_likes_enabled":true,"_links":{"self":[{"href":"https:\/\/www.parthages.be\/eboutique\/wp-json\/wp\/v2\/product\/2482","targetHints":{"allow":["GET"]}}],"collection":[{"href":"https:\/\/www.parthages.be\/eboutique\/wp-json\/wp\/v2\/product"}],"about":[{"href":"https:\/\/www.parthages.be\/eboutique\/wp-json\/wp\/v2\/types\/product"}],"replies":[{"embeddable":true,"href":"https:\/\/www.parthages.be\/eboutique\/wp-json\/wp\/v2\/comments?post=2482"}],"wp:featuredmedia":[{"embeddable":true,"href":"https:\/\/www.parthages.be\/eboutique\/wp-json\/wp\/v2\/media\/2483"}],"wp:attachment":[{"href":"https:\/\/www.parthages.be\/eboutique\/wp-json\/wp\/v2\/media?parent=2482"}],"curies":[{"name":"wp","href":"https:\/\/api.w.org\/{rel}","templated":true}]}}

Renaître après l&rsquo;accident &#8211; la rééducation psychothérapique des traumatisés crâniens

<p>Pratique et informatif, cet ouvrage met avant tout l&rsquo;accent sur l&rsquo;ensemble des aspects psychologiques dans la prise en charge et la rééducation des traumatisés crâniens. Il décrit, commente et explicite les différentes phases du coma à l&rsquo;éveil, jusqu&rsquo;à la rééducation fonctionnelle et la réinsertion. (Présentation de l’éditeur)</p>
<p>BOYER-LABROUCHE A.</p>
<p>Dunod</p>
<p>1996-160p.</p>
<p>ISBN: 2-10-002908-8</p>
<p>Cote doc: 3-10-BOY-R</p>
<p><strong><em>Uniquement à la location</em></strong></p>
<span class="et_bloom_bottom_trigger"></span>

<p>Pratique et informatif, cet ouvrage met avant tout l&rsquo;accent sur l&rsquo;ensemble des aspects psychologiques dans la prise en charge et la rééducation des traumatisés crâniens.</p>
