{"id":2488,"date":"2022-04-05T14:33:05","date_gmt":"2022-04-05T12:33:05","guid":{"rendered":"https:\/\/www.parthages.be\/eboutique\/?post_type=product&#038;p=2488"},"modified":"2022-04-05T14:33:05","modified_gmt":"2022-04-05T12:33:05","slug":"la-malvoyance-chez-ladulte-la-comprendre-la-vivre-mieux","status":"publish","type":"product","link":"https:\/\/www.parthages.be\/eboutique\/produit\/la-malvoyance-chez-ladulte-la-comprendre-la-vivre-mieux\/","title":{"rendered":"La malvoyance chez l&rsquo;adulte: la comprendre la vivre mieux"},"content":{"rendered":"<p>La personne malvoyante est celle dont la vision est mauvaise, handicap suffisamment marqu\u00e9 pour la g\u00eaner dans sa vie relationnelle et professionnelle. N\u00e9anmoins, m\u00eame si sa vision est plus ou moins gravement d\u00e9ficitaire, elle voit ou per\u00e7oit encore. Cette r\u00e9duction de la vision est cependant lourde de cons\u00e9quences, tant sur le plan psychologique que celui de la r\u00e9duction de l&rsquo;autonomie. Fatalit\u00e9 subie, la malvoyance est aujourd&rsquo;hui une d\u00e9ficience \u00e0 laquelle peuvent \u00eatre apport\u00e9es certaines assistances. Si la survenue de la maladie ne peut \u00eatre \u00e9vit\u00e9e, une r\u00e9\u00e9ducation sp\u00e9cifique, des aides techniques et humaines, des outils optiques adapt\u00e9s, des prises en charge appropri\u00e9es&#8230; sont autant de propositions qui peuvent d\u00e9sormais aider la personne malvoyante \u00e0 utiliser le meilleur de son potentiel visuel. Toutes ces informations sont ici regroup\u00e9es, synth\u00e9tis\u00e9es, clarifi\u00e9es pour r\u00e9pondre aux besoins et questions des personnes malvoyantes, de leur entourage et des \u00ab\u00a0professionnels de sant\u00e9\u00a0\u00bb. Motiv\u00e9e par l&rsquo;ambition du projet, l&rsquo;\u00e9quipe de sp\u00e9cialistes internationaux qui a r\u00e9dig\u00e9 cet ouvrage a souhait\u00e9 transmettre toutes ses connaissances et savoir-faire pour donner \u00e0 la personne malvoyante la possibilit\u00e9 de vivre au mieux avec elle-m\u00eame, et aux autres acteurs de saisir le handicap que la malvoyance repr\u00e9sente. (Pr\u00e9sentation de l\u2019\u00e9diteur)<\/p>\n<p>&nbsp;<\/p>\n<p>KOVARSKI C.<\/p>\n<p>Vuibert<\/p>\n<p>2008-399p<\/p>\n<p>ISBN\u00a0: 978-27117-9196-5<\/p>\n<p>Cote doc\u00a0: 2-70-KOV-M<\/p>\n<p><strong><em>Uniquement \u00e0 la location<\/em><\/strong><\/p>\n<span class=\"et_bloom_bottom_trigger\"><\/span>","protected":false},"excerpt":{"rendered":"<p>La personne malvoyante est celle dont la vision est mauvaise, handicap suffisamment marqu\u00e9 pour la g\u00eaner dans sa vie relationnelle et professionnelle.<\/p>\n","protected":false},"featured_media":2490,"comment_status":"closed","ping_status":"closed","template":"","meta":{"_et_pb_use_builder":"","_et_pb_old_content":"","_et_gb_content_width":"","spay_email":""},"class_list":["post-2488","product","type-product","status-publish","has-post-thumbnail","hentry","product_cat-livres","product_tag-acces-au-travail","product_tag-accessibilite","product_tag-adulte","product_tag-aide-technique","product_tag-association","product_tag-belgique","product_tag-deficience-visuelle","product_tag-france","product_tag-handicap-sensoriel","product_tag-loisir","product_tag-luxembourg","product_tag-quebec","product_tag-solitude","product_tag-suisse","product_tag-vie-quotidienne"],"jetpack_sharing_enabled":true,"jetpack_likes_enabled":true,"_links":{"self":[{"href":"https:\/\/www.parthages.be\/eboutique\/wp-json\/wp\/v2\/product\/2488","targetHints":{"allow":["GET"]}}],"collection":[{"href":"https:\/\/www.parthages.be\/eboutique\/wp-json\/wp\/v2\/product"}],"about":[{"href":"https:\/\/www.parthages.be\/eboutique\/wp-json\/wp\/v2\/types\/product"}],"replies":[{"embeddable":true,"href":"https:\/\/www.parthages.be\/eboutique\/wp-json\/wp\/v2\/comments?post=2488"}],"wp:featuredmedia":[{"embeddable":true,"href":"https:\/\/www.parthages.be\/eboutique\/wp-json\/wp\/v2\/media\/2490"}],"wp:attachment":[{"href":"https:\/\/www.parthages.be\/eboutique\/wp-json\/wp\/v2\/media?parent=2488"}],"curies":[{"name":"wp","href":"https:\/\/api.w.org\/{rel}","templated":true}]}}