{"id":2503,"date":"2022-04-05T14:50:33","date_gmt":"2022-04-05T12:50:33","guid":{"rendered":"https:\/\/www.parthages.be\/eboutique\/?post_type=product&#038;p=2503"},"modified":"2022-04-05T14:50:34","modified_gmt":"2022-04-05T12:50:34","slug":"tout-ce-que-vous-avez-toujours-voulu-savoir-sur-le-polyhandicap-sans-jamais-oser-le-demander","status":"publish","type":"product","link":"https:\/\/www.parthages.be\/eboutique\/produit\/tout-ce-que-vous-avez-toujours-voulu-savoir-sur-le-polyhandicap-sans-jamais-oser-le-demander\/","title":{"rendered":"Tout ce que vous avez toujours voulu savoir sur le polyhandicap sans jamais oser le demander"},"content":{"rendered":"<p>\u00ab\u00a0Depuis plusieurs ann\u00e9es, nous tentons de faire conna\u00eetre le monde du polyhandicap en pensant que la connaissance att\u00e9nuerait l&rsquo;indiff\u00e9rence, la peur, l&rsquo;ignorance&#8230;<\/p>\n<p>Ce livret compos\u00e9 de t\u00e9moignages et de dessins reste dans la continuit\u00e9 de notre action et aidera, nous l&rsquo;esp\u00e9rons de tout c\u0153ur, \u00e0 r\u00e9\u00e9duquer le regard de l&rsquo;humanit\u00e9 face au polyhandicap. Les personnes et personnalit\u00e9s, crois\u00e9es sur notre chemin, ont su nous conforter dans cette n\u00e9cessit\u00e9 de montrer au grand jour que nos enfants existaient et ont accept\u00e9 spontan\u00e9ment de t\u00e9moigner pour eux.\u00a0\u00bb Pr\u00e9sentation de l\u2019\u00e9diteur)<\/p>\n<p>EVRARD S.- VIENNOT F.<\/p>\n<p>Editions Charles Corlet<\/p>\n<p>2004-78p.<\/p>\n<p>ISBN\u00a0: 2-84706-173-8<\/p>\n<p>Cote doc\u00a0: 2-60-EVR-T<\/p>\n<p><strong><em>Uniquement \u00e0 la location<\/em><\/strong><\/p>\n<span class=\"et_bloom_bottom_trigger\"><\/span>","protected":false},"excerpt":{"rendered":"<p>\u00ab\u00a0Depuis plusieurs ann\u00e9es, nous tentons de faire conna\u00eetre le monde du polyhandicap en pensant que la connaissance att\u00e9nuerait l&rsquo;indiff\u00e9rence, la peur, l&rsquo;ignorance&#8230;<\/p>\n","protected":false},"featured_media":2504,"comment_status":"closed","ping_status":"closed","template":"","meta":{"_et_pb_use_builder":"","_et_pb_old_content":"","_et_gb_content_width":"","spay_email":""},"class_list":["post-2503","product","type-product","status-publish","has-post-thumbnail","hentry","product_cat-livres","product_tag-association","product_tag-enfant","product_tag-parent","product_tag-polyhandicap","product_tag-temoignage"],"jetpack_sharing_enabled":true,"jetpack_likes_enabled":true,"_links":{"self":[{"href":"https:\/\/www.parthages.be\/eboutique\/wp-json\/wp\/v2\/product\/2503","targetHints":{"allow":["GET"]}}],"collection":[{"href":"https:\/\/www.parthages.be\/eboutique\/wp-json\/wp\/v2\/product"}],"about":[{"href":"https:\/\/www.parthages.be\/eboutique\/wp-json\/wp\/v2\/types\/product"}],"replies":[{"embeddable":true,"href":"https:\/\/www.parthages.be\/eboutique\/wp-json\/wp\/v2\/comments?post=2503"}],"wp:featuredmedia":[{"embeddable":true,"href":"https:\/\/www.parthages.be\/eboutique\/wp-json\/wp\/v2\/media\/2504"}],"wp:attachment":[{"href":"https:\/\/www.parthages.be\/eboutique\/wp-json\/wp\/v2\/media?parent=2503"}],"curies":[{"name":"wp","href":"https:\/\/api.w.org\/{rel}","templated":true}]}}

<p>« Depuis plusieurs années, nous tentons de faire connaître le monde du polyhandicap en pensant que la connaissance atténuerait l&rsquo;indifférence, la peur, l&rsquo;ignorance&#8230;</p>
<p>Ce livret composé de témoignages et de dessins reste dans la continuité de notre action et aidera, nous l&rsquo;espérons de tout cœur, à rééduquer le regard de l&rsquo;humanité face au polyhandicap. Les personnes et personnalités, croisées sur notre chemin, ont su nous conforter dans cette nécessité de montrer au grand jour que nos enfants existaient et ont accepté spontanément de témoigner pour eux. » Présentation de l’éditeur)</p>
<p>EVRARD S.- VIENNOT F.</p>
<p>Editions Charles Corlet</p>
<p>2004-78p.</p>
<p>ISBN : 2-84706-173-8</p>
<p>Cote doc : 2-60-EVR-T</p>
<p><strong><em>Uniquement à la location</em></strong></p>
<span class="et_bloom_bottom_trigger"></span>

<p>« Depuis plusieurs années, nous tentons de faire connaître le monde du polyhandicap en pensant que la connaissance atténuerait l&rsquo;indifférence, la peur, l&rsquo;ignorance&#8230;</p>
