{"id":2516,"date":"2022-04-15T08:40:23","date_gmt":"2022-04-15T06:40:23","guid":{"rendered":"https:\/\/www.parthages.be\/eboutique\/?post_type=product&#038;p=2516"},"modified":"2022-04-15T08:40:24","modified_gmt":"2022-04-15T06:40:24","slug":"etre-tetraplegique","status":"publish","type":"product","link":"https:\/\/www.parthages.be\/eboutique\/produit\/etre-tetraplegique\/","title":{"rendered":"Etre t\u00e9trapl\u00e9gique"},"content":{"rendered":"<p>T\u00e9trapl\u00e9gique depuis dix-neuf ans, Nicolas D&rsquo;Arbigny a \u00e9crit cet ouvrage, ponctu\u00e9 d&rsquo;anecdotes personnelles ou recueillies aupr\u00e8s d&rsquo;autres handicap\u00e9s, pour mieux faire comprendre les besoins et les difficult\u00e9s de toute personne t\u00e9trapl\u00e9gique. Cet ouvrage aborde successivement tous les aspects du quotidien, depuis le long parcours hospitalier jusqu&rsquo;\u00e0 l&rsquo;adaptation du logement et l&rsquo;indemnisation des pr\u00e9judices. R\u00e9solument pratique, l&rsquo;ouvrage traite aussi de th\u00e8mes plus intimes, comme la reconstruction psychologique, la sexualit\u00e9 et la procr\u00e9ation. Enfin, il fait le point sur les recherches m\u00e9dicales et les perspectives d&rsquo;avenir. La diversit\u00e9 des sujets abord\u00e9s, sans barri\u00e8re ni tabou, ainsi que le v\u00e9cu de l&rsquo;auteur font de cet ouvrage une v\u00e9ritable guide pour les personnes t\u00e9trapl\u00e9giques. Plus qu&rsquo;une autobiographie, c&rsquo;est un outil indispensable pour l&rsquo;entourage de la personne t\u00e9trapl\u00e9gique, pour mieux conna\u00eetre mieux ses difficult\u00e9s et ainsi mieux la comprendre et s&rsquo;adapter. L&rsquo;ouvrage int\u00e9ressera les 7 000 t\u00e9trapl\u00e9giques recens\u00e9s en France, ainsi que leur entourage. Nicolas D&rsquo;Arbigny est t\u00e9trapl\u00e9gique suite \u00e0 un accident de la route dont il a \u00e9t\u00e9 victime \u00e0 l&rsquo;\u00e2ge de 20 ans. Il s&rsquo;est entour\u00e9 des conseils et avis de professionnels de m\u00e9decins, chirurgiens, kin\u00e9sith\u00e9rapeutes, assistantes sociales, psychologues, sexologues, avocats et architectes. (Pr\u00e9sentation de l\u2019\u00e9diteur)<\/p>\n<p>D&rsquo;ARBIGNY N.<\/p>\n<p>Masson<\/p>\n<p>2001-317p.<\/p>\n<p>Cote doc: 2-50-ARB-E<\/p>\n<p>&nbsp;<\/p>\n<p><strong><em>Uniquement \u00e0 la location<\/em><\/strong><\/p>\n<span class=\"et_bloom_bottom_trigger\"><\/span>","protected":false},"excerpt":{"rendered":"<p>T\u00e9trapl\u00e9gique depuis dix-neuf ans, Nicolas D&rsquo;Arbigny a \u00e9crit cet ouvrage, ponctu\u00e9 d&rsquo;anecdotes personnelles ou recueillies aupr\u00e8s d&rsquo;autres handicap\u00e9s, pour mieux faire comprendre les besoins et les difficult\u00e9s de toute personne t\u00e9trapl\u00e9gique<\/p>\n","protected":false},"featured_media":2517,"comment_status":"closed","ping_status":"closed","template":"","meta":{"_et_pb_use_builder":"","_et_pb_old_content":"","_et_gb_content_width":"","spay_email":""},"class_list":["post-2516","product","type-product","status-publish","has-post-thumbnail","hentry","product_cat-livres","product_tag-adulte","product_tag-aide","product_tag-annonce-du-handicap","product_tag-besoin","product_tag-condition","product_tag-condition-de-vie","product_tag-droit","product_tag-femme","product_tag-france","product_tag-handicap","product_tag-homme","product_tag-invalidite","product_tag-loi","product_tag-outil","product_tag-paralysie","product_tag-personne-handicapee","product_tag-perspective","product_tag-recherche-medicale","product_tag-reconnaissance-sociale","product_tag-reproduction","product_tag-sexualite","product_tag-solitude","product_tag-temoignage","product_tag-tetraplegie","product_tag-vie","product_tag-vie-quotidienne"],"jetpack_sharing_enabled":true,"jetpack_likes_enabled":true,"_links":{"self":[{"href":"https:\/\/www.parthages.be\/eboutique\/wp-json\/wp\/v2\/product\/2516","targetHints":{"allow":["GET"]}}],"collection":[{"href":"https:\/\/www.parthages.be\/eboutique\/wp-json\/wp\/v2\/product"}],"about":[{"href":"https:\/\/www.parthages.be\/eboutique\/wp-json\/wp\/v2\/types\/product"}],"replies":[{"embeddable":true,"href":"https:\/\/www.parthages.be\/eboutique\/wp-json\/wp\/v2\/comments?post=2516"}],"wp:featuredmedia":[{"embeddable":true,"href":"https:\/\/www.parthages.be\/eboutique\/wp-json\/wp\/v2\/media\/2517"}],"wp:attachment":[{"href":"https:\/\/www.parthages.be\/eboutique\/wp-json\/wp\/v2\/media?parent=2516"}],"curies":[{"name":"wp","href":"https:\/\/api.w.org\/{rel}","templated":true}]}}