{"id":2518,"date":"2022-04-15T08:45:57","date_gmt":"2022-04-15T06:45:57","guid":{"rendered":"https:\/\/www.parthages.be\/eboutique\/?post_type=product&#038;p=2518"},"modified":"2022-04-15T08:45:58","modified_gmt":"2022-04-15T06:45:58","slug":"penser-le-handicap-mental","status":"publish","type":"product","link":"https:\/\/www.parthages.be\/eboutique\/produit\/penser-le-handicap-mental\/","title":{"rendered":"Penser le handicap mental"},"content":{"rendered":"<p>Un recueil d&rsquo;une vingtaine de contributions abordant diff\u00e9rents aspects de la question du handicap mental, sign\u00e9es par des psychologues, psychanalystes, sociologues, p\u00e9dagogues, travailleurs sociaux, chercheurs, responsables d&rsquo;institutions fran\u00e7ais et belges. Principaux th\u00e8mes abord\u00e9s : l&rsquo;identit\u00e9 personnelle, les attitudes familiales, le r\u00f4le des professionnels, le contexte social, le travail, la parentalit\u00e9, la sexualit\u00e9, la souffrance, le vieillissement, la mort, etc. (Pr\u00e9sentation de l\u2019\u00e9diteur)<\/p>\n<p>ZRIBI G.- CHAPELLIER J.-L.<\/p>\n<p>Ensp<\/p>\n<p>2005-264 p.<\/p>\n<p>ISBN: 2-85952-826-1<\/p>\n<p>Cote doc: 2-40-ZRI-P<\/p>\n<p><strong><em>Uniquement \u00e0 la location<\/em><\/strong><\/p>\n<span class=\"et_bloom_bottom_trigger\"><\/span>","protected":false},"excerpt":{"rendered":"<p>Un recueil d&rsquo;une vingtaine de contributions abordant diff\u00e9rents aspects de la question du handicap mental, sign\u00e9es par des psychologues, psychanalystes, sociologues, p\u00e9dagogues, travailleurs sociaux, chercheurs, responsables d&rsquo;institutions fran\u00e7ais et belges.<\/p>\n","protected":false},"featured_media":2519,"comment_status":"closed","ping_status":"closed","template":"","meta":{"_et_pb_use_builder":"","_et_pb_old_content":"","_et_gb_content_width":"","spay_email":""},"class_list":["post-2518","product","type-product","status-publish","has-post-thumbnail","hentry","product_cat-livres","product_tag-annonce-du-handicap","product_tag-deficience-intellectuelle","product_tag-droit","product_tag-enfant","product_tag-famille","product_tag-france","product_tag-fratrie","product_tag-identite","product_tag-intervenant","product_tag-mort","product_tag-parent","product_tag-parent-handicape","product_tag-personne-agee","product_tag-personne-handicapee","product_tag-professionnels","product_tag-sexualite","product_tag-societe","product_tag-vieillissement"],"jetpack_sharing_enabled":true,"jetpack_likes_enabled":true,"_links":{"self":[{"href":"https:\/\/www.parthages.be\/eboutique\/wp-json\/wp\/v2\/product\/2518","targetHints":{"allow":["GET"]}}],"collection":[{"href":"https:\/\/www.parthages.be\/eboutique\/wp-json\/wp\/v2\/product"}],"about":[{"href":"https:\/\/www.parthages.be\/eboutique\/wp-json\/wp\/v2\/types\/product"}],"replies":[{"embeddable":true,"href":"https:\/\/www.parthages.be\/eboutique\/wp-json\/wp\/v2\/comments?post=2518"}],"wp:featuredmedia":[{"embeddable":true,"href":"https:\/\/www.parthages.be\/eboutique\/wp-json\/wp\/v2\/media\/2519"}],"wp:attachment":[{"href":"https:\/\/www.parthages.be\/eboutique\/wp-json\/wp\/v2\/media?parent=2518"}],"curies":[{"name":"wp","href":"https:\/\/api.w.org\/{rel}","templated":true}]}}