{"id":2526,"date":"2022-04-15T09:10:14","date_gmt":"2022-04-15T07:10:14","guid":{"rendered":"https:\/\/www.parthages.be\/eboutique\/?post_type=product&#038;p=2526"},"modified":"2022-04-15T09:10:15","modified_gmt":"2022-04-15T07:10:15","slug":"la-memoire-confisquee","status":"publish","type":"product","link":"https:\/\/www.parthages.be\/eboutique\/produit\/la-memoire-confisquee\/","title":{"rendered":"La m\u00e9moire confisqu\u00e9e"},"content":{"rendered":"<p>Ce r\u00e9cit de vie \u00e9crit sous forme d&rsquo;autofiction refl\u00e8te le d\u00e9sarroi d&rsquo;une femme seule face la (re)construction de son histoire de vie et de ses identit\u00e9s. Issu d&rsquo;une famille sicilienne, Clara vit un exil \u00e0 la fois int\u00e9rieur et ext\u00e9rieur. La crise surgit avec l&rsquo;\u00e9clatement des rep\u00e8res; le d\u00e9part du p\u00e8re, le malaise professionnel et surtout la maladie mentale de la m\u00e8re. La d\u00e9pression guette. L&rsquo;espoir d&rsquo;une reconstruction de l&rsquo;histoire de vie s&rsquo;insinue peu \u00e0 peu. Au travers du travail de l&rsquo;\u00e9criture, de la mise en forme par les mots de l&rsquo;enjeu fondamental : l&rsquo;\u00e9mergence de son d\u00e9sir et la reconnaissance de son besoin d&rsquo;exister. (Pr\u00e9sentation de l\u2019\u00e9diteur)<\/p>\n<p>TREKKER A.M.<\/p>\n<p>Editions L&rsquo;Harmattan<\/p>\n<p>2003-144p.-12.20\u20ac<\/p>\n<p>210gr<\/p>\n<p>ISBN\u00a0: 2-7475-5256-X<\/p>\n<p>Cote doc: 2-40-TRE-M<\/p>\n<span class=\"et_bloom_bottom_trigger\"><\/span>","protected":false},"excerpt":{"rendered":"<p>Ce r\u00e9cit de vie \u00e9crit sous forme d&rsquo;autofiction refl\u00e8te le d\u00e9sarroi d&rsquo;une femme seule face la (re)construction de son histoire de vie et de ses identit\u00e9s.<\/p>\n","protected":false},"featured_media":2527,"comment_status":"closed","ping_status":"closed","template":"","meta":{"_et_pb_use_builder":"","_et_pb_old_content":"","_et_gb_content_width":"","spay_email":""},"class_list":["post-2526","product","type-product","status-publish","has-post-thumbnail","hentry","product_cat-livres","product_tag-depression","product_tag-evolution-personnelle","product_tag-famille","product_tag-femme","product_tag-histoire","product_tag-recherche","product_tag-solitude"],"jetpack_sharing_enabled":true,"jetpack_likes_enabled":true,"_links":{"self":[{"href":"https:\/\/www.parthages.be\/eboutique\/wp-json\/wp\/v2\/product\/2526","targetHints":{"allow":["GET"]}}],"collection":[{"href":"https:\/\/www.parthages.be\/eboutique\/wp-json\/wp\/v2\/product"}],"about":[{"href":"https:\/\/www.parthages.be\/eboutique\/wp-json\/wp\/v2\/types\/product"}],"replies":[{"embeddable":true,"href":"https:\/\/www.parthages.be\/eboutique\/wp-json\/wp\/v2\/comments?post=2526"}],"wp:featuredmedia":[{"embeddable":true,"href":"https:\/\/www.parthages.be\/eboutique\/wp-json\/wp\/v2\/media\/2527"}],"wp:attachment":[{"href":"https:\/\/www.parthages.be\/eboutique\/wp-json\/wp\/v2\/media?parent=2526"}],"curies":[{"name":"wp","href":"https:\/\/api.w.org\/{rel}","templated":true}]}}

La mémoire confisquée

<p>Ce récit de vie écrit sous forme d&rsquo;autofiction reflète le désarroi d&rsquo;une femme seule face la (re)construction de son histoire de vie et de ses identités. Issu d&rsquo;une famille sicilienne, Clara vit un exil à la fois intérieur et extérieur. La crise surgit avec l&rsquo;éclatement des repères; le départ du père, le malaise professionnel et surtout la maladie mentale de la mère. La dépression guette. L&rsquo;espoir d&rsquo;une reconstruction de l&rsquo;histoire de vie s&rsquo;insinue peu à peu. Au travers du travail de l&rsquo;écriture, de la mise en forme par les mots de l&rsquo;enjeu fondamental : l&rsquo;émergence de son désir et la reconnaissance de son besoin d&rsquo;exister. (Présentation de l’éditeur)</p>
<p>TREKKER A.M.</p>
<p>Editions L&rsquo;Harmattan</p>
<p>2003-144p.-12.20€</p>
<p>210gr</p>
<p>ISBN : 2-7475-5256-X</p>
<p>Cote doc: 2-40-TRE-M</p>
<span class="et_bloom_bottom_trigger"></span>

<p>Ce récit de vie écrit sous forme d&rsquo;autofiction reflète le désarroi d&rsquo;une femme seule face la (re)construction de son histoire de vie et de ses identités.</p>
