{"id":2532,"date":"2022-04-15T09:13:07","date_gmt":"2022-04-15T07:13:07","guid":{"rendered":"https:\/\/www.parthages.be\/eboutique\/?post_type=product&#038;p=2532"},"modified":"2022-04-15T09:13:08","modified_gmt":"2022-04-15T07:13:08","slug":"le-coeur-enclume","status":"publish","type":"product","link":"https:\/\/www.parthages.be\/eboutique\/produit\/le-coeur-enclume\/","title":{"rendered":"Le coeur enclume"},"content":{"rendered":"<p>Le c\u0153ur-enclume raconte \u00e0 travers le prisme paternel les premiers jours qui ont suivi cette annonce. Pour aborder ce sujet d\u00e9licat, J\u00e9r\u00f4me Ruillier opte avec finesse et intelligence pour un graphisme \u00e9pur\u00e9 et d\u2019une grande douceur qui, paradoxalement, ne s\u2019oppose pas \u00e0 la violence du propos, mais au contraire sert \u00e0 la d\u00e9passer. Par sa discr\u00e9tion, le dessin laisse une place idoine aux mots et aux silences pour que le lecteur, confront\u00e9 au contenu de cet album et aux questions qu\u2019il ne manque pas de poser, puisse suivre un cheminement de pens\u00e9e qui lui soit propre. L\u2019id\u00e9e n\u2019est pas ici de juger, mais plut\u00f4t d\u2019appr\u00e9hender avec un regard ext\u00e9rieur le tourbillon de sentiments qui peut s\u2019emparer de chacun face \u00e0 pareille onde de choc. Par cette approche, cette bande dessin\u00e9e d\u00e9passe son cadre initial et prend un caract\u00e8re assez universel.<\/p>\n<p>\u00c9mouvant, sans pour autant donner dans le larmoyant, Le c\u0153ur-enclume est de ces livres qui aident \u00e0 la compr\u00e9hension de l\u2019autre, et peut-\u00eatre encore plus, \u00e0 l\u2019acceptation des diff\u00e9rences. (Pr\u00e9sentation de l\u2019\u00e9diteur)<\/p>\n<p>RUILLIER J.<\/p>\n<p>Editions Sarbacane<\/p>\n<p>2009-106p.<\/p>\n<p>ISBN\u00a0: 978-2-84865-271-9<\/p>\n<p>Cote doc\u00a0: 2-40-RUI-C<\/p>\n<p><strong><em>Uniquement \u00e0 la location<\/em><\/strong><\/p>\n<span class=\"et_bloom_bottom_trigger\"><\/span>","protected":false},"excerpt":{"rendered":"<p>Le c\u0153ur-enclume raconte \u00e0 travers le prisme paternel les premiers jours qui ont suivi cette annonce.<\/p>\n","protected":false},"featured_media":2533,"comment_status":"closed","ping_status":"closed","template":"","meta":{"_et_pb_use_builder":"","_et_pb_old_content":"","_et_gb_content_width":"","spay_email":""},"class_list":["post-2532","product","type-product","status-publish","has-post-thumbnail","hentry","product_cat-livres","product_tag-acceptation","product_tag-deficience-intellectuelle","product_tag-difference","product_tag-enfant","product_tag-regard","product_tag-temoignage","product_tag-trisomie-21"],"jetpack_sharing_enabled":true,"jetpack_likes_enabled":true,"_links":{"self":[{"href":"https:\/\/www.parthages.be\/eboutique\/wp-json\/wp\/v2\/product\/2532","targetHints":{"allow":["GET"]}}],"collection":[{"href":"https:\/\/www.parthages.be\/eboutique\/wp-json\/wp\/v2\/product"}],"about":[{"href":"https:\/\/www.parthages.be\/eboutique\/wp-json\/wp\/v2\/types\/product"}],"replies":[{"embeddable":true,"href":"https:\/\/www.parthages.be\/eboutique\/wp-json\/wp\/v2\/comments?post=2532"}],"wp:featuredmedia":[{"embeddable":true,"href":"https:\/\/www.parthages.be\/eboutique\/wp-json\/wp\/v2\/media\/2533"}],"wp:attachment":[{"href":"https:\/\/www.parthages.be\/eboutique\/wp-json\/wp\/v2\/media?parent=2532"}],"curies":[{"name":"wp","href":"https:\/\/api.w.org\/{rel}","templated":true}]}}

<p>Le cœur-enclume raconte à travers le prisme paternel les premiers jours qui ont suivi cette annonce. Pour aborder ce sujet délicat, Jérôme Ruillier opte avec finesse et intelligence pour un graphisme épuré et d’une grande douceur qui, paradoxalement, ne s’oppose pas à la violence du propos, mais au contraire sert à la dépasser. Par sa discrétion, le dessin laisse une place idoine aux mots et aux silences pour que le lecteur, confronté au contenu de cet album et aux questions qu’il ne manque pas de poser, puisse suivre un cheminement de pensée qui lui soit propre. L’idée n’est pas ici de juger, mais plutôt d’appréhender avec un regard extérieur le tourbillon de sentiments qui peut s’emparer de chacun face à pareille onde de choc. Par cette approche, cette bande dessinée dépasse son cadre initial et prend un caractère assez universel.</p>
<p>Émouvant, sans pour autant donner dans le larmoyant, Le cœur-enclume est de ces livres qui aident à la compréhension de l’autre, et peut-être encore plus, à l’acceptation des différences. (Présentation de l’éditeur)</p>
<p>RUILLIER J.</p>
<p>Editions Sarbacane</p>
<p>2009-106p.</p>
<p>ISBN : 978-2-84865-271-9</p>
<p>Cote doc : 2-40-RUI-C</p>
<p><strong><em>Uniquement à la location</em></strong></p>
<span class="et_bloom_bottom_trigger"></span>

<p>Le cœur-enclume raconte à travers le prisme paternel les premiers jours qui ont suivi cette annonce.</p>
