{"id":2534,"date":"2022-04-15T09:14:58","date_gmt":"2022-04-15T07:14:58","guid":{"rendered":"https:\/\/www.parthages.be\/eboutique\/?post_type=product&#038;p=2534"},"modified":"2022-04-15T09:14:59","modified_gmt":"2022-04-15T07:14:59","slug":"philippe-ou-la-joie-de-vivre","status":"publish","type":"product","link":"https:\/\/www.parthages.be\/eboutique\/produit\/philippe-ou-la-joie-de-vivre\/","title":{"rendered":"Philippe ou la joie de vivre"},"content":{"rendered":"<p>T\u00e9moignage de l&rsquo;auteur. \u00ab\u00a0J&rsquo;ai \u00e9crit ces lignes parce que, du fond du c\u0153ur, je pense avoir v\u00e9cu, et je crois vivre encore tous les jours, une aventure merveilleuse. Difficile, parfois \u00e9prouvante, mais toujours source de bonheur et d&rsquo;amour. Vivre avec Philippe est une richesse pour ses parents, ses fr\u00e8res et ses s\u0153urs; elle le fut aussi pour ses professeurs et ses compagnons de classe; elle le reste pour ses coll\u00e8gues de travail, et tous ceux qui prennent le temps de s&rsquo;attarder \u00e0 l&rsquo;\u00e9couter, \u00e0 lui parler, ne f\u00fbt-ce que quelques instants\u00a0\u00bb. (Pr\u00e9sentation de l\u2019\u00e9diteur)<\/p>\n<p>PONCELET D.<\/p>\n<p>La renaissance du livre<\/p>\n<p>1981-119p.<\/p>\n<p>Cote doc: 2-40-PON-P<\/p>\n<p><strong><em>Uniquement \u00e0 la location<\/em><\/strong><\/p>\n<span class=\"et_bloom_bottom_trigger\"><\/span>","protected":false},"excerpt":{"rendered":"<p>T\u00e9moignage de l&rsquo;auteur. \u00ab\u00a0J&rsquo;ai \u00e9crit ces lignes parce que, du fond du c\u0153ur, je pense avoir v\u00e9cu, et je crois vivre encore tous les jours, une aventure merveilleuse.<\/p>\n","protected":false},"featured_media":2535,"comment_status":"closed","ping_status":"closed","template":"","meta":{"_et_pb_use_builder":"","_et_pb_old_content":"","_et_gb_content_width":"","spay_email":""},"class_list":["post-2534","product","type-product","status-publish","has-post-thumbnail","hentry","product_cat-livres","product_tag-adulte","product_tag-belgique","product_tag-comportement","product_tag-deficience-intellectuelle","product_tag-deficience-sensorielle","product_tag-enfant","product_tag-handicap","product_tag-personne-handicapee","product_tag-relation-parent-enfant","product_tag-temoignage","product_tag-usa"],"jetpack_sharing_enabled":true,"jetpack_likes_enabled":true,"_links":{"self":[{"href":"https:\/\/www.parthages.be\/eboutique\/wp-json\/wp\/v2\/product\/2534","targetHints":{"allow":["GET"]}}],"collection":[{"href":"https:\/\/www.parthages.be\/eboutique\/wp-json\/wp\/v2\/product"}],"about":[{"href":"https:\/\/www.parthages.be\/eboutique\/wp-json\/wp\/v2\/types\/product"}],"replies":[{"embeddable":true,"href":"https:\/\/www.parthages.be\/eboutique\/wp-json\/wp\/v2\/comments?post=2534"}],"wp:featuredmedia":[{"embeddable":true,"href":"https:\/\/www.parthages.be\/eboutique\/wp-json\/wp\/v2\/media\/2535"}],"wp:attachment":[{"href":"https:\/\/www.parthages.be\/eboutique\/wp-json\/wp\/v2\/media?parent=2534"}],"curies":[{"name":"wp","href":"https:\/\/api.w.org\/{rel}","templated":true}]}}

<p>Témoignage de l&rsquo;auteur. « J&rsquo;ai écrit ces lignes parce que, du fond du cœur, je pense avoir vécu, et je crois vivre encore tous les jours, une aventure merveilleuse. Difficile, parfois éprouvante, mais toujours source de bonheur et d&rsquo;amour. Vivre avec Philippe est une richesse pour ses parents, ses frères et ses sœurs; elle le fut aussi pour ses professeurs et ses compagnons de classe; elle le reste pour ses collègues de travail, et tous ceux qui prennent le temps de s&rsquo;attarder à l&rsquo;écouter, à lui parler, ne fût-ce que quelques instants ». (Présentation de l’éditeur)</p>
<p>PONCELET D.</p>
<p>La renaissance du livre</p>
<p>1981-119p.</p>
<p>Cote doc: 2-40-PON-P</p>
<p><strong><em>Uniquement à la location</em></strong></p>
<span class="et_bloom_bottom_trigger"></span>

<p>Témoignage de l&rsquo;auteur. « J&rsquo;ai écrit ces lignes parce que, du fond du cœur, je pense avoir vécu, et je crois vivre encore tous les jours, une aventure merveilleuse.</p>
