{"id":2536,"date":"2022-04-15T09:16:27","date_gmt":"2022-04-15T07:16:27","guid":{"rendered":"https:\/\/www.parthages.be\/eboutique\/?post_type=product&#038;p=2536"},"modified":"2022-04-15T09:16:28","modified_gmt":"2022-04-15T07:16:28","slug":"handicap-mental-crime-ou-chatiment","status":"publish","type":"product","link":"https:\/\/www.parthages.be\/eboutique\/produit\/handicap-mental-crime-ou-chatiment\/","title":{"rendered":"Handicap mental : crime ou ch\u00e2timent ?"},"content":{"rendered":"<p>\u00catre handicap\u00e9 mental : est-ce un crime dont je suis coupable et pour lequel je dois payer ou est-ce un ch\u00e2timent re\u00e7u pour une faute dont j\u2019ignore tout mais dont je me sens coupable et qui me mine ? Telle est la question que se posent les adolescents handicap\u00e9s mentaux lorsqu\u2019il s\u2019agit pour eux de franchir l\u2019\u00e9tape de l\u2019adolescence. Face aux remaniements psychiques propres \u00e0 cette p\u00e9riode, ils se heurtent ainsi de mani\u00e8re frontale \u00e0 ce qu\u2019implique le fait d\u2019\u00eatre handicap\u00e9, pour eux, pour leurs parents, pour la soci\u00e9t\u00e9 et pour les professionnels.<\/p>\n<p>Dans ce contexte, quelle d\u00e9finition donner au \u00ab handicap mental \u00bb ? \u00c0 quel destin promet-on une famille \u00e0 qui l\u2019on annonce que son enfant ne se d\u00e9veloppe pas normalement en raison de troubles organiques ou psychopathologiques ? Quel en est l\u2019impact sur le psychisme et l\u2019attachement de l\u2019enfant ainsi identifi\u00e9 ?<\/p>\n<p>Que l\u2019on travaille dans un \u00e9tablissement de l\u2019\u00e9ducation sp\u00e9ciale ou que l\u2019on \u00e9l\u00e8ve soi-m\u00eame un enfant handicap\u00e9 mental, ces questions, peu abord\u00e9es en profondeur dans les ouvrages sp\u00e9cialis\u00e9s, sont r\u00e9guli\u00e8rement remises au travail. S\u2019appuyant sur l\u2019int\u00e9r\u00eat grandissant de la psychopathologie pour le champ du handicap, cet ouvrage donne la parole aux adolescents handicap\u00e9s mentaux afin que leurs difficult\u00e9s psychiques et les enjeux des relations \u00e0 leurs parents puissent \u00eatre abord\u00e9s de leur point de vue et soient davantage connus. (Pr\u00e9sentation de l\u2019\u00e9diteur)<\/p>\n<p>MICHEL F.<\/p>\n<p>Presses universitaires de France<\/p>\n<p>2009-242p.<\/p>\n<p>365gr<\/p>\n<p>ISBN: 978-2-13-057331-9<\/p>\n<p>Cote doc: 2-40-MIC-H<\/p>\n<span class=\"et_bloom_bottom_trigger\"><\/span>","protected":false},"excerpt":{"rendered":"<p>\u00catre handicap\u00e9 mental : est-ce un crime dont je suis coupable et pour lequel je dois payer ou est-ce un ch\u00e2timent re\u00e7u pour une faute dont j\u2019ignore tout mais dont je me sens coupable et qui me mine ? T<\/p>\n","protected":false},"featured_media":0,"comment_status":"closed","ping_status":"closed","template":"","meta":{"_et_pb_use_builder":"","_et_pb_old_content":"","_et_gb_content_width":"","spay_email":""},"class_list":["post-2536","product","type-product","status-publish","hentry","product_cat-livres","product_tag-adolescence","product_tag-annonce-du-handicap","product_tag-attachement","product_tag-autisme","product_tag-deficience-intellectuelle","product_tag-developpement-psychologique","product_tag-handicap","product_tag-impact-familial","product_tag-psychologie","product_tag-psychopathologie","product_tag-reaction-parentale","product_tag-relation-parent-adolescent","product_tag-relation-parent-enfant-handicape","product_tag-trouble-psychologique"],"jetpack_sharing_enabled":true,"jetpack_likes_enabled":true,"_links":{"self":[{"href":"https:\/\/www.parthages.be\/eboutique\/wp-json\/wp\/v2\/product\/2536","targetHints":{"allow":["GET"]}}],"collection":[{"href":"https:\/\/www.parthages.be\/eboutique\/wp-json\/wp\/v2\/product"}],"about":[{"href":"https:\/\/www.parthages.be\/eboutique\/wp-json\/wp\/v2\/types\/product"}],"replies":[{"embeddable":true,"href":"https:\/\/www.parthages.be\/eboutique\/wp-json\/wp\/v2\/comments?post=2536"}],"wp:attachment":[{"href":"https:\/\/www.parthages.be\/eboutique\/wp-json\/wp\/v2\/media?parent=2536"}],"curies":[{"name":"wp","href":"https:\/\/api.w.org\/{rel}","templated":true}]}}

Handicap mental : crime ou châtiment ?

<p>Être handicapé mental : est-ce un crime dont je suis coupable et pour lequel je dois payer ou est-ce un châtiment reçu pour une faute dont j’ignore tout mais dont je me sens coupable et qui me mine ? Telle est la question que se posent les adolescents handicapés mentaux lorsqu’il s’agit pour eux de franchir l’étape de l’adolescence. Face aux remaniements psychiques propres à cette période, ils se heurtent ainsi de manière frontale à ce qu’implique le fait d’être handicapé, pour eux, pour leurs parents, pour la société et pour les professionnels.</p>
<p>Dans ce contexte, quelle définition donner au « handicap mental » ? À quel destin promet-on une famille à qui l’on annonce que son enfant ne se développe pas normalement en raison de troubles organiques ou psychopathologiques ? Quel en est l’impact sur le psychisme et l’attachement de l’enfant ainsi identifié ?</p>
<p>Que l’on travaille dans un établissement de l’éducation spéciale ou que l’on élève soi-même un enfant handicapé mental, ces questions, peu abordées en profondeur dans les ouvrages spécialisés, sont régulièrement remises au travail. S’appuyant sur l’intérêt grandissant de la psychopathologie pour le champ du handicap, cet ouvrage donne la parole aux adolescents handicapés mentaux afin que leurs difficultés psychiques et les enjeux des relations à leurs parents puissent être abordés de leur point de vue et soient davantage connus. (Présentation de l’éditeur)</p>
<p>MICHEL F.</p>
<p>Presses universitaires de France</p>
<p>2009-242p.</p>
<p>365gr</p>
<p>ISBN: 978-2-13-057331-9</p>
<p>Cote doc: 2-40-MIC-H</p>
<span class="et_bloom_bottom_trigger"></span>

<p>Être handicapé mental : est-ce un crime dont je suis coupable et pour lequel je dois payer ou est-ce un châtiment reçu pour une faute dont j’ignore tout mais dont je me sens coupable et qui me mine ? T</p>
