{"id":2540,"date":"2022-04-15T09:18:10","date_gmt":"2022-04-15T07:18:10","guid":{"rendered":"https:\/\/www.parthages.be\/eboutique\/?post_type=product&#038;p=2540"},"modified":"2022-04-15T09:18:11","modified_gmt":"2022-04-15T07:18:11","slug":"marco","status":"publish","type":"product","link":"https:\/\/www.parthages.be\/eboutique\/produit\/marco\/","title":{"rendered":"Marco"},"content":{"rendered":"<p>\u00ab\u00a0Qu&rsquo;est-ce que la vie? A quoi bon vivre?\u00a0\u00bb Ces questions nous interpellent en profondeur! Qui osera y r\u00e9pondre? Un gar\u00e7on de seize ans, parti tr\u00e8s t\u00f4t, \u00e0 travers sa Maman qui \u00ab\u00a0le raconte\u00a0\u00bb, nous conduit\u00a0 au-del\u00e0 du \u00ab\u00a0pourquoi vivre\u00a0\u00bb dans cette impr\u00e9visible aventure de sa vie. Il entra\u00eene avec lui tous ceux que la vie a bless\u00e9s, tous ceux dont le d\u00e9part n&rsquo;a pu dissimuler le cri, tous ces jeunes au nom desquels il parle. Rencontrer Marco dans ce livre, c&rsquo;est croire avec lui, \u00e0 la vie. (Pr\u00e9sentation de l\u2019\u00e9diteur)<\/p>\n<p>LEMMENS A.<\/p>\n<p>Editions Paulines<\/p>\n<p>1972- 155p.<\/p>\n<p>ISBN\u00a0: 2-7122-0024-1<\/p>\n<p>Cote doc\u00a0: 2-40-LEM-M<\/p>\n<p><strong><em>Uniquement \u00e0 la location<\/em><\/strong><\/p>\n<span class=\"et_bloom_bottom_trigger\"><\/span>","protected":false},"excerpt":{"rendered":"<p>\u00ab\u00a0Qu&rsquo;est-ce que la vie? A quoi bon vivre?\u00a0\u00bb Ces questions nous interpellent en profondeur! Qui osera y r\u00e9pondre? Un gar\u00e7on de seize ans, parti tr\u00e8s t\u00f4t, \u00e0 travers sa Maman qui \u00ab\u00a0le raconte\u00a0\u00bb, nous conduit\u00a0 au-del\u00e0 du \u00ab\u00a0pourquoi vivre\u00a0\u00bb dans cette impr\u00e9visible aventure de sa vie. Il entra\u00eene avec lui tous ceux que la vie [&hellip;]<\/p>\n","protected":false},"featured_media":2541,"comment_status":"closed","ping_status":"closed","template":"","meta":{"_et_pb_use_builder":"","_et_pb_old_content":"","_et_gb_content_width":"","spay_email":""},"class_list":["post-2540","product","type-product","status-publish","has-post-thumbnail","hentry","product_cat-livres","product_tag-belgique","product_tag-cardiologie","product_tag-christianisme","product_tag-enfant","product_tag-leucemie","product_tag-maladie","product_tag-malformation","product_tag-mort","product_tag-personne-handicapee","product_tag-relation-mere-fils","product_tag-relation-parent-enfant","product_tag-spiritualite","product_tag-temoignage","product_tag-vie"],"jetpack_sharing_enabled":true,"jetpack_likes_enabled":true,"_links":{"self":[{"href":"https:\/\/www.parthages.be\/eboutique\/wp-json\/wp\/v2\/product\/2540","targetHints":{"allow":["GET"]}}],"collection":[{"href":"https:\/\/www.parthages.be\/eboutique\/wp-json\/wp\/v2\/product"}],"about":[{"href":"https:\/\/www.parthages.be\/eboutique\/wp-json\/wp\/v2\/types\/product"}],"replies":[{"embeddable":true,"href":"https:\/\/www.parthages.be\/eboutique\/wp-json\/wp\/v2\/comments?post=2540"}],"wp:featuredmedia":[{"embeddable":true,"href":"https:\/\/www.parthages.be\/eboutique\/wp-json\/wp\/v2\/media\/2541"}],"wp:attachment":[{"href":"https:\/\/www.parthages.be\/eboutique\/wp-json\/wp\/v2\/media?parent=2540"}],"curies":[{"name":"wp","href":"https:\/\/api.w.org\/{rel}","templated":true}]}}

<p>« Qu&rsquo;est-ce que la vie? A quoi bon vivre? » Ces questions nous interpellent en profondeur! Qui osera y répondre? Un garçon de seize ans, parti très tôt, à travers sa Maman qui « le raconte », nous conduit  au-delà du « pourquoi vivre » dans cette imprévisible aventure de sa vie. Il entraîne avec lui tous ceux que la vie a blessés, tous ceux dont le départ n&rsquo;a pu dissimuler le cri, tous ces jeunes au nom desquels il parle. Rencontrer Marco dans ce livre, c&rsquo;est croire avec lui, à la vie. (Présentation de l’éditeur)</p>
<p>LEMMENS A.</p>
<p>Editions Paulines</p>
<p>1972- 155p.</p>
<p>ISBN : 2-7122-0024-1</p>
<p>Cote doc : 2-40-LEM-M</p>
<p><strong><em>Uniquement à la location</em></strong></p>
<span class="et_bloom_bottom_trigger"></span>

<p>« Qu&rsquo;est-ce que la vie? A quoi bon vivre? » Ces questions nous interpellent en profondeur! Qui osera y répondre? Un garçon de seize ans, parti très tôt, à travers sa Maman qui « le raconte », nous conduit  au-delà du « pourquoi vivre » dans cette imprévisible aventure de sa vie. Il entraîne avec lui tous ceux que la vie [&hellip;]</p>
