{"id":2542,"date":"2022-04-15T09:19:11","date_gmt":"2022-04-15T07:19:11","guid":{"rendered":"https:\/\/www.parthages.be\/eboutique\/?post_type=product&#038;p=2542"},"modified":"2022-04-15T09:19:12","modified_gmt":"2022-04-15T07:19:12","slug":"trisomie-21-communication-et-insertion","status":"publish","type":"product","link":"https:\/\/www.parthages.be\/eboutique\/produit\/trisomie-21-communication-et-insertion\/","title":{"rendered":"Trisomie 21 communication et insertion"},"content":{"rendered":"<p>En France, il na\u00eet actuellement plus d&rsquo;un b\u00e9b\u00e9 porteur de trisomie 21 par jour. Il faut alors aider les parents \u00e0 reprendre confiance en eux et \u00e0 trouver des solutions adapt\u00e9es \u00e0 la prise en charge de l&rsquo;enfant. Des rencontres, des entretiens avec des professionnels ou des associations peuvent contribuer \u00e0 l&rsquo;\u00e9laboration d&rsquo;un projet de vie pour l&rsquo;enfant et apportent un soutien aux familles concern\u00e9es par ce handicap. Cet ouvrage aborde les probl\u00e8mes de communication que rencontre l&rsquo;enfant trisomique: de la perception sensorielle aux probl\u00e8mes d&rsquo;audition et de langage, de la motricit\u00e9 orofaciale \u00e0 la dysphagie. Il s&rsquo;int\u00e9resse \u00e9galement \u00e0 la scolarisation de ces \u00e9l\u00e8ves et \u00e0 leur insertion dans la vie sociale et fait le point sur leurs droits et les avanc\u00e9es faites dans leur accompagnement au quotidien. (Pr\u00e9sentation de l\u2019\u00e9diteur)<\/p>\n<p>LACOMBE D.- BRUN V.<\/p>\n<p>Elsevier Masson<\/p>\n<p>2008- 100p.<\/p>\n<p>ISBN\u00a0: 978-2-294-70376-8<\/p>\n<p>Cote doc\u00a0: 2-40-LAC-T<\/p>\n<p><strong><em>Uniquement \u00e0 la location<\/em><\/strong><\/p>\n<span class=\"et_bloom_bottom_trigger\"><\/span>","protected":false},"excerpt":{"rendered":"<p>En France, il na\u00eet actuellement plus d&rsquo;un b\u00e9b\u00e9 porteur de trisomie 21 par jour. Il faut alors aider les parents \u00e0 reprendre confiance en eux et \u00e0 trouver des solutions adapt\u00e9es \u00e0 la prise en charge de l&rsquo;enfant.<\/p>\n","protected":false},"featured_media":2543,"comment_status":"closed","ping_status":"closed","template":"","meta":{"_et_pb_use_builder":"","_et_pb_old_content":"","_et_gb_content_width":"","spay_email":""},"class_list":["post-2542","product","type-product","status-publish","has-post-thumbnail","hentry","product_cat-livres","product_tag-accessibilite","product_tag-accompagnement","product_tag-communication","product_tag-deficience-auditive","product_tag-education","product_tag-enfant","product_tag-evaluation","product_tag-integration","product_tag-langue-des-signes","product_tag-prise-en-charge","product_tag-scolarisation","product_tag-trisomie-21","product_tag-vie-sociale"],"jetpack_sharing_enabled":true,"jetpack_likes_enabled":true,"_links":{"self":[{"href":"https:\/\/www.parthages.be\/eboutique\/wp-json\/wp\/v2\/product\/2542","targetHints":{"allow":["GET"]}}],"collection":[{"href":"https:\/\/www.parthages.be\/eboutique\/wp-json\/wp\/v2\/product"}],"about":[{"href":"https:\/\/www.parthages.be\/eboutique\/wp-json\/wp\/v2\/types\/product"}],"replies":[{"embeddable":true,"href":"https:\/\/www.parthages.be\/eboutique\/wp-json\/wp\/v2\/comments?post=2542"}],"wp:featuredmedia":[{"embeddable":true,"href":"https:\/\/www.parthages.be\/eboutique\/wp-json\/wp\/v2\/media\/2543"}],"wp:attachment":[{"href":"https:\/\/www.parthages.be\/eboutique\/wp-json\/wp\/v2\/media?parent=2542"}],"curies":[{"name":"wp","href":"https:\/\/api.w.org\/{rel}","templated":true}]}}

<p>En France, il naît actuellement plus d&rsquo;un bébé porteur de trisomie 21 par jour. Il faut alors aider les parents à reprendre confiance en eux et à trouver des solutions adaptées à la prise en charge de l&rsquo;enfant. Des rencontres, des entretiens avec des professionnels ou des associations peuvent contribuer à l&rsquo;élaboration d&rsquo;un projet de vie pour l&rsquo;enfant et apportent un soutien aux familles concernées par ce handicap. Cet ouvrage aborde les problèmes de communication que rencontre l&rsquo;enfant trisomique: de la perception sensorielle aux problèmes d&rsquo;audition et de langage, de la motricité orofaciale à la dysphagie. Il s&rsquo;intéresse également à la scolarisation de ces élèves et à leur insertion dans la vie sociale et fait le point sur leurs droits et les avancées faites dans leur accompagnement au quotidien. (Présentation de l’éditeur)</p>
<p>LACOMBE D.- BRUN V.</p>
<p>Elsevier Masson</p>
<p>2008- 100p.</p>
<p>ISBN : 978-2-294-70376-8</p>
<p>Cote doc : 2-40-LAC-T</p>
<p><strong><em>Uniquement à la location</em></strong></p>
<span class="et_bloom_bottom_trigger"></span>

<p>En France, il naît actuellement plus d&rsquo;un bébé porteur de trisomie 21 par jour. Il faut alors aider les parents à reprendre confiance en eux et à trouver des solutions adaptées à la prise en charge de l&rsquo;enfant.</p>
