{"id":2544,"date":"2022-04-15T09:20:09","date_gmt":"2022-04-15T07:20:09","guid":{"rendered":"https:\/\/www.parthages.be\/eboutique\/?post_type=product&#038;p=2544"},"modified":"2022-04-15T09:20:10","modified_gmt":"2022-04-15T07:20:10","slug":"claudin-classe-x-chez-les-dinormos","status":"publish","type":"product","link":"https:\/\/www.parthages.be\/eboutique\/produit\/claudin-classe-x-chez-les-dinormos\/","title":{"rendered":"Claudin, class\u00e9 x chez les dinormos"},"content":{"rendered":"<p>Depuis le jour de son adoption, Claudin a \u00e9t\u00e9 le centre des attentions de toute une tribu aimante qui s&rsquo;est acharn\u00e9e \u00e0 l&rsquo;\u00e9duquer en cherchant des modes d&#8217;emploi pour qu&rsquo;il \u00e9volue pas \u00e0 pas. Nous avons fait des miracles, mais comme il le dit lui-m\u00eame : \u00ab\u00a0Claudin pas dinormo mais heureux\u00a0\u00bb. Son pr\u00e9sent n&rsquo;est plus difficile ; c&rsquo;est un point fixe ensoleill\u00e9 dans la famille, un \u00e9ternel enfant qui \u00e9tonne encore chaque jour. Mais personne ne peut garantir son futur.<\/p>\n<p>\u00ab\u00a0J&rsquo;ai essay\u00e9 en quelques mots de d\u00e9crire notre vie avec ces moments de fou rire, de tristesse, de grands projets, de d\u00e9sespoir, ses extravagances. Les parents liront souvent entre les lignes et passeront du rire aux larmes, comme ils ont l&rsquo;habitude de le faire. Les professionnels passeront de l&rsquo;autre cot\u00e9 du miroir et apprendront les choses que les parents n&rsquo;osent pas exprimer de peur d&rsquo;\u00eatre jug\u00e9s. Mon style est direct, vrai, charg\u00e9 de toute mon \u00e9nergie et de ma joie de vivre avec Claudin.\u00a0\u00bb (Pr\u00e9sentation de l\u2019\u00e9diteur)<\/p>\n<p>KNODT-LENFANT I.- GREUZAT R.- DOMONT C.<\/p>\n<p>Autisme France Diffusion<\/p>\n<p>2004-136p.<\/p>\n<p>ISBN\u00a0: 2-9517464-2-3<\/p>\n<p>Cote doc\u00a0: 2-40-KNO-C<\/p>\n<p><strong><em>Uniquement \u00e0 la location<\/em><\/strong><\/p>\n<span class=\"et_bloom_bottom_trigger\"><\/span>","protected":false},"excerpt":{"rendered":"<p>Depuis le jour de son adoption, Claudin a \u00e9t\u00e9 le centre des attentions de toute une tribu aimante qui s&rsquo;est acharn\u00e9e \u00e0 l&rsquo;\u00e9duquer en cherchant des modes d&#8217;emploi pour qu&rsquo;il \u00e9volue pas \u00e0 pas.<\/p>\n","protected":false},"featured_media":2545,"comment_status":"closed","ping_status":"closed","template":"","meta":{"_et_pb_use_builder":"","_et_pb_old_content":"","_et_gb_content_width":"","spay_email":""},"class_list":["post-2544","product","type-product","status-publish","has-post-thumbnail","hentry","product_cat-livres","product_tag-autisme","product_tag-communication","product_tag-education","product_tag-handicap","product_tag-handicap-mental","product_tag-integration","product_tag-temoignage"],"jetpack_sharing_enabled":true,"jetpack_likes_enabled":true,"_links":{"self":[{"href":"https:\/\/www.parthages.be\/eboutique\/wp-json\/wp\/v2\/product\/2544","targetHints":{"allow":["GET"]}}],"collection":[{"href":"https:\/\/www.parthages.be\/eboutique\/wp-json\/wp\/v2\/product"}],"about":[{"href":"https:\/\/www.parthages.be\/eboutique\/wp-json\/wp\/v2\/types\/product"}],"replies":[{"embeddable":true,"href":"https:\/\/www.parthages.be\/eboutique\/wp-json\/wp\/v2\/comments?post=2544"}],"wp:featuredmedia":[{"embeddable":true,"href":"https:\/\/www.parthages.be\/eboutique\/wp-json\/wp\/v2\/media\/2545"}],"wp:attachment":[{"href":"https:\/\/www.parthages.be\/eboutique\/wp-json\/wp\/v2\/media?parent=2544"}],"curies":[{"name":"wp","href":"https:\/\/api.w.org\/{rel}","templated":true}]}}

Claudin, classé x chez les dinormos

<p>Depuis le jour de son adoption, Claudin a été le centre des attentions de toute une tribu aimante qui s&rsquo;est acharnée à l&rsquo;éduquer en cherchant des modes d&#8217;emploi pour qu&rsquo;il évolue pas à pas. Nous avons fait des miracles, mais comme il le dit lui-même : « Claudin pas dinormo mais heureux ». Son présent n&rsquo;est plus difficile ; c&rsquo;est un point fixe ensoleillé dans la famille, un éternel enfant qui étonne encore chaque jour. Mais personne ne peut garantir son futur.</p>
<p>« J&rsquo;ai essayé en quelques mots de décrire notre vie avec ces moments de fou rire, de tristesse, de grands projets, de désespoir, ses extravagances. Les parents liront souvent entre les lignes et passeront du rire aux larmes, comme ils ont l&rsquo;habitude de le faire. Les professionnels passeront de l&rsquo;autre coté du miroir et apprendront les choses que les parents n&rsquo;osent pas exprimer de peur d&rsquo;être jugés. Mon style est direct, vrai, chargé de toute mon énergie et de ma joie de vivre avec Claudin. » (Présentation de l’éditeur)</p>
<p>KNODT-LENFANT I.- GREUZAT R.- DOMONT C.</p>
<p>Autisme France Diffusion</p>
<p>2004-136p.</p>
<p>ISBN : 2-9517464-2-3</p>
<p>Cote doc : 2-40-KNO-C</p>
<p><strong><em>Uniquement à la location</em></strong></p>
<span class="et_bloom_bottom_trigger"></span>

<p>Depuis le jour de son adoption, Claudin a été le centre des attentions de toute une tribu aimante qui s&rsquo;est acharnée à l&rsquo;éduquer en cherchant des modes d&#8217;emploi pour qu&rsquo;il évolue pas à pas.</p>
