{"id":2550,"date":"2022-04-15T09:25:36","date_gmt":"2022-04-15T07:25:36","guid":{"rendered":"https:\/\/www.parthages.be\/eboutique\/?post_type=product&#038;p=2550"},"modified":"2022-04-15T09:25:37","modified_gmt":"2022-04-15T07:25:37","slug":"the-impact-of-scientific-progress-in-the-better-understanding-and-prevention-of-mental-handicap","status":"publish","type":"product","link":"https:\/\/www.parthages.be\/eboutique\/produit\/the-impact-of-scientific-progress-in-the-better-understanding-and-prevention-of-mental-handicap\/","title":{"rendered":"The impact of scientific progress in the better understanding and prevention of mental handicap"},"content":{"rendered":"<p><strong>L&rsquo;impact du progr\u00e8s scientifique pour une meilleure compr\u00e9hension et pr\u00e9vention du handicap mental<\/strong><\/p>\n<p><strong><em>Rapport en Anglais<\/em><\/strong><\/p>\n<p>A cette 2\u00e8me conf\u00e9rence internationale sur le handicap mental, les sujets tels que : l&rsquo;impact du progr\u00e8s scientifique, l&rsquo;\u00e9pid\u00e9miologie, la classification, l&rsquo;origine et la pr\u00e9vention du retard mental, l&rsquo;importance d&rsquo;un diagnostic \u00e9tiologique, la m\u00e8re \u00e9pileptique et le futur de son enfant, le syndrome de l&rsquo;alcoolisme foetal, le syndrome de Rett : d\u00e9couvertes cliniques&#8230;, l&rsquo;\u00e9tiologie de l&rsquo;autisme, le syndrome de Down : aspects m\u00e9dicaux et cytog\u00e9n\u00e9tiques, une approche biom\u00e9dicale du vieillissement et retard mental, la maladie d&rsquo;Alzheimer, l&rsquo;\u00e9ducation des enfants, adolescents et adultes avec handicap mental profond, le comportement autodestructeur, les personnes handicap\u00e9es mentales dans les institutions psychiatriques&#8230;<\/p>\n<p>KEMPENEERS-FOULON T. &#8211; FRYNS J.P<\/p>\n<p>2nd European conference of the international league of societies for persons with mental handicap (ilsmh), Bruxelles, 23-24-25 November 1989<\/p>\n<p>1990-256p.<\/p>\n<p>Cote doc:2-40-ILS-S<\/p>\n<span class=\"et_bloom_bottom_trigger\"><\/span>","protected":false},"excerpt":{"rendered":"<p>A cette 2\u00e8me conf\u00e9rence internationale sur le handicap mental, les sujets tels que : l&rsquo;impact du progr\u00e8s scientifique, l&rsquo;\u00e9pid\u00e9miologie, la classification, l&rsquo;origine et la pr\u00e9vention du retard mental, l&rsquo;importance d&rsquo;un diagnostic \u00e9tiologique, la m\u00e8re \u00e9pileptique et le futur de son enfant, le syndrome de l&rsquo;alcoolisme foetal, le syndrome de Rett<\/p>\n","protected":false},"featured_media":2551,"comment_status":"closed","ping_status":"closed","template":"","meta":{"_et_pb_use_builder":"","_et_pb_old_content":"","_et_gb_content_width":"","spay_email":""},"class_list":["post-2550","product","type-product","status-publish","has-post-thumbnail","hentry","product_cat-livres","product_tag-adolescent","product_tag-adulte","product_tag-alcoolisme","product_tag-alcoolisme-foetal","product_tag-alzheimer","product_tag-autisme","product_tag-bruxelles","product_tag-comportement","product_tag-congres","product_tag-deficience-intellectuelle","product_tag-diagnostic","product_tag-education","product_tag-enfant","product_tag-epidemiologie","product_tag-epilepsie","product_tag-etiologie","product_tag-europe","product_tag-famille","product_tag-genetique","product_tag-handicap","product_tag-institution-psychiatrique","product_tag-intelligence","product_tag-medecine","product_tag-personne-handicapee","product_tag-prevention","product_tag-recherche","product_tag-syndrome","product_tag-syndrome-de-down","product_tag-syndrome-de-lx-fragile","product_tag-syndrome-de-rett"],"jetpack_sharing_enabled":true,"jetpack_likes_enabled":true,"_links":{"self":[{"href":"https:\/\/www.parthages.be\/eboutique\/wp-json\/wp\/v2\/product\/2550","targetHints":{"allow":["GET"]}}],"collection":[{"href":"https:\/\/www.parthages.be\/eboutique\/wp-json\/wp\/v2\/product"}],"about":[{"href":"https:\/\/www.parthages.be\/eboutique\/wp-json\/wp\/v2\/types\/product"}],"replies":[{"embeddable":true,"href":"https:\/\/www.parthages.be\/eboutique\/wp-json\/wp\/v2\/comments?post=2550"}],"wp:featuredmedia":[{"embeddable":true,"href":"https:\/\/www.parthages.be\/eboutique\/wp-json\/wp\/v2\/media\/2551"}],"wp:attachment":[{"href":"https:\/\/www.parthages.be\/eboutique\/wp-json\/wp\/v2\/media?parent=2550"}],"curies":[{"name":"wp","href":"https:\/\/api.w.org\/{rel}","templated":true}]}}

<p><strong>L&rsquo;impact du progrès scientifique pour une meilleure compréhension et prévention du handicap mental</strong></p>
<p><strong><em>Rapport en Anglais</em></strong></p>
<p>A cette 2ème conférence internationale sur le handicap mental, les sujets tels que : l&rsquo;impact du progrès scientifique, l&rsquo;épidémiologie, la classification, l&rsquo;origine et la prévention du retard mental, l&rsquo;importance d&rsquo;un diagnostic étiologique, la mère épileptique et le futur de son enfant, le syndrome de l&rsquo;alcoolisme foetal, le syndrome de Rett : découvertes cliniques&#8230;, l&rsquo;étiologie de l&rsquo;autisme, le syndrome de Down : aspects médicaux et cytogénétiques, une approche biomédicale du vieillissement et retard mental, la maladie d&rsquo;Alzheimer, l&rsquo;éducation des enfants, adolescents et adultes avec handicap mental profond, le comportement autodestructeur, les personnes handicapées mentales dans les institutions psychiatriques&#8230;</p>
<p>KEMPENEERS-FOULON T. &#8211; FRYNS J.P</p>
<p>2nd European conference of the international league of societies for persons with mental handicap (ilsmh), Bruxelles, 23-24-25 November 1989</p>
<p>1990-256p.</p>
<p>Cote doc:2-40-ILS-S</p>
<span class="et_bloom_bottom_trigger"></span>

<p>A cette 2ème conférence internationale sur le handicap mental, les sujets tels que : l&rsquo;impact du progrès scientifique, l&rsquo;épidémiologie, la classification, l&rsquo;origine et la prévention du retard mental, l&rsquo;importance d&rsquo;un diagnostic étiologique, la mère épileptique et le futur de son enfant, le syndrome de l&rsquo;alcoolisme foetal, le syndrome de Rett</p>
