{"id":2552,"date":"2022-04-15T09:26:40","date_gmt":"2022-04-15T07:26:40","guid":{"rendered":"https:\/\/www.parthages.be\/eboutique\/?post_type=product&#038;p=2552"},"modified":"2022-04-15T09:26:41","modified_gmt":"2022-04-15T07:26:41","slug":"handicap-mental-aspects-nouveaux","status":"publish","type":"product","link":"https:\/\/www.parthages.be\/eboutique\/produit\/handicap-mental-aspects-nouveaux\/","title":{"rendered":"Handicap mental : aspects nouveaux"},"content":{"rendered":"<p><strong><em>Colloque<\/em><\/strong><\/p>\n<p>Les sujet du colloque sont : soci\u00e9t\u00e9, d\u00e9mographie et handicap mental, le diagnostic ant\u00e9natal du premier trimestre par biopsie choriale, un nouveau moyen de diagnostic en g\u00e9n\u00e9tique: les sondes d&rsquo;ADN, handicap mental li\u00e9 au sexe et chromosome x fragile, la grossesse chez les femmes ph\u00e9nylc\u00e9tonuriques, l&rsquo;adoption d&rsquo;enfants handicap\u00e9s mentaux en Belgique : \u00ab\u00a0Emmanuel\u00a0\u00bb, handicap mental l\u00e9ger et procr\u00e9ation, et le retard mental dit socio-culturel.<\/p>\n<p>INSTITUT EUROPEEN INTERUNIVERSITAIRE DE L&rsquo;ACTION SOCIALE<\/p>\n<p>1987-141p.<\/p>\n<p>Cote doc\u00a0: 2-40-IEI-H<\/p>\n<p><strong><em>Uniquement \u00e0 la location<\/em><\/strong><\/p>\n<span class=\"et_bloom_bottom_trigger\"><\/span>","protected":false},"excerpt":{"rendered":"<p>Les sujet du colloque sont : soci\u00e9t\u00e9, d\u00e9mographie et handicap mental, le diagnostic ant\u00e9natal du premier trimestre par biopsie choriale, un nouveau moyen de diagnostic en g\u00e9n\u00e9tique<\/p>\n","protected":false},"featured_media":2553,"comment_status":"closed","ping_status":"closed","template":"","meta":{"_et_pb_use_builder":"","_et_pb_old_content":"","_et_gb_content_width":"","spay_email":""},"class_list":["post-2552","product","type-product","status-publish","has-post-thumbnail","hentry","product_cat-livres","product_tag-adoption","product_tag-aspect-socioculturel","product_tag-belgique","product_tag-deficience-intellectuelle","product_tag-demographie","product_tag-diagnostic-prenatal","product_tag-genetique","product_tag-grossesse","product_tag-personne-handicapee","product_tag-procreation","product_tag-reproduction","product_tag-sexualite","product_tag-societe","product_tag-syndrome"],"jetpack_sharing_enabled":true,"jetpack_likes_enabled":true,"_links":{"self":[{"href":"https:\/\/www.parthages.be\/eboutique\/wp-json\/wp\/v2\/product\/2552","targetHints":{"allow":["GET"]}}],"collection":[{"href":"https:\/\/www.parthages.be\/eboutique\/wp-json\/wp\/v2\/product"}],"about":[{"href":"https:\/\/www.parthages.be\/eboutique\/wp-json\/wp\/v2\/types\/product"}],"replies":[{"embeddable":true,"href":"https:\/\/www.parthages.be\/eboutique\/wp-json\/wp\/v2\/comments?post=2552"}],"wp:featuredmedia":[{"embeddable":true,"href":"https:\/\/www.parthages.be\/eboutique\/wp-json\/wp\/v2\/media\/2553"}],"wp:attachment":[{"href":"https:\/\/www.parthages.be\/eboutique\/wp-json\/wp\/v2\/media?parent=2552"}],"curies":[{"name":"wp","href":"https:\/\/api.w.org\/{rel}","templated":true}]}}

<p><strong><em>Colloque</em></strong></p>
<p>Les sujet du colloque sont : société, démographie et handicap mental, le diagnostic anténatal du premier trimestre par biopsie choriale, un nouveau moyen de diagnostic en génétique: les sondes d&rsquo;ADN, handicap mental lié au sexe et chromosome x fragile, la grossesse chez les femmes phénylcétonuriques, l&rsquo;adoption d&rsquo;enfants handicapés mentaux en Belgique : « Emmanuel », handicap mental léger et procréation, et le retard mental dit socio-culturel.</p>
<p>INSTITUT EUROPEEN INTERUNIVERSITAIRE DE L&rsquo;ACTION SOCIALE</p>
<p>1987-141p.</p>
<p>Cote doc : 2-40-IEI-H</p>
<p><strong><em>Uniquement à la location</em></strong></p>
<span class="et_bloom_bottom_trigger"></span>

<p>Les sujet du colloque sont : société, démographie et handicap mental, le diagnostic anténatal du premier trimestre par biopsie choriale, un nouveau moyen de diagnostic en génétique</p>
