{"id":2554,"date":"2022-04-15T09:27:40","date_gmt":"2022-04-15T07:27:40","guid":{"rendered":"https:\/\/www.parthages.be\/eboutique\/?post_type=product&#038;p=2554"},"modified":"2022-04-15T09:28:05","modified_gmt":"2022-04-15T07:28:05","slug":"lintervention-en-deficience-mentale-t2-manuel-de-methodes-et-de-techniques","status":"publish","type":"product","link":"https:\/\/www.parthages.be\/eboutique\/produit\/lintervention-en-deficience-mentale-t2-manuel-de-methodes-et-de-techniques\/","title":{"rendered":"L&rsquo;intervention en d\u00e9ficience mentale T2 : Manuel de m\u00e9thodes et de techniques"},"content":{"rendered":"<p>Les diff\u00e9rentes m\u00e9thodes de l&rsquo;\u00e9ducation sp\u00e9cialis\u00e9e occupent une place importante dans ce deuxi\u00e8me volume de l&rsquo;Intervention en d\u00e9ficience mentale. A des th\u00e8mes plus classiques &#8211; l&rsquo;enseignement sp\u00e9cialis\u00e9 ou les m\u00e9thodes d&rsquo;\u00e9ducation visant la motricit\u00e9, la psychomotricit\u00e9 ou le langage, th\u00e8mes abord\u00e9s en tenant compte des d\u00e9veloppements r\u00e9cents &#8211; s&rsquo;ajoutent un bilan des programmes d&rsquo;intervention (ou de stimulation) pr\u00e9coce et quatre chapitres consacr\u00e9s \u00e0 des m\u00e9thodes qui pr\u00e9parent la personne pr\u00e9sentant une d\u00e9ficience mentale \u00e0 vivre dans la communaut\u00e9. Ces chapitres sont consacr\u00e9s \u00e0 l&rsquo;\u00e9ducation sociale, \u00e0 la s\u00e9lection et formation professionnelle, aux loisirs et sports, \u00e0 l&rsquo;\u00e9ducation sexuelle. Le mouvement actuel de d\u00e9sinstitutionnalisation et d&rsquo;int\u00e9gration sociale des personnes ayant une d\u00e9ficience mentale est illustr\u00e9 dans ce volume par la pr\u00e9sentation de l&rsquo;exp\u00e9rience d&rsquo;insertion dans le monde du travail r\u00e9alis\u00e9e dans les pays de la Communaut\u00e9 Economique Europ\u00e9enne (et, notamment, en Italie) et par l&rsquo;exp\u00e9rience qu\u00e9becoise dans le domaine de la d\u00e9sinstitutionnalisation et de l&rsquo;int\u00e9gration sociale. Tout comme le volume I &#8211; consacr\u00e9 aux probl\u00e8mes g\u00e9n\u00e9raux, aux m\u00e9thodes m\u00e9dicales et aux m\u00e9thodes psychologiques &#8211; le deuxi\u00e8me volume vise \u00e0 combler le besoin d&rsquo;information de tous ceux qui, de pr\u00e8s ou de loin, sont concern\u00e9s par l&rsquo;intervention en d\u00e9ficience mentale. Pour atteindre cet objectif, ont \u00e9t\u00e9 r\u00e9unis, dans les deux volumes de ce manuel, les contributions de 32 sp\u00e9cialistes praticiens et\/ou chercheurs provenant de diff\u00e9rents pays &#8212; Belgique, Canada, Finlande, France, Italie, Su\u00e8de. ( Pr\u00e9sentation de l\u2019\u00e9diteur)<\/p>\n<p>IONESCU S.<\/p>\n<p>Pierre Mardaga<\/p>\n<p>1995-382p.<\/p>\n<p>ISBN\u00a0: 2-87009-427-2<\/p>\n<p>Cote doc\u00a0: 2-40-ION-I2<\/p>\n<p><strong><em>Uniquement \u00e0 la location<\/em><\/strong><\/p>\n<span class=\"et_bloom_bottom_trigger\"><\/span>","protected":false},"excerpt":{"rendered":"<p>Les diff\u00e9rentes m\u00e9thodes de l&rsquo;\u00e9ducation sp\u00e9cialis\u00e9e occupent une place importante dans ce deuxi\u00e8me volume de l&rsquo;Intervention en d\u00e9ficience mentale.<\/p>\n","protected":false},"featured_media":2556,"comment_status":"closed","ping_status":"closed","template":"","meta":{"_et_pb_use_builder":"","_et_pb_old_content":"","_et_gb_content_width":"","spay_email":""},"class_list":["post-2554","product","type-product","status-publish","has-post-thumbnail","hentry","product_cat-livres","product_tag-belgique","product_tag-deficience-intellectuelle","product_tag-enseignement-specialise","product_tag-formation-professionnelle","product_tag-insertion","product_tag-intervention","product_tag-intervention-precoce","product_tag-italie","product_tag-langage","product_tag-loisir","product_tag-luxembourg","product_tag-personne-handicapee","product_tag-pologne","product_tag-programme","product_tag-quebec","product_tag-sexualite"],"jetpack_sharing_enabled":true,"jetpack_likes_enabled":true,"_links":{"self":[{"href":"https:\/\/www.parthages.be\/eboutique\/wp-json\/wp\/v2\/product\/2554","targetHints":{"allow":["GET"]}}],"collection":[{"href":"https:\/\/www.parthages.be\/eboutique\/wp-json\/wp\/v2\/product"}],"about":[{"href":"https:\/\/www.parthages.be\/eboutique\/wp-json\/wp\/v2\/types\/product"}],"replies":[{"embeddable":true,"href":"https:\/\/www.parthages.be\/eboutique\/wp-json\/wp\/v2\/comments?post=2554"}],"wp:featuredmedia":[{"embeddable":true,"href":"https:\/\/www.parthages.be\/eboutique\/wp-json\/wp\/v2\/media\/2556"}],"wp:attachment":[{"href":"https:\/\/www.parthages.be\/eboutique\/wp-json\/wp\/v2\/media?parent=2554"}],"curies":[{"name":"wp","href":"https:\/\/api.w.org\/{rel}","templated":true}]}}

L&rsquo;intervention en déficience mentale T2 : Manuel de méthodes et de techniques

<p>Les différentes méthodes de l&rsquo;éducation spécialisée occupent une place importante dans ce deuxième volume de l&rsquo;Intervention en déficience mentale. A des thèmes plus classiques &#8211; l&rsquo;enseignement spécialisé ou les méthodes d&rsquo;éducation visant la motricité, la psychomotricité ou le langage, thèmes abordés en tenant compte des développements récents &#8211; s&rsquo;ajoutent un bilan des programmes d&rsquo;intervention (ou de stimulation) précoce et quatre chapitres consacrés à des méthodes qui préparent la personne présentant une déficience mentale à vivre dans la communauté. Ces chapitres sont consacrés à l&rsquo;éducation sociale, à la sélection et formation professionnelle, aux loisirs et sports, à l&rsquo;éducation sexuelle. Le mouvement actuel de désinstitutionnalisation et d&rsquo;intégration sociale des personnes ayant une déficience mentale est illustré dans ce volume par la présentation de l&rsquo;expérience d&rsquo;insertion dans le monde du travail réalisée dans les pays de la Communauté Economique Européenne (et, notamment, en Italie) et par l&rsquo;expérience québecoise dans le domaine de la désinstitutionnalisation et de l&rsquo;intégration sociale. Tout comme le volume I &#8211; consacré aux problèmes généraux, aux méthodes médicales et aux méthodes psychologiques &#8211; le deuxième volume vise à combler le besoin d&rsquo;information de tous ceux qui, de près ou de loin, sont concernés par l&rsquo;intervention en déficience mentale. Pour atteindre cet objectif, ont été réunis, dans les deux volumes de ce manuel, les contributions de 32 spécialistes praticiens et/ou chercheurs provenant de différents pays &#8212; Belgique, Canada, Finlande, France, Italie, Suède. ( Présentation de l’éditeur)</p>
<p>IONESCU S.</p>
<p>Pierre Mardaga</p>
<p>1995-382p.</p>
<p>ISBN : 2-87009-427-2</p>
<p>Cote doc : 2-40-ION-I2</p>
<p><strong><em>Uniquement à la location</em></strong></p>
<span class="et_bloom_bottom_trigger"></span>

<p>Les différentes méthodes de l&rsquo;éducation spécialisée occupent une place importante dans ce deuxième volume de l&rsquo;Intervention en déficience mentale.</p>
