{"id":2557,"date":"2022-04-15T09:28:41","date_gmt":"2022-04-15T07:28:41","guid":{"rendered":"https:\/\/www.parthages.be\/eboutique\/?post_type=product&#038;p=2557"},"modified":"2022-04-15T09:28:41","modified_gmt":"2022-04-15T07:28:41","slug":"lintervention-en-deficience-mentale-t1-problemes-generaux-methodes-medicales-et-psychologiques","status":"publish","type":"product","link":"https:\/\/www.parthages.be\/eboutique\/produit\/lintervention-en-deficience-mentale-t1-problemes-generaux-methodes-medicales-et-psychologiques\/","title":{"rendered":"L&rsquo;intervention en d\u00e9ficience mentale T1: Probl\u00e8mes g\u00e9n\u00e9raux : m\u00e9thodes m\u00e9dicales et psychologiques"},"content":{"rendered":"<p>Visant \u00e0 combler le besoins d&rsquo;information des personnes impliqu\u00e9es dans le domaine de l&rsquo;intervention en d\u00e9ficience mentale, ce manuel aborde l&rsquo;ensemble des connaissances aujourd&rsquo;hui disponibles.Pour atteindre cet objectif, ont \u00e9t\u00e9 r\u00e9unies les collaborations d&rsquo;une trentaine de sp\u00e9cialistes, praticiens et\/ou chercheurs, appartenant \u00e0 7 pays diff\u00e9rents et couvrant des champs aussi vari\u00e9s que la neurologie et l&rsquo;architecture, la psychologie du d\u00e9veloppement et la psychopharmacologie, la psychoth\u00e9rapie et la l\u00e9gislation compar\u00e9e. .( Pr\u00e9sentation de l\u2019\u00e9diteur)<\/p>\n<p>IONESCU S.<\/p>\n<p>Pierre Mardaga<\/p>\n<p>1987-436p.<\/p>\n<p>ISBN: 2-87009-280-6<\/p>\n<p>Cote doc: 2-40-ION-I1<\/p>\n<p><strong><em>Uniquement \u00e0 la location<\/em><\/strong><\/p>\n<span class=\"et_bloom_bottom_trigger\"><\/span>","protected":false},"excerpt":{"rendered":"<p>Visant \u00e0 combler le besoins d&rsquo;information des personnes impliqu\u00e9es dans le domaine de l&rsquo;intervention en d\u00e9ficience mentale, ce manuel aborde l&rsquo;ensemble des connaissances aujourd&rsquo;hui disponibles.<\/p>\n","protected":false},"featured_media":2555,"comment_status":"closed","ping_status":"closed","template":"","meta":{"_et_pb_use_builder":"","_et_pb_old_content":"","_et_gb_content_width":"","spay_email":""},"class_list":["post-2557","product","type-product","status-publish","has-post-thumbnail","hentry","product_cat-livres","product_tag-accueil","product_tag-association","product_tag-belgique","product_tag-chirurgie","product_tag-deficience-intellectuelle","product_tag-dietetique","product_tag-equipe-de-travail","product_tag-famille","product_tag-france","product_tag-intervention","product_tag-methode","product_tag-normalisation","product_tag-personne-handicapee","product_tag-psychopharmacologie","product_tag-psychotherapie","product_tag-quebec","product_tag-suede","product_tag-syndrome"],"jetpack_sharing_enabled":true,"jetpack_likes_enabled":true,"_links":{"self":[{"href":"https:\/\/www.parthages.be\/eboutique\/wp-json\/wp\/v2\/product\/2557","targetHints":{"allow":["GET"]}}],"collection":[{"href":"https:\/\/www.parthages.be\/eboutique\/wp-json\/wp\/v2\/product"}],"about":[{"href":"https:\/\/www.parthages.be\/eboutique\/wp-json\/wp\/v2\/types\/product"}],"replies":[{"embeddable":true,"href":"https:\/\/www.parthages.be\/eboutique\/wp-json\/wp\/v2\/comments?post=2557"}],"wp:featuredmedia":[{"embeddable":true,"href":"https:\/\/www.parthages.be\/eboutique\/wp-json\/wp\/v2\/media\/2555"}],"wp:attachment":[{"href":"https:\/\/www.parthages.be\/eboutique\/wp-json\/wp\/v2\/media?parent=2557"}],"curies":[{"name":"wp","href":"https:\/\/api.w.org\/{rel}","templated":true}]}}

L&rsquo;intervention en déficience mentale T1: Problèmes généraux : méthodes médicales et psychologiques

<p>Visant à combler le besoins d&rsquo;information des personnes impliquées dans le domaine de l&rsquo;intervention en déficience mentale, ce manuel aborde l&rsquo;ensemble des connaissances aujourd&rsquo;hui disponibles.Pour atteindre cet objectif, ont été réunies les collaborations d&rsquo;une trentaine de spécialistes, praticiens et/ou chercheurs, appartenant à 7 pays différents et couvrant des champs aussi variés que la neurologie et l&rsquo;architecture, la psychologie du développement et la psychopharmacologie, la psychothérapie et la législation comparée. .( Présentation de l’éditeur)</p>
<p>IONESCU S.</p>
<p>Pierre Mardaga</p>
<p>1987-436p.</p>
<p>ISBN: 2-87009-280-6</p>
<p>Cote doc: 2-40-ION-I1</p>
<p><strong><em>Uniquement à la location</em></strong></p>
<span class="et_bloom_bottom_trigger"></span>

<p>Visant à combler le besoins d&rsquo;information des personnes impliquées dans le domaine de l&rsquo;intervention en déficience mentale, ce manuel aborde l&rsquo;ensemble des connaissances aujourd&rsquo;hui disponibles.</p>
