{"id":2558,"date":"2022-04-15T09:31:23","date_gmt":"2022-04-15T07:31:23","guid":{"rendered":"https:\/\/www.parthages.be\/eboutique\/?post_type=product&#038;p=2558"},"modified":"2022-04-15T09:31:24","modified_gmt":"2022-04-15T07:31:24","slug":"mon-ami-a-un-deficit-dattention-2","status":"publish","type":"product","link":"https:\/\/www.parthages.be\/eboutique\/produit\/mon-ami-a-un-deficit-dattention-2\/","title":{"rendered":"Mon ami a un d\u00e9ficit d&rsquo;attention"},"content":{"rendered":"<p><strong><em>\u00a0(Se trouvait dans le Word du 210923)<\/em><\/strong><\/p>\n<p><em>Th\u00e9o a un d\u00e9ficit d&rsquo;attention. Mais \u00e7a ne nous emp\u00eache pas d&rsquo;\u00eatre amis. On joue au basketball, on se raconte des blagues et on fait nos devoirs ensemble. Je suis content que Th\u00e9o soit mon ami !\u00a0\u00bb <\/em><\/p>\n<p>Ce mat\u00e9riel p\u00e9dagogique permet aux \u00e9l\u00e8ves, aux parents et aux enseignants :<\/p>\n<ul>\n<li>de mieux comprendre la r\u00e9alit\u00e9 que vivent les jeunes atteints de ces troubles<\/li>\n<li>de favoriser une inclusion harmonieuse de ces \u00e9l\u00e8ves au sein de la classe<\/li>\n<li>d\u2019encourager les valeurs qui sont \u00e0 la base de relations interpersonnelles saines telles que le respect et l\u2019empathie. (Pr\u00e9sentation de l\u2019\u00e9diteur)<\/li>\n<\/ul>\n<p>TOURVILLE A.<\/p>\n<p>Cheneli\u00e8re Education<\/p>\n<p>2011-24p.<\/p>\n<p>ISBN: 978-2-7650-3189-2<\/p>\n<p>Cote doc: 11-TOU-M<\/p>\n<p><strong><em>Uniquement \u00e0 la location<\/em><\/strong><\/p>\n<span class=\"et_bloom_bottom_trigger\"><\/span>","protected":false},"excerpt":{"rendered":"<p><em>Th\u00e9o a un d\u00e9ficit d&rsquo;attention. Mais \u00e7a ne nous emp\u00eache pas d&rsquo;\u00eatre amis. On joue au basketball, on se raconte des blagues et on fait nos devoirs ensemble. Je suis content que Th\u00e9o soit mon ami !\u00a0\u00bb <\/em><\/p>\n","protected":false},"featured_media":2559,"comment_status":"closed","ping_status":"closed","template":"","meta":{"_et_pb_use_builder":"","_et_pb_old_content":"","_et_gb_content_width":"","spay_email":""},"class_list":["post-2558","product","type-product","status-publish","has-post-thumbnail","hentry","product_cat-livres","product_cat-livres-jeunesse","product_tag-amitie","product_tag-inclusion","product_tag-integration-scolaire","product_tag-jeunesse","product_tag-trouble-de-lattention"],"jetpack_sharing_enabled":true,"jetpack_likes_enabled":true,"_links":{"self":[{"href":"https:\/\/www.parthages.be\/eboutique\/wp-json\/wp\/v2\/product\/2558","targetHints":{"allow":["GET"]}}],"collection":[{"href":"https:\/\/www.parthages.be\/eboutique\/wp-json\/wp\/v2\/product"}],"about":[{"href":"https:\/\/www.parthages.be\/eboutique\/wp-json\/wp\/v2\/types\/product"}],"replies":[{"embeddable":true,"href":"https:\/\/www.parthages.be\/eboutique\/wp-json\/wp\/v2\/comments?post=2558"}],"wp:featuredmedia":[{"embeddable":true,"href":"https:\/\/www.parthages.be\/eboutique\/wp-json\/wp\/v2\/media\/2559"}],"wp:attachment":[{"href":"https:\/\/www.parthages.be\/eboutique\/wp-json\/wp\/v2\/media?parent=2558"}],"curies":[{"name":"wp","href":"https:\/\/api.w.org\/{rel}","templated":true}]}}

Mon ami a un déficit d&rsquo;attention

<p><strong><em> (Se trouvait dans le Word du 210923)</em></strong></p>
<p><em>Théo a un déficit d&rsquo;attention. Mais ça ne nous empêche pas d&rsquo;être amis. On joue au basketball, on se raconte des blagues et on fait nos devoirs ensemble. Je suis content que Théo soit mon ami ! » </em></p>
<p>Ce matériel pédagogique permet aux élèves, aux parents et aux enseignants :</p>
<ul>
<li>de mieux comprendre la réalité que vivent les jeunes atteints de ces troubles</li>
<li>de favoriser une inclusion harmonieuse de ces élèves au sein de la classe</li>
<li>d’encourager les valeurs qui sont à la base de relations interpersonnelles saines telles que le respect et l’empathie. (Présentation de l’éditeur)</li>
</ul>
<p>TOURVILLE A.</p>
<p>Chenelière Education</p>
<p>2011-24p.</p>
<p>ISBN: 978-2-7650-3189-2</p>
<p>Cote doc: 11-TOU-M</p>
<p><strong><em>Uniquement à la location</em></strong></p>
<span class="et_bloom_bottom_trigger"></span>

<p><em>Théo a un déficit d&rsquo;attention. Mais ça ne nous empêche pas d&rsquo;être amis. On joue au basketball, on se raconte des blagues et on fait nos devoirs ensemble. Je suis content que Théo soit mon ami ! » </em></p>
