{"id":256,"date":"2012-10-19T11:05:33","date_gmt":"2012-10-19T09:05:33","guid":{"rendered":"https:\/\/www.parthages.be\/wordpress\/produit\/apprendre-la-deficience-visuelle\/"},"modified":"2022-04-05T14:40:20","modified_gmt":"2022-04-05T12:40:20","slug":"apprendre-la-deficience-visuelle","status":"publish","type":"product","link":"https:\/\/www.parthages.be\/eboutique\/produit\/apprendre-la-deficience-visuelle\/","title":{"rendered":"Apprendre la d\u00e9ficience visuelle"},"content":{"rendered":"<p>\u00c0 travers l\u2019exp\u00e9rience et la parole de personnes d\u00e9ficientes visuelles, Marion Blatg\u00e9 \u00e9tudie dans cet ouvrage les effets positifs de la fr\u00e9quentation d\u2019associations d\u00e9di\u00e9es \u00e0 la prise en charge de leur handicap.<\/p>\n<p>Combinant entretiens approfondis et observation, elle met en \u00e9vidence la normalisation des trajectoires sociales induite par cette fr\u00e9quentation, en m\u00eame temps que ses cons\u00e9quences en terme d\u2019ouverture de ressources sociales.<\/p>\n<p>D\u2019un point de vue individuel, les incidences sont significatives : ce sont en effet de nouveaux rapports au temps, au corps et \u00e0 l\u2019espace qui se dessinent dans ces lieux.<\/p>\n<p>Mais il est tout aussi int\u00e9ressant de s\u2019int\u00e9resser \u00e0 la fa\u00e7on dont les aidants qui interviennent aupr\u00e8s des personnes handicap\u00e9es interagissent et modulent la relation de l\u2019individu \u00e0 l\u2019institution.<\/p>\n<p>S\u2019appuyant sur une enqu\u00eate ethnographique, le texte laisse une large place au t\u00e9moignage des personnes en situation de handicap, offrant un espace d\u2019expression rare \u00e0 une parole qui ne l\u2019est pas moins. (Pr\u00e9sentation de l\u2019\u00e9diteur)<\/p>\n<p>BLATG\u00c9 M.<\/p>\n<p>PUG<\/p>\n<p>2012 -128p.<\/p>\n<p>271gr<\/p>\n<p>ISBN\u00a0: 978-2-7061-1721-3<\/p>\n<p>Cote doc: 2-70-BLA-A<\/p>\n<span class=\"et_bloom_bottom_trigger\"><\/span>","protected":false},"excerpt":{"rendered":"<p>\u00c0 travers l\u2019exp\u00e9rience et la parole de personnes d\u00e9ficientes visuelles, Marion Blatg\u00e9 \u00e9tudie dans cet ouvrage les effets positifs de la fr\u00e9quentation d\u2019associations d\u00e9di\u00e9es \u00e0 la prise en charge de leur handicap.<\/p>\n","protected":false},"featured_media":255,"comment_status":"open","ping_status":"closed","template":"","meta":{"_et_pb_use_builder":"","_et_pb_old_content":"","_et_gb_content_width":"","spay_email":""},"class_list":["post-256","product","type-product","status-publish","has-post-thumbnail","hentry","product_cat-livres","product_tag-deficience-visuelle","product_tag-enquete","product_tag-ethnographie","product_tag-france","product_tag-personne-handicapee","product_tag-prise-en-charge","product_tag-temoignage"],"jetpack_sharing_enabled":true,"jetpack_likes_enabled":true,"_links":{"self":[{"href":"https:\/\/www.parthages.be\/eboutique\/wp-json\/wp\/v2\/product\/256","targetHints":{"allow":["GET"]}}],"collection":[{"href":"https:\/\/www.parthages.be\/eboutique\/wp-json\/wp\/v2\/product"}],"about":[{"href":"https:\/\/www.parthages.be\/eboutique\/wp-json\/wp\/v2\/types\/product"}],"replies":[{"embeddable":true,"href":"https:\/\/www.parthages.be\/eboutique\/wp-json\/wp\/v2\/comments?post=256"}],"wp:featuredmedia":[{"embeddable":true,"href":"https:\/\/www.parthages.be\/eboutique\/wp-json\/wp\/v2\/media\/255"}],"wp:attachment":[{"href":"https:\/\/www.parthages.be\/eboutique\/wp-json\/wp\/v2\/media?parent=256"}],"curies":[{"name":"wp","href":"https:\/\/api.w.org\/{rel}","templated":true}]}}

Apprendre la déficience visuelle

<p>À travers l’expérience et la parole de personnes déficientes visuelles, Marion Blatgé étudie dans cet ouvrage les effets positifs de la fréquentation d’associations dédiées à la prise en charge de leur handicap.</p>
<p>Combinant entretiens approfondis et observation, elle met en évidence la normalisation des trajectoires sociales induite par cette fréquentation, en même temps que ses conséquences en terme d’ouverture de ressources sociales.</p>
<p>D’un point de vue individuel, les incidences sont significatives : ce sont en effet de nouveaux rapports au temps, au corps et à l’espace qui se dessinent dans ces lieux.</p>
<p>Mais il est tout aussi intéressant de s’intéresser à la façon dont les aidants qui interviennent auprès des personnes handicapées interagissent et modulent la relation de l’individu à l’institution.</p>
<p>S’appuyant sur une enquête ethnographique, le texte laisse une large place au témoignage des personnes en situation de handicap, offrant un espace d’expression rare à une parole qui ne l’est pas moins. (Présentation de l’éditeur)</p>
<p>BLATGÉ M.</p>
<p>PUG</p>
<p>2012 -128p.</p>
<p>271gr</p>
<p>ISBN : 978-2-7061-1721-3</p>
<p>Cote doc: 2-70-BLA-A</p>
<span class="et_bloom_bottom_trigger"></span>

<p>À travers l’expérience et la parole de personnes déficientes visuelles, Marion Blatgé étudie dans cet ouvrage les effets positifs de la fréquentation d’associations dédiées à la prise en charge de leur handicap.</p>
