{"id":2568,"date":"2022-04-15T09:36:37","date_gmt":"2022-04-15T07:36:37","guid":{"rendered":"https:\/\/www.parthages.be\/eboutique\/?post_type=product&#038;p=2568"},"modified":"2022-04-15T09:36:38","modified_gmt":"2022-04-15T07:36:38","slug":"lintervention-en-deficience-mentale-theories-et-pratiques","status":"publish","type":"product","link":"https:\/\/www.parthages.be\/eboutique\/produit\/lintervention-en-deficience-mentale-theories-et-pratiques\/","title":{"rendered":"L&rsquo;intervention en d\u00e9ficience mentale : th\u00e9ories et pratiques"},"content":{"rendered":"<p>Intervenir est une nouvelle attitude \u00e0 l&rsquo;\u00e9gard des personnes handicap\u00e9es mentales, trop longtemps \u00e9tiquet\u00e9es \u00ab\u00a0in\u00e9ducables\u00a0\u00bb. A partir de travaux de recherche fondamentale et de travaux sur le terrain, ce livre fait le point sur les diff\u00e9rentes modalit\u00e9s d&rsquo;intervention dans le domaine du handicap mental. (Pr\u00e9sentation de l\u2019\u00e9diteur)<\/p>\n<p>GRUBAR J.C.- IONESCU S.- MAGEROTTE G.- SALBREUX R.<\/p>\n<p>Presses universitaires de Lille<\/p>\n<p>1991-393p<\/p>\n<p>ISBN: 2-86531-048-5<\/p>\n<p>Cote doc: 2-40-CIF-I<\/p>\n<p><strong><em>Uniquement \u00e0 la location<\/em><\/strong><\/p>\n<span class=\"et_bloom_bottom_trigger\"><\/span>","protected":false},"excerpt":{"rendered":"<p>Intervenir est une nouvelle attitude \u00e0 l&rsquo;\u00e9gard des personnes handicap\u00e9es mentales, trop longtemps \u00e9tiquet\u00e9es \u00ab\u00a0in\u00e9ducables\u00a0\u00bb.<\/p>\n","protected":false},"featured_media":2569,"comment_status":"closed","ping_status":"closed","template":"","meta":{"_et_pb_use_builder":"","_et_pb_old_content":"","_et_gb_content_width":"","spay_email":""},"class_list":["post-2568","product","type-product","status-publish","has-post-thumbnail","hentry","product_cat-livres","product_tag-comportement","product_tag-condition-de-travail","product_tag-condition-de-vie","product_tag-deficience-intellectuelle","product_tag-developpement-cognitif","product_tag-education","product_tag-enfant","product_tag-epilepsie","product_tag-evaluation","product_tag-informatique","product_tag-integration","product_tag-integration-scolaire","product_tag-intervention","product_tag-intervention-educative","product_tag-methode","product_tag-neurologie","product_tag-organisme","product_tag-pedagogie","product_tag-pensee","product_tag-personne-handicapee","product_tag-psychanalyse","product_tag-psychiatrie","product_tag-psychopedagogie","product_tag-recherche","product_tag-relation-patient-famille","product_tag-relation-patient-milieu-de-travail","product_tag-relation-soignant-soigne","product_tag-sante","product_tag-traitement-de-donnees","product_tag-travail"],"jetpack_sharing_enabled":true,"jetpack_likes_enabled":true,"_links":{"self":[{"href":"https:\/\/www.parthages.be\/eboutique\/wp-json\/wp\/v2\/product\/2568","targetHints":{"allow":["GET"]}}],"collection":[{"href":"https:\/\/www.parthages.be\/eboutique\/wp-json\/wp\/v2\/product"}],"about":[{"href":"https:\/\/www.parthages.be\/eboutique\/wp-json\/wp\/v2\/types\/product"}],"replies":[{"embeddable":true,"href":"https:\/\/www.parthages.be\/eboutique\/wp-json\/wp\/v2\/comments?post=2568"}],"wp:featuredmedia":[{"embeddable":true,"href":"https:\/\/www.parthages.be\/eboutique\/wp-json\/wp\/v2\/media\/2569"}],"wp:attachment":[{"href":"https:\/\/www.parthages.be\/eboutique\/wp-json\/wp\/v2\/media?parent=2568"}],"curies":[{"name":"wp","href":"https:\/\/api.w.org\/{rel}","templated":true}]}}

L&rsquo;intervention en déficience mentale : théories et pratiques

<p>Intervenir est une nouvelle attitude à l&rsquo;égard des personnes handicapées mentales, trop longtemps étiquetées « inéducables ». A partir de travaux de recherche fondamentale et de travaux sur le terrain, ce livre fait le point sur les différentes modalités d&rsquo;intervention dans le domaine du handicap mental. (Présentation de l’éditeur)</p>
<p>GRUBAR J.C.- IONESCU S.- MAGEROTTE G.- SALBREUX R.</p>
<p>Presses universitaires de Lille</p>
<p>1991-393p</p>
<p>ISBN: 2-86531-048-5</p>
<p>Cote doc: 2-40-CIF-I</p>
<p><strong><em>Uniquement à la location</em></strong></p>
<span class="et_bloom_bottom_trigger"></span>

<p>Intervenir est une nouvelle attitude à l&rsquo;égard des personnes handicapées mentales, trop longtemps étiquetées « inéducables ».</p>
