{"id":2570,"date":"2022-04-15T09:37:40","date_gmt":"2022-04-15T07:37:40","guid":{"rendered":"https:\/\/www.parthages.be\/eboutique\/?post_type=product&#038;p=2570"},"modified":"2022-04-15T09:37:41","modified_gmt":"2022-04-15T07:37:41","slug":"ladulte-handicape-mental-un-etre-competent-dans-la-vie-sociale-vol-3","status":"publish","type":"product","link":"https:\/\/www.parthages.be\/eboutique\/produit\/ladulte-handicape-mental-un-etre-competent-dans-la-vie-sociale-vol-3\/","title":{"rendered":"L&rsquo;adulte handicap\u00e9 mental : un \u00eatre comp\u00e9tent dans la vie sociale Vol 3"},"content":{"rendered":"<p>Actes de conf\u00e9rences:<\/p>\n<p>-le handicap\u00e9 mental: une r\u00e9alit\u00e9 dans le monde commercial d&rsquo;aujourd&rsquo;hui &#8211; Monneret G.<\/p>\n<p>-eigenproduktion in der Werkst\u00e4tte f\u00fcr Behinderte &#8211; Buhrer K.<\/p>\n<p>-une exp\u00e9rience de coop\u00e9rative agricale en Tunisie &#8211; Sellami R.<\/p>\n<p>-la d\u00e9mocratie et l&rsquo;esprit dans le cadre institutionnel &#8211; Petit L, Mohnen J.<\/p>\n<p>-la formation continue des adultes mentalement handicap\u00e9s hors du temps du travail &#8211; Vaney L.<\/p>\n<p>-the social competence of people with severe mental handicap: devising a useful curriculum &#8211; Walsh P.<\/p>\n<p>-sporttraining aangepast aan de mentaal mindervalide &#8211; Beckers E.<\/p>\n<p>-Applications du judo chez les handicap\u00e9s mentaux<\/p>\n<p>&#8211; C.P.J.E.E. -sexuality and development of independence in persons with mental retardation &#8211; Roren O.<\/p>\n<p>S\u00e9minaires:<\/p>\n<p>-la formation et l&rsquo;\u00e9ducation permanente g\u00e9n\u00e9ratrice de comp\u00e9tences<\/p>\n<p>-les nouvelles technologies aux services de la vie quotidienne<\/p>\n<p>CARREFOUR 88<\/p>\n<p>Congr\u00e8s de \u00ab\u00a0l&rsquo;adulte handicap\u00e9 mental : un \u00eatre comp\u00e9tent\u00a0\u00bb, Bruxelles, 3-4-5&#8211; octobre 1988<\/p>\n<p>Cote doc\u00a0: 2-40-CAR-A3<\/p>\n<p><strong><em>Uniquement \u00e0 la location<\/em><\/strong><\/p>\n<span class=\"et_bloom_bottom_trigger\"><\/span>","protected":false},"excerpt":{"rendered":"<p>Actes de conf\u00e9rences: -le handicap\u00e9 mental: une r\u00e9alit\u00e9 dans le monde commercial d&rsquo;aujourd&rsquo;hui &#8211; Monneret G. -eigenproduktion in der Werkst\u00e4tte f\u00fcr Behinderte &#8211; Buhrer K. -une exp\u00e9rience de coop\u00e9rative agricale en Tunisie &#8211; Sellami R. -la d\u00e9mocratie et l&rsquo;esprit dans le cadre institutionnel &#8211; Petit L, Mohnen J. -la formation continue des adultes mentalement handicap\u00e9s [&hellip;]<\/p>\n","protected":false},"featured_media":2571,"comment_status":"closed","ping_status":"closed","template":"","meta":{"_et_pb_use_builder":"","_et_pb_old_content":"","_et_gb_content_width":"","spay_email":""},"class_list":["post-2570","product","type-product","status-publish","has-post-thumbnail","hentry","product_cat-livres","product_tag-adulte","product_tag-bruxelles","product_tag-congres","product_tag-deficience","product_tag-deficience-intellectuelle","product_tag-democratie","product_tag-education-permanente","product_tag-emploi","product_tag-formation-professionnelle","product_tag-integration-professionnelle","product_tag-organisme","product_tag-personne-handicapee","product_tag-sexualite","product_tag-societe","product_tag-technologie","product_tag-vie-quotidienne","product_tag-vie-sociale"],"jetpack_sharing_enabled":true,"jetpack_likes_enabled":true,"_links":{"self":[{"href":"https:\/\/www.parthages.be\/eboutique\/wp-json\/wp\/v2\/product\/2570","targetHints":{"allow":["GET"]}}],"collection":[{"href":"https:\/\/www.parthages.be\/eboutique\/wp-json\/wp\/v2\/product"}],"about":[{"href":"https:\/\/www.parthages.be\/eboutique\/wp-json\/wp\/v2\/types\/product"}],"replies":[{"embeddable":true,"href":"https:\/\/www.parthages.be\/eboutique\/wp-json\/wp\/v2\/comments?post=2570"}],"wp:featuredmedia":[{"embeddable":true,"href":"https:\/\/www.parthages.be\/eboutique\/wp-json\/wp\/v2\/media\/2571"}],"wp:attachment":[{"href":"https:\/\/www.parthages.be\/eboutique\/wp-json\/wp\/v2\/media?parent=2570"}],"curies":[{"name":"wp","href":"https:\/\/api.w.org\/{rel}","templated":true}]}}

L&rsquo;adulte handicapé mental : un être compétent dans la vie sociale Vol 3

<p>Actes de conférences:</p>
<p>-le handicapé mental: une réalité dans le monde commercial d&rsquo;aujourd&rsquo;hui &#8211; Monneret G.</p>
<p>-eigenproduktion in der Werkstätte für Behinderte &#8211; Buhrer K.</p>
<p>-une expérience de coopérative agricale en Tunisie &#8211; Sellami R.</p>
<p>-la démocratie et l&rsquo;esprit dans le cadre institutionnel &#8211; Petit L, Mohnen J.</p>
<p>-la formation continue des adultes mentalement handicapés hors du temps du travail &#8211; Vaney L.</p>
<p>-the social competence of people with severe mental handicap: devising a useful curriculum &#8211; Walsh P.</p>
<p>-sporttraining aangepast aan de mentaal mindervalide &#8211; Beckers E.</p>
<p>-Applications du judo chez les handicapés mentaux</p>
<p>&#8211; C.P.J.E.E. -sexuality and development of independence in persons with mental retardation &#8211; Roren O.</p>
<p>Séminaires:</p>
<p>-la formation et l&rsquo;éducation permanente génératrice de compétences</p>
<p>-les nouvelles technologies aux services de la vie quotidienne</p>
<p>CARREFOUR 88</p>
<p>Congrès de « l&rsquo;adulte handicapé mental : un être compétent », Bruxelles, 3-4-5&#8211; octobre 1988</p>
<p>Cote doc : 2-40-CAR-A3</p>
<p><strong><em>Uniquement à la location</em></strong></p>
<span class="et_bloom_bottom_trigger"></span>

<p>Actes de conférences: -le handicapé mental: une réalité dans le monde commercial d&rsquo;aujourd&rsquo;hui &#8211; Monneret G. -eigenproduktion in der Werkstätte für Behinderte &#8211; Buhrer K. -une expérience de coopérative agricale en Tunisie &#8211; Sellami R. -la démocratie et l&rsquo;esprit dans le cadre institutionnel &#8211; Petit L, Mohnen J. -la formation continue des adultes mentalement handicapés [&hellip;]</p>
